{"id":628,"date":"2018-04-25T22:25:20","date_gmt":"2018-04-25T20:25:20","guid":{"rendered":"http:\/\/wp.kristdemokraterna.se\/sundbyberg\/?page_id=628"},"modified":"2022-11-09T16:35:01","modified_gmt":"2022-11-09T15:35:01","slug":"miljo-och-trafik-2","status":"publish","type":"page","link":"https:\/\/wp.kristdemokraterna.se\/sundbyberg\/var-politik\/miljo-och-trafik-2\/","title":{"rendered":"Milj\u00f6 och trafik"},"content":{"rendered":"<p><span style=\"font-weight: 400\">F\u00f6rvaltarskapstanken \u00e4r b\u00e4rande del i den kristdemokratiska ideologin. Vi ska agera med en l\u00e5ngsiktig helhetssyn med respekt f\u00f6r v\u00e5r samtida omgivning och kommande generationer. F\u00f6rvaltarskapet g\u00e4ller b\u00e5de de egna personliga tillg\u00e5ngarna och de materiella v\u00e4rdena; milj\u00f6 och naturresurser. Vi ska agera p\u00e5 ett s\u00e5dant s\u00e4tt att vi med stolthet kan \u00f6verl\u00e4mna frukterna av v\u00e5rt arbete.<\/span><\/p>\n<p><span style=\"font-weight: 400\">Vi ska satsa p\u00e5 att alla trafikslag f\u00e5r en b\u00e4ttre framkomlighet i v\u00e5r stad. Detta kan ske genom att vi separerar de olika trafikslagen genom anl\u00e4ggande av g\u00e5ngbanor och cykelbanor d\u00e4r s\u00e5dana saknas. \u00c4ven bilar ska ha en b\u00e4ttre framkomlighet i v\u00e5r stad. \u00a0D\u00e4rf\u00f6r m\u00e5ste vi se \u00f6ver trafiksignalerna och optimera dessa f\u00f6r b\u00e4sta framkomlighet. En del av trafiksignalerna kan s\u00e4kert tas bort.<\/span><span style=\"font-weight: 400\"><br \/>\n<\/span><span style=\"font-weight: 400\"><br \/>\n<\/span><span style=\"font-weight: 400\">Vissa huvudgator m\u00e5ste vi anpassa f\u00f6r den h\u00f6ga belastning som vi har p\u00e5 v\u00e4gn\u00e4tet. Vi m\u00e5ste framf\u00f6r allt se till att vi f\u00e5r god framkomlighet p\u00e5 de huvudgator som binder ihop kommunen. H\u00e4r har Ursviksv\u00e4gen en viktig roll.<\/span><\/p>\n<ul>\n<li style=\"font-weight: 400\"><span style=\"font-weight: 400\">V\u00e4rna parker och gr\u00f6nomr\u00e5den, speciellt i Centrala Sundbyberg.<\/span><\/li>\n<li style=\"font-weight: 400\"><span style=\"font-weight: 400\">Kymlinge ska inte bebyggas. G\u00f6r omr\u00e5det mer tillg\u00e4ngligt f\u00f6r sundbybergarna.<\/span><\/li>\n<li style=\"font-weight: 400\"><span style=\"font-weight: 400\">Genomfartstrafiken m\u00e5ste minska<\/span><\/li>\n<li style=\"font-weight: 400\"><span style=\"font-weight: 400\">Initiera en ny mobilitetsplan som inte \u00e4r s\u00e5 bilfientlig<\/span><\/li>\n<li style=\"font-weight: 400\"><span style=\"font-weight: 400\">Bevara parkeringsplatser i Centrala Sundbyberg<\/span><\/li>\n<li style=\"font-weight: 400\"><span style=\"font-weight: 400\">Inf\u00f6r flexibla servicedagar<\/span><\/li>\n<li style=\"font-weight: 400\"><span style=\"font-weight: 400\">Tillskapa fler boendeparkeringsplatser i Stora Ursvik<\/span><\/li>\n<li style=\"font-weight: 400\"><span style=\"font-weight: 400\">Bygg ut den offentliga laddinfrastrukturen s\u00e5 att vi f\u00e5r fler laddstolpar p\u00e5 gatumark<\/span><\/li>\n<li style=\"font-weight: 400\"><span style=\"font-weight: 400\">Inf\u00f6r nya normer f\u00f6r parkering i nyproduktion s\u00e5 att de \u00f6verenst\u00e4mmer med efterfr\u00e5gan<\/span><\/li>\n<li style=\"font-weight: 400\"><span style=\"font-weight: 400\">Differentiera boendeparkeringstaxan &#8211; s\u00e4nk boendeparkeringskostnaden f\u00f6r de som inte har m\u00f6jlighet att parkera p\u00e5 kvartersmark<\/span><\/li>\n<li style=\"font-weight: 400\"><span style=\"font-weight: 400\">Alla ska ha r\u00e4tt till boendeparkering om de inte kan f\u00e5 plats p\u00e5 kvartersmark<\/span><\/li>\n<li style=\"font-weight: 400\"><span style=\"font-weight: 400\">B\u00e4ttre trafikmilj\u00f6 f\u00f6r cyklisterna<\/span><\/li>\n<li style=\"font-weight: 400\"><span style=\"font-weight: 400\">B\u00e4ttre flyt i trafiken p\u00e5 v\u00e4garna f\u00f6r alla; separera g\u00e5ende och cyklister samt optimerade trafiksignaler.\u00a0<\/span><\/li>\n<li style=\"font-weight: 400\"><span style=\"font-weight: 400\">Nolltolerans mot nedskr\u00e4pning av t ex fimpar; jourtelefon och sms-tj\u00e4nst f\u00f6r att anm\u00e4la.<\/span><\/li>\n<li style=\"font-weight: 400\"><span style=\"font-weight: 400\">Underl\u00e4tta f\u00f6r bilpooler<\/span><\/li>\n<li style=\"font-weight: 400\"><span style=\"font-weight: 400\">Bygg en brygga i Sundbyberg f\u00f6r kommande m\u00e4lartrafik.<\/span><\/li>\n<li style=\"font-weight: 400\"><span style=\"font-weight: 400\">Ge Sundbybergs b\u00e5tklubb f\u00f6ruts\u00e4ttningar att \u00e4ven forts\u00e4ttningsvis ha en fungerande hamn i B\u00e4llsta\u00e5n<\/span><\/li>\n<li style=\"font-weight: 400\"><span style=\"font-weight: 400\">Verkar f\u00f6r att flera hamnplatser etableras s\u00e5 att flera kan ha b\u00e5t i Sundbyberg<\/span><\/li>\n<li style=\"font-weight: 400\"><span style=\"font-weight: 400\">Bussarna ska g\u00e5 i tid.<\/span><\/li>\n<li style=\"font-weight: 400\"><span style=\"font-weight: 400\">Tv\u00e4rbanan ska bli klar snarast i Rissne och Stora Ursvik<\/span><\/li>\n<\/ul>\n","protected":false},"excerpt":{"rendered":"<p>F\u00f6rvaltarskapstanken \u00e4r b\u00e4rande del i den kristdemokratiska ideologin. Vi ska agera med en l\u00e5ngsiktig helhetssyn med respekt f\u00f6r v\u00e5r samtida omgivning och kommande generationer. F\u00f6rvaltarskapet g\u00e4ller b\u00e5de de egna personliga tillg\u00e5ngarna och de materiella v\u00e4rdena; milj\u00f6 och naturresurser. Vi ska agera p\u00e5 ett s\u00e5dant s\u00e4tt att vi med stolthet kan \u00f6verl\u00e4mna frukterna av v\u00e5rt arbete. <a class=\"read-more-link\" href=\"https:\/\/wp.kristdemokraterna.se\/sundbyberg\/var-politik\/miljo-och-trafik-2\/\">Read More<\/a><\/p>\n","protected":false},"author":611,"featured_media":0,"parent":60,"menu_order":12,"comment_status":"closed","ping_status":"closed","template":"","meta":{"_acf_changed":false,"footnotes":""},"class_list":["post-628","page","type-page","status-publish","hentry"],"acf":[],"yoast_head":"<!-- This site is optimized with the Yoast SEO plugin v27.4 - https:\/\/yoast.com\/product\/yoast-seo-wordpress\/ -->\n<title>Milj\u00f6 och trafik - Sundbyberg<\/title>\n<meta name=\"robots\" content=\"index, follow, max-snippet:-1, max-image-preview:large, max-video-preview:-1\" \/>\n<link rel=\"canonical\" href=\"https:\/\/wp.kristdemokraterna.se\/sundbyberg\/var-politik\/miljo-och-trafik-2\/\" \/>\n<meta property=\"og:locale\" content=\"sv_SE\" \/>\n<meta property=\"og:type\" content=\"article\" \/>\n<meta property=\"og:title\" content=\"Milj\u00f6 och trafik - Sundbyberg\" \/>\n<meta property=\"og:description\" content=\"F\u00f6rvaltarskapstanken \u00e4r b\u00e4rande del i den kristdemokratiska ideologin. Vi ska agera med en l\u00e5ngsiktig helhetssyn med respekt f\u00f6r v\u00e5r samtida omgivning och kommande generationer. F\u00f6rvaltarskapet g\u00e4ller b\u00e5de de egna personliga tillg\u00e5ngarna och de materiella v\u00e4rdena; milj\u00f6 och naturresurser. Vi ska agera p\u00e5 ett s\u00e5dant s\u00e4tt att vi med stolthet kan \u00f6verl\u00e4mna frukterna av v\u00e5rt arbete. Read More\" \/>\n<meta property=\"og:url\" content=\"https:\/\/wp.kristdemokraterna.se\/sundbyberg\/var-politik\/miljo-och-trafik-2\/\" \/>\n<meta property=\"og:site_name\" content=\"Sundbyberg\" \/>\n<meta property=\"article:modified_time\" content=\"2022-11-09T15:35:01+00:00\" \/>\n<meta name=\"twitter:card\" content=\"summary_large_image\" \/>\n<meta name=\"twitter:label1\" content=\"Ber\u00e4knad l\u00e4stid\" \/>\n\t<meta name=\"twitter:data1\" content=\"2 minuter\" \/>\n<script type=\"application\/ld+json\" class=\"yoast-schema-graph\">{\"@context\":\"https:\\\/\\\/schema.org\",\"@graph\":[{\"@type\":\"WebPage\",\"@id\":\"https:\\\/\\\/wp.kristdemokraterna.se\\\/sundbyberg\\\/var-politik\\\/miljo-och-trafik-2\\\/\",\"url\":\"https:\\\/\\\/wp.kristdemokraterna.se\\\/sundbyberg\\\/var-politik\\\/miljo-och-trafik-2\\\/\",\"name\":\"Milj\u00f6 och trafik - Sundbyberg\",\"isPartOf\":{\"@id\":\"https:\\\/\\\/wp.kristdemokraterna.se\\\/sundbyberg\\\/#website\"},\"datePublished\":\"2018-04-25T20:25:20+00:00\",\"dateModified\":\"2022-11-09T15:35:01+00:00\",\"breadcrumb\":{\"@id\":\"https:\\\/\\\/wp.kristdemokraterna.se\\\/sundbyberg\\\/var-politik\\\/miljo-och-trafik-2\\\/#breadcrumb\"},\"inLanguage\":\"sv-SE\",\"potentialAction\":[{\"@type\":\"ReadAction\",\"target\":[\"https:\\\/\\\/wp.kristdemokraterna.se\\\/sundbyberg\\\/var-politik\\\/miljo-och-trafik-2\\\/\"]}]},{\"@type\":\"BreadcrumbList\",\"@id\":\"https:\\\/\\\/wp.kristdemokraterna.se\\\/sundbyberg\\\/var-politik\\\/miljo-och-trafik-2\\\/#breadcrumb\",\"itemListElement\":[{\"@type\":\"ListItem\",\"position\":1,\"name\":\"Hem\",\"item\":\"https:\\\/\\\/wp.kristdemokraterna.se\\\/sundbyberg\\\/\"},{\"@type\":\"ListItem\",\"position\":2,\"name\":\"V\u00e5r politik\",\"item\":\"https:\\\/\\\/wp.kristdemokraterna.se\\\/sundbyberg\\\/var-politik\\\/\"},{\"@type\":\"ListItem\",\"position\":3,\"name\":\"Milj\u00f6 och trafik\"}]},{\"@type\":\"WebSite\",\"@id\":\"https:\\\/\\\/wp.kristdemokraterna.se\\\/sundbyberg\\\/#website\",\"url\":\"https:\\\/\\\/wp.kristdemokraterna.se\\\/sundbyberg\\\/\",\"name\":\"Sundbyberg\",\"description\":\"En till Kristdemokraterna webbplats\",\"inLanguage\":\"sv-SE\"}]}<\/script>\n<!-- \/ Yoast SEO plugin. -->","yoast_head_json":{"title":"Milj\u00f6 och trafik - Sundbyberg","robots":{"index":"index","follow":"follow","max-snippet":"max-snippet:-1","max-image-preview":"max-image-preview:large","max-video-preview":"max-video-preview:-1"},"canonical":"https:\/\/wp.kristdemokraterna.se\/sundbyberg\/var-politik\/miljo-och-trafik-2\/","og_locale":"sv_SE","og_type":"article","og_title":"Milj\u00f6 och trafik - Sundbyberg","og_description":"F\u00f6rvaltarskapstanken \u00e4r b\u00e4rande del i den kristdemokratiska ideologin. Vi ska agera med en l\u00e5ngsiktig helhetssyn med respekt f\u00f6r v\u00e5r samtida omgivning och kommande generationer. F\u00f6rvaltarskapet g\u00e4ller b\u00e5de de egna personliga tillg\u00e5ngarna och de materiella v\u00e4rdena; milj\u00f6 och naturresurser. Vi ska agera p\u00e5 ett s\u00e5dant s\u00e4tt att vi med stolthet kan \u00f6verl\u00e4mna frukterna av v\u00e5rt arbete. Read More","og_url":"https:\/\/wp.kristdemokraterna.se\/sundbyberg\/var-politik\/miljo-och-trafik-2\/","og_site_name":"Sundbyberg","article_modified_time":"2022-11-09T15:35:01+00:00","twitter_card":"summary_large_image","twitter_misc":{"Ber\u00e4knad l\u00e4stid":"2 minuter"},"schema":{"@context":"https:\/\/schema.org","@graph":[{"@type":"WebPage","@id":"https:\/\/wp.kristdemokraterna.se\/sundbyberg\/var-politik\/miljo-och-trafik-2\/","url":"https:\/\/wp.kristdemokraterna.se\/sundbyberg\/var-politik\/miljo-och-trafik-2\/","name":"Milj\u00f6 och trafik - Sundbyberg","isPartOf":{"@id":"https:\/\/wp.kristdemokraterna.se\/sundbyberg\/#website"},"datePublished":"2018-04-25T20:25:20+00:00","dateModified":"2022-11-09T15:35:01+00:00","breadcrumb":{"@id":"https:\/\/wp.kristdemokraterna.se\/sundbyberg\/var-politik\/miljo-och-trafik-2\/#breadcrumb"},"inLanguage":"sv-SE","potentialAction":[{"@type":"ReadAction","target":["https:\/\/wp.kristdemokraterna.se\/sundbyberg\/var-politik\/miljo-och-trafik-2\/"]}]},{"@type":"BreadcrumbList","@id":"https:\/\/wp.kristdemokraterna.se\/sundbyberg\/var-politik\/miljo-och-trafik-2\/#breadcrumb","itemListElement":[{"@type":"ListItem","position":1,"name":"Hem","item":"https:\/\/wp.kristdemokraterna.se\/sundbyberg\/"},{"@type":"ListItem","position":2,"name":"V\u00e5r politik","item":"https:\/\/wp.kristdemokraterna.se\/sundbyberg\/var-politik\/"},{"@type":"ListItem","position":3,"name":"Milj\u00f6 och trafik"}]},{"@type":"WebSite","@id":"https:\/\/wp.kristdemokraterna.se\/sundbyberg\/#website","url":"https:\/\/wp.kristdemokraterna.se\/sundbyberg\/","name":"Sundbyberg","description":"En till Kristdemokraterna webbplats","inLanguage":"sv-SE"}]}},"_links":{"self":[{"href":"https:\/\/wp.kristdemokraterna.se\/sundbyberg\/wp-json\/wp\/v2\/pages\/628","targetHints":{"allow":["GET"]}}],"collection":[{"href":"https:\/\/wp.kristdemokraterna.se\/sundbyberg\/wp-json\/wp\/v2\/pages"}],"about":[{"href":"https:\/\/wp.kristdemokraterna.se\/sundbyberg\/wp-json\/wp\/v2\/types\/page"}],"author":[{"embeddable":true,"href":"https:\/\/wp.kristdemokraterna.se\/sundbyberg\/wp-json\/wp\/v2\/users\/611"}],"replies":[{"embeddable":true,"href":"https:\/\/wp.kristdemokraterna.se\/sundbyberg\/wp-json\/wp\/v2\/comments?post=628"}],"version-history":[{"count":3,"href":"https:\/\/wp.kristdemokraterna.se\/sundbyberg\/wp-json\/wp\/v2\/pages\/628\/revisions"}],"predecessor-version":[{"id":1150,"href":"https:\/\/wp.kristdemokraterna.se\/sundbyberg\/wp-json\/wp\/v2\/pages\/628\/revisions\/1150"}],"up":[{"embeddable":true,"href":"https:\/\/wp.kristdemokraterna.se\/sundbyberg\/wp-json\/wp\/v2\/pages\/60"}],"wp:attachment":[{"href":"https:\/\/wp.kristdemokraterna.se\/sundbyberg\/wp-json\/wp\/v2\/media?parent=628"}],"curies":[{"name":"wp","href":"https:\/\/api.w.org\/{rel}","templated":true}]}}