{"id":630,"date":"2018-04-25T22:26:10","date_gmt":"2018-04-25T20:26:10","guid":{"rendered":"http:\/\/wp.kristdemokraterna.se\/sundbyberg\/?page_id=630"},"modified":"2022-11-09T16:35:35","modified_gmt":"2022-11-09T15:35:35","slug":"jobb-och-naringsliv","status":"publish","type":"page","link":"https:\/\/wp.kristdemokraterna.se\/sundbyberg\/var-politik\/jobb-och-naringsliv\/","title":{"rendered":"Jobb och n\u00e4ringsliv"},"content":{"rendered":"<p><span style=\"font-weight: 400\">Ett konkurrenskraftigt och differentierat n\u00e4ringsliv \u00e4r en f\u00f6ruts\u00e4ttning f\u00f6r det goda samh\u00e4llet och en god v\u00e4lf\u00e4rd. Detta inneb\u00e4r i sin tur att ett gott klimat m\u00e5ste skapas och vidmakth\u00e5llas f\u00f6r ett dynamiskt sm\u00e5f\u00f6retagande, d\u00e4r enskilda m\u00e4nniskors id\u00e9er, kreativitet och entrepren\u00f6rskap f\u00e5r m\u00f6jlighet att blomma ut.<\/span><\/p>\n<p><span style=\"font-weight: 400\">M\u00f6jligheterna f\u00f6r politiker att skapa jobb \u00e4r h\u00f6gst begr\u00e4nsade, d\u00e4remot kan vi bidra till att det blir l\u00e4ttare att driva f\u00f6retag. En kommun eller region med v\u00e4lm\u00e5ende och framg\u00e5ngsrika f\u00f6retag har l\u00e4gre arbetsl\u00f6shet, h\u00f6gre tillv\u00e4xt och b\u00e4ttre f\u00f6ruts\u00e4ttningar att finansiera v\u00e4lf\u00e4rden. Att f\u00f6rb\u00e4ttra attityderna till f\u00f6retagande \u00e4r d\u00e4rf\u00f6r en angel\u00e4gen politisk fr\u00e5ga. F\u00f6r kommunen handlar det om att skapa en f\u00f6rst\u00e5else f\u00f6r f\u00f6retagens situation och behov. Vi \u00e4r \u00e4ven beroende av ett v\u00e4lfungerande och flexibelt utbildningssystem d\u00e4r m\u00e4nniskor i olika faser av livet kan utveckla sin kompetens.<\/span><\/p>\n<ul>\n<li style=\"font-weight: 400\"><span style=\"font-weight: 400\">\u00a0<\/span><span style=\"font-weight: 400\">Stadens service till f\u00f6retagen ska tydligg\u00f6ras genom att det inf\u00f6rs servicegarantier, med tydliga besked om vilka effekter det blir f\u00f6r kommunen om garantin inte uppfylls.<\/span><\/li>\n<li style=\"font-weight: 400\"><span style=\"font-weight: 400\">G\u00f6ra det l\u00e4ttare f\u00f6r f\u00f6retag att f\u00f6lja regelverken fr\u00e5n b\u00f6rjan genom r\u00e5d, information och bra pedagogik.<\/span><\/li>\n<li style=\"font-weight: 400\"><span style=\"font-weight: 400\">F\u00f6rb\u00e4ttra kommunens service genom att arbeta aktivt med personalutbildningar, l\u00f6nekriterier och rekryteringsprofiler f\u00f6r handl\u00e4ggare som arbetar mot f\u00f6retag.<\/span><\/li>\n<li style=\"font-weight: 400\"><span style=\"font-weight: 400\">Ta reda p\u00e5 hur f\u00f6retagen uts\u00e4tts f\u00f6r brott och otrygghet.<\/span><\/li>\n<li style=\"font-weight: 400\"><span style=\"font-weight: 400\">Tillsammans med n\u00e4ringslivet ta fram en \u00e5tg\u00e4rdsplan mot den kriminalitet f\u00f6retagen drabbas av.<\/span><\/li>\n<li style=\"font-weight: 400\"><span style=\"font-weight: 400\">De offentliga upphandlingarna ska f\u00f6renklas genom mindre detaljstyrda upphandlingar och f\u00f6renklade f\u00f6rfr\u00e5gningsunderlag.<\/span><\/li>\n<li style=\"font-weight: 400\"><span style=\"font-weight: 400\">Gymnasieskolan ska uppmuntra fler elever att starta och driva f\u00f6retag, exempelvis med st\u00f6d av Ung F\u00f6retagsamhet<\/span><span style=\"font-weight: 400\">\u00a0<\/span><\/li>\n<li style=\"font-weight: 400\"><span style=\"font-weight: 400\">F\u00f6rs\u00f6rjningsst\u00f6d ska kombineras med aktivitetskrav.<\/span><\/li>\n<li style=\"font-weight: 400\"><span style=\"font-weight: 400\">Utmaningsr\u00e4tt och Lagen om valfrihetssystem, LOV ska till\u00e4mpas f\u00f6r att \u00f6ka m\u00e5ngfalden av utf\u00f6rare inom olika kommunala verksamheter<\/span><\/li>\n<li style=\"font-weight: 400\"><span style=\"font-weight: 400\">Staden ska i samverkan med n\u00e4ringslivet intensifiera arbetet f\u00f6r att fler personer l\u00e5ngt fr\u00e5n arbetsmarknaden ska kunna f\u00e5 praktikplats.<\/span><\/li>\n<li style=\"font-weight: 400\"><span style=\"font-weight: 400\">Staden ska st\u00f6dja och uppmuntra arbetsintegrerande sociala f\u00f6retag.<\/span><\/li>\n<\/ul>\n","protected":false},"excerpt":{"rendered":"<p>Ett konkurrenskraftigt och differentierat n\u00e4ringsliv \u00e4r en f\u00f6ruts\u00e4ttning f\u00f6r det goda samh\u00e4llet och en god v\u00e4lf\u00e4rd. Detta inneb\u00e4r i sin tur att ett gott klimat m\u00e5ste skapas och vidmakth\u00e5llas f\u00f6r ett dynamiskt sm\u00e5f\u00f6retagande, d\u00e4r enskilda m\u00e4nniskors id\u00e9er, kreativitet och entrepren\u00f6rskap f\u00e5r m\u00f6jlighet att blomma ut. M\u00f6jligheterna f\u00f6r politiker att skapa jobb \u00e4r h\u00f6gst begr\u00e4nsade, d\u00e4remot <a class=\"read-more-link\" href=\"https:\/\/wp.kristdemokraterna.se\/sundbyberg\/var-politik\/jobb-och-naringsliv\/\">Read More<\/a><\/p>\n","protected":false},"author":611,"featured_media":0,"parent":60,"menu_order":13,"comment_status":"closed","ping_status":"closed","template":"","meta":{"_acf_changed":false,"footnotes":""},"class_list":["post-630","page","type-page","status-publish","hentry"],"acf":[],"yoast_head":"<!-- This site is optimized with the Yoast SEO plugin v27.3 - https:\/\/yoast.com\/product\/yoast-seo-wordpress\/ -->\n<title>Jobb och n\u00e4ringsliv - Sundbyberg<\/title>\n<meta name=\"robots\" content=\"index, follow, max-snippet:-1, max-image-preview:large, max-video-preview:-1\" \/>\n<link rel=\"canonical\" href=\"https:\/\/wp.kristdemokraterna.se\/sundbyberg\/var-politik\/jobb-och-naringsliv\/\" \/>\n<meta property=\"og:locale\" content=\"sv_SE\" \/>\n<meta property=\"og:type\" content=\"article\" \/>\n<meta property=\"og:title\" content=\"Jobb och n\u00e4ringsliv - Sundbyberg\" \/>\n<meta property=\"og:description\" content=\"Ett konkurrenskraftigt och differentierat n\u00e4ringsliv \u00e4r en f\u00f6ruts\u00e4ttning f\u00f6r det goda samh\u00e4llet och en god v\u00e4lf\u00e4rd. Detta inneb\u00e4r i sin tur att ett gott klimat m\u00e5ste skapas och vidmakth\u00e5llas f\u00f6r ett dynamiskt sm\u00e5f\u00f6retagande, d\u00e4r enskilda m\u00e4nniskors id\u00e9er, kreativitet och entrepren\u00f6rskap f\u00e5r m\u00f6jlighet att blomma ut. M\u00f6jligheterna f\u00f6r politiker att skapa jobb \u00e4r h\u00f6gst begr\u00e4nsade, d\u00e4remot Read More\" \/>\n<meta property=\"og:url\" content=\"https:\/\/wp.kristdemokraterna.se\/sundbyberg\/var-politik\/jobb-och-naringsliv\/\" \/>\n<meta property=\"og:site_name\" content=\"Sundbyberg\" \/>\n<meta property=\"article:modified_time\" content=\"2022-11-09T15:35:35+00:00\" \/>\n<meta name=\"twitter:card\" content=\"summary_large_image\" \/>\n<meta name=\"twitter:label1\" content=\"Ber\u00e4knad l\u00e4stid\" \/>\n\t<meta name=\"twitter:data1\" content=\"2 minuter\" \/>\n<script type=\"application\/ld+json\" class=\"yoast-schema-graph\">{\"@context\":\"https:\\\/\\\/schema.org\",\"@graph\":[{\"@type\":\"WebPage\",\"@id\":\"https:\\\/\\\/wp.kristdemokraterna.se\\\/sundbyberg\\\/var-politik\\\/jobb-och-naringsliv\\\/\",\"url\":\"https:\\\/\\\/wp.kristdemokraterna.se\\\/sundbyberg\\\/var-politik\\\/jobb-och-naringsliv\\\/\",\"name\":\"Jobb och n\u00e4ringsliv - Sundbyberg\",\"isPartOf\":{\"@id\":\"https:\\\/\\\/wp.kristdemokraterna.se\\\/sundbyberg\\\/#website\"},\"datePublished\":\"2018-04-25T20:26:10+00:00\",\"dateModified\":\"2022-11-09T15:35:35+00:00\",\"breadcrumb\":{\"@id\":\"https:\\\/\\\/wp.kristdemokraterna.se\\\/sundbyberg\\\/var-politik\\\/jobb-och-naringsliv\\\/#breadcrumb\"},\"inLanguage\":\"sv-SE\",\"potentialAction\":[{\"@type\":\"ReadAction\",\"target\":[\"https:\\\/\\\/wp.kristdemokraterna.se\\\/sundbyberg\\\/var-politik\\\/jobb-och-naringsliv\\\/\"]}]},{\"@type\":\"BreadcrumbList\",\"@id\":\"https:\\\/\\\/wp.kristdemokraterna.se\\\/sundbyberg\\\/var-politik\\\/jobb-och-naringsliv\\\/#breadcrumb\",\"itemListElement\":[{\"@type\":\"ListItem\",\"position\":1,\"name\":\"Hem\",\"item\":\"https:\\\/\\\/wp.kristdemokraterna.se\\\/sundbyberg\\\/\"},{\"@type\":\"ListItem\",\"position\":2,\"name\":\"V\u00e5r politik\",\"item\":\"https:\\\/\\\/wp.kristdemokraterna.se\\\/sundbyberg\\\/var-politik\\\/\"},{\"@type\":\"ListItem\",\"position\":3,\"name\":\"Jobb och n\u00e4ringsliv\"}]},{\"@type\":\"WebSite\",\"@id\":\"https:\\\/\\\/wp.kristdemokraterna.se\\\/sundbyberg\\\/#website\",\"url\":\"https:\\\/\\\/wp.kristdemokraterna.se\\\/sundbyberg\\\/\",\"name\":\"Sundbyberg\",\"description\":\"En till Kristdemokraterna webbplats\",\"inLanguage\":\"sv-SE\"}]}<\/script>\n<!-- \/ Yoast SEO plugin. -->","yoast_head_json":{"title":"Jobb och n\u00e4ringsliv - Sundbyberg","robots":{"index":"index","follow":"follow","max-snippet":"max-snippet:-1","max-image-preview":"max-image-preview:large","max-video-preview":"max-video-preview:-1"},"canonical":"https:\/\/wp.kristdemokraterna.se\/sundbyberg\/var-politik\/jobb-och-naringsliv\/","og_locale":"sv_SE","og_type":"article","og_title":"Jobb och n\u00e4ringsliv - Sundbyberg","og_description":"Ett konkurrenskraftigt och differentierat n\u00e4ringsliv \u00e4r en f\u00f6ruts\u00e4ttning f\u00f6r det goda samh\u00e4llet och en god v\u00e4lf\u00e4rd. Detta inneb\u00e4r i sin tur att ett gott klimat m\u00e5ste skapas och vidmakth\u00e5llas f\u00f6r ett dynamiskt sm\u00e5f\u00f6retagande, d\u00e4r enskilda m\u00e4nniskors id\u00e9er, kreativitet och entrepren\u00f6rskap f\u00e5r m\u00f6jlighet att blomma ut. M\u00f6jligheterna f\u00f6r politiker att skapa jobb \u00e4r h\u00f6gst begr\u00e4nsade, d\u00e4remot Read More","og_url":"https:\/\/wp.kristdemokraterna.se\/sundbyberg\/var-politik\/jobb-och-naringsliv\/","og_site_name":"Sundbyberg","article_modified_time":"2022-11-09T15:35:35+00:00","twitter_card":"summary_large_image","twitter_misc":{"Ber\u00e4knad l\u00e4stid":"2 minuter"},"schema":{"@context":"https:\/\/schema.org","@graph":[{"@type":"WebPage","@id":"https:\/\/wp.kristdemokraterna.se\/sundbyberg\/var-politik\/jobb-och-naringsliv\/","url":"https:\/\/wp.kristdemokraterna.se\/sundbyberg\/var-politik\/jobb-och-naringsliv\/","name":"Jobb och n\u00e4ringsliv - Sundbyberg","isPartOf":{"@id":"https:\/\/wp.kristdemokraterna.se\/sundbyberg\/#website"},"datePublished":"2018-04-25T20:26:10+00:00","dateModified":"2022-11-09T15:35:35+00:00","breadcrumb":{"@id":"https:\/\/wp.kristdemokraterna.se\/sundbyberg\/var-politik\/jobb-och-naringsliv\/#breadcrumb"},"inLanguage":"sv-SE","potentialAction":[{"@type":"ReadAction","target":["https:\/\/wp.kristdemokraterna.se\/sundbyberg\/var-politik\/jobb-och-naringsliv\/"]}]},{"@type":"BreadcrumbList","@id":"https:\/\/wp.kristdemokraterna.se\/sundbyberg\/var-politik\/jobb-och-naringsliv\/#breadcrumb","itemListElement":[{"@type":"ListItem","position":1,"name":"Hem","item":"https:\/\/wp.kristdemokraterna.se\/sundbyberg\/"},{"@type":"ListItem","position":2,"name":"V\u00e5r politik","item":"https:\/\/wp.kristdemokraterna.se\/sundbyberg\/var-politik\/"},{"@type":"ListItem","position":3,"name":"Jobb och n\u00e4ringsliv"}]},{"@type":"WebSite","@id":"https:\/\/wp.kristdemokraterna.se\/sundbyberg\/#website","url":"https:\/\/wp.kristdemokraterna.se\/sundbyberg\/","name":"Sundbyberg","description":"En till Kristdemokraterna webbplats","inLanguage":"sv-SE"}]}},"_links":{"self":[{"href":"https:\/\/wp.kristdemokraterna.se\/sundbyberg\/wp-json\/wp\/v2\/pages\/630","targetHints":{"allow":["GET"]}}],"collection":[{"href":"https:\/\/wp.kristdemokraterna.se\/sundbyberg\/wp-json\/wp\/v2\/pages"}],"about":[{"href":"https:\/\/wp.kristdemokraterna.se\/sundbyberg\/wp-json\/wp\/v2\/types\/page"}],"author":[{"embeddable":true,"href":"https:\/\/wp.kristdemokraterna.se\/sundbyberg\/wp-json\/wp\/v2\/users\/611"}],"replies":[{"embeddable":true,"href":"https:\/\/wp.kristdemokraterna.se\/sundbyberg\/wp-json\/wp\/v2\/comments?post=630"}],"version-history":[{"count":3,"href":"https:\/\/wp.kristdemokraterna.se\/sundbyberg\/wp-json\/wp\/v2\/pages\/630\/revisions"}],"predecessor-version":[{"id":1152,"href":"https:\/\/wp.kristdemokraterna.se\/sundbyberg\/wp-json\/wp\/v2\/pages\/630\/revisions\/1152"}],"up":[{"embeddable":true,"href":"https:\/\/wp.kristdemokraterna.se\/sundbyberg\/wp-json\/wp\/v2\/pages\/60"}],"wp:attachment":[{"href":"https:\/\/wp.kristdemokraterna.se\/sundbyberg\/wp-json\/wp\/v2\/media?parent=630"}],"curies":[{"name":"wp","href":"https:\/\/api.w.org\/{rel}","templated":true}]}}