{"id":949,"date":"2021-03-18T10:35:03","date_gmt":"2021-03-18T09:35:03","guid":{"rendered":"https:\/\/wp.kristdemokraterna.se\/sundbyberg\/?page_id=949"},"modified":"2025-04-08T11:47:16","modified_gmt":"2025-04-08T09:47:16","slug":"vara-foretradare","status":"publish","type":"page","link":"https:\/\/wp.kristdemokraterna.se\/sundbyberg\/vara-foretradare\/","title":{"rendered":"V\u00e5ra f\u00f6retr\u00e4dare"},"content":{"rendered":"<h2>Kontakta oss g\u00e4rna!<\/h2>\n<h3>Daniel Wistr\u00f6m &#8211; Gruppledare och oppositionsr\u00e5d<\/h3>\n<p><a href=\"http:\/\/wp.kristdemokraterna.se\/sundbyberg\/files\/2025\/04\/img_5765-scaled.jpeg\"><img loading=\"lazy\" decoding=\"async\" class=\"alignnone wp-image-1304 size-medium\" src=\"http:\/\/wp.kristdemokraterna.se\/sundbyberg\/files\/2025\/04\/img_5765-225x300.jpeg\" alt=\"\" width=\"225\" height=\"300\" srcset=\"https:\/\/wp.kristdemokraterna.se\/sundbyberg\/files\/2025\/04\/img_5765-225x300.jpeg 225w, https:\/\/wp.kristdemokraterna.se\/sundbyberg\/files\/2025\/04\/img_5765-768x1024.jpeg 768w, https:\/\/wp.kristdemokraterna.se\/sundbyberg\/files\/2025\/04\/img_5765-1152x1536.jpeg 1152w, https:\/\/wp.kristdemokraterna.se\/sundbyberg\/files\/2025\/04\/img_5765-1536x2048.jpeg 1536w, https:\/\/wp.kristdemokraterna.se\/sundbyberg\/files\/2025\/04\/img_5765-150x200.jpeg 150w, https:\/\/wp.kristdemokraterna.se\/sundbyberg\/files\/2025\/04\/img_5765-370x493.jpeg 370w, https:\/\/wp.kristdemokraterna.se\/sundbyberg\/files\/2025\/04\/img_5765-770x1027.jpeg 770w, https:\/\/wp.kristdemokraterna.se\/sundbyberg\/files\/2025\/04\/img_5765-450x600.jpeg 450w, https:\/\/wp.kristdemokraterna.se\/sundbyberg\/files\/2025\/04\/img_5765-280x373.jpeg 280w, https:\/\/wp.kristdemokraterna.se\/sundbyberg\/files\/2025\/04\/img_5765-340x453.jpeg 340w, https:\/\/wp.kristdemokraterna.se\/sundbyberg\/files\/2025\/04\/img_5765-42x56.jpeg 42w, https:\/\/wp.kristdemokraterna.se\/sundbyberg\/files\/2025\/04\/img_5765-scaled.jpeg 1920w\" sizes=\"auto, (max-width: 225px) 100vw, 225px\" \/><\/a><\/p>\n<p>daniel.wistrom@kristdemokraterna.se<br \/>\n08-706 80 65<\/p>\n<h3>Maria Bohman Kreij &#8211; Ordf\u00f6rande<\/h3>\n<p><a href=\"http:\/\/wp.kristdemokraterna.se\/sundbyberg\/files\/2025\/04\/img_5780-scaled.jpeg\"><img loading=\"lazy\" decoding=\"async\" class=\"alignnone wp-image-1322 \" src=\"http:\/\/wp.kristdemokraterna.se\/sundbyberg\/files\/2025\/04\/img_5780-225x300.jpeg\" alt=\"\" width=\"218\" height=\"291\" srcset=\"https:\/\/wp.kristdemokraterna.se\/sundbyberg\/files\/2025\/04\/img_5780-225x300.jpeg 225w, https:\/\/wp.kristdemokraterna.se\/sundbyberg\/files\/2025\/04\/img_5780-768x1024.jpeg 768w, https:\/\/wp.kristdemokraterna.se\/sundbyberg\/files\/2025\/04\/img_5780-1152x1536.jpeg 1152w, https:\/\/wp.kristdemokraterna.se\/sundbyberg\/files\/2025\/04\/img_5780-1536x2048.jpeg 1536w, https:\/\/wp.kristdemokraterna.se\/sundbyberg\/files\/2025\/04\/img_5780-150x200.jpeg 150w, https:\/\/wp.kristdemokraterna.se\/sundbyberg\/files\/2025\/04\/img_5780-370x493.jpeg 370w, https:\/\/wp.kristdemokraterna.se\/sundbyberg\/files\/2025\/04\/img_5780-770x1027.jpeg 770w, https:\/\/wp.kristdemokraterna.se\/sundbyberg\/files\/2025\/04\/img_5780-450x600.jpeg 450w, https:\/\/wp.kristdemokraterna.se\/sundbyberg\/files\/2025\/04\/img_5780-280x373.jpeg 280w, https:\/\/wp.kristdemokraterna.se\/sundbyberg\/files\/2025\/04\/img_5780-340x453.jpeg 340w, https:\/\/wp.kristdemokraterna.se\/sundbyberg\/files\/2025\/04\/img_5780-42x56.jpeg 42w, https:\/\/wp.kristdemokraterna.se\/sundbyberg\/files\/2025\/04\/img_5780-scaled.jpeg 1920w\" sizes=\"auto, (max-width: 218px) 100vw, 218px\" \/><\/a><\/p>\n<p>maria.bohman@sundbyberg.se<\/p>\n<p><strong>Kristdemokraterna i Sundbyberg<\/strong><br \/>\nc\/o Sundbyberg stad<br \/>\n\u00d6stra Madenv\u00e4gen 4<br \/>\n172 92 Sundbyberg<\/p>\n","protected":false},"excerpt":{"rendered":"<p>Kontakta oss g\u00e4rna! Daniel Wistr\u00f6m &#8211; Gruppledare och oppositionsr\u00e5d daniel.wistrom@kristdemokraterna.se 08-706 80 65 Maria Bohman Kreij &#8211; Ordf\u00f6rande maria.bohman@sundbyberg.se Kristdemokraterna i Sundbyberg c\/o Sundbyberg stad \u00d6stra Madenv\u00e4gen 4 172 92 Sundbyberg<\/p>\n","protected":false},"author":611,"featured_media":0,"parent":0,"menu_order":0,"comment_status":"closed","ping_status":"closed","template":"","meta":{"_acf_changed":false,"footnotes":""},"class_list":["post-949","page","type-page","status-publish","hentry"],"acf":[],"yoast_head":"<!-- This site is optimized with the Yoast SEO plugin v27.4 - https:\/\/yoast.com\/product\/yoast-seo-wordpress\/ -->\n<title>V\u00e5ra f\u00f6retr\u00e4dare - Sundbyberg<\/title>\n<meta name=\"robots\" content=\"index, follow, max-snippet:-1, max-image-preview:large, max-video-preview:-1\" \/>\n<link rel=\"canonical\" href=\"https:\/\/wp.kristdemokraterna.se\/sundbyberg\/vara-foretradare\/\" \/>\n<meta property=\"og:locale\" content=\"sv_SE\" \/>\n<meta property=\"og:type\" content=\"article\" \/>\n<meta property=\"og:title\" content=\"V\u00e5ra f\u00f6retr\u00e4dare - Sundbyberg\" \/>\n<meta property=\"og:description\" content=\"Kontakta oss g\u00e4rna! Daniel Wistr\u00f6m &#8211; Gruppledare och oppositionsr\u00e5d daniel.wistrom@kristdemokraterna.se 08-706 80 65 Maria Bohman Kreij &#8211; Ordf\u00f6rande maria.bohman@sundbyberg.se Kristdemokraterna i Sundbyberg c\/o Sundbyberg stad \u00d6stra Madenv\u00e4gen 4 172 92 Sundbyberg\" \/>\n<meta property=\"og:url\" content=\"https:\/\/wp.kristdemokraterna.se\/sundbyberg\/vara-foretradare\/\" \/>\n<meta property=\"og:site_name\" content=\"Sundbyberg\" \/>\n<meta property=\"article:modified_time\" content=\"2025-04-08T09:47:16+00:00\" \/>\n<meta property=\"og:image\" content=\"https:\/\/wp.kristdemokraterna.se\/sundbyberg\/files\/2025\/04\/img_5765-768x1024.jpeg\" \/>\n\t<meta property=\"og:image:width\" content=\"768\" \/>\n\t<meta property=\"og:image:height\" content=\"1024\" \/>\n\t<meta property=\"og:image:type\" content=\"image\/jpeg\" \/>\n<meta name=\"twitter:card\" content=\"summary_large_image\" \/>\n<meta name=\"twitter:label1\" content=\"Ber\u00e4knad l\u00e4stid\" \/>\n\t<meta name=\"twitter:data1\" content=\"1 minut\" \/>\n<script type=\"application\/ld+json\" class=\"yoast-schema-graph\">{\"@context\":\"https:\\\/\\\/schema.org\",\"@graph\":[{\"@type\":\"WebPage\",\"@id\":\"https:\\\/\\\/wp.kristdemokraterna.se\\\/sundbyberg\\\/vara-foretradare\\\/\",\"url\":\"https:\\\/\\\/wp.kristdemokraterna.se\\\/sundbyberg\\\/vara-foretradare\\\/\",\"name\":\"V\u00e5ra f\u00f6retr\u00e4dare - Sundbyberg\",\"isPartOf\":{\"@id\":\"https:\\\/\\\/wp.kristdemokraterna.se\\\/sundbyberg\\\/#website\"},\"primaryImageOfPage\":{\"@id\":\"https:\\\/\\\/wp.kristdemokraterna.se\\\/sundbyberg\\\/vara-foretradare\\\/#primaryimage\"},\"image\":{\"@id\":\"https:\\\/\\\/wp.kristdemokraterna.se\\\/sundbyberg\\\/vara-foretradare\\\/#primaryimage\"},\"thumbnailUrl\":\"http:\\\/\\\/wp.kristdemokraterna.se\\\/sundbyberg\\\/files\\\/2025\\\/04\\\/img_5765-225x300.jpeg\",\"datePublished\":\"2021-03-18T09:35:03+00:00\",\"dateModified\":\"2025-04-08T09:47:16+00:00\",\"breadcrumb\":{\"@id\":\"https:\\\/\\\/wp.kristdemokraterna.se\\\/sundbyberg\\\/vara-foretradare\\\/#breadcrumb\"},\"inLanguage\":\"sv-SE\",\"potentialAction\":[{\"@type\":\"ReadAction\",\"target\":[\"https:\\\/\\\/wp.kristdemokraterna.se\\\/sundbyberg\\\/vara-foretradare\\\/\"]}]},{\"@type\":\"ImageObject\",\"inLanguage\":\"sv-SE\",\"@id\":\"https:\\\/\\\/wp.kristdemokraterna.se\\\/sundbyberg\\\/vara-foretradare\\\/#primaryimage\",\"url\":\"https:\\\/\\\/wp.kristdemokraterna.se\\\/sundbyberg\\\/files\\\/2025\\\/04\\\/img_5765-scaled.jpeg\",\"contentUrl\":\"https:\\\/\\\/wp.kristdemokraterna.se\\\/sundbyberg\\\/files\\\/2025\\\/04\\\/img_5765-scaled.jpeg\",\"width\":1920,\"height\":2560},{\"@type\":\"BreadcrumbList\",\"@id\":\"https:\\\/\\\/wp.kristdemokraterna.se\\\/sundbyberg\\\/vara-foretradare\\\/#breadcrumb\",\"itemListElement\":[{\"@type\":\"ListItem\",\"position\":1,\"name\":\"Hem\",\"item\":\"https:\\\/\\\/wp.kristdemokraterna.se\\\/sundbyberg\\\/\"},{\"@type\":\"ListItem\",\"position\":2,\"name\":\"V\u00e5ra f\u00f6retr\u00e4dare\"}]},{\"@type\":\"WebSite\",\"@id\":\"https:\\\/\\\/wp.kristdemokraterna.se\\\/sundbyberg\\\/#website\",\"url\":\"https:\\\/\\\/wp.kristdemokraterna.se\\\/sundbyberg\\\/\",\"name\":\"Sundbyberg\",\"description\":\"En till Kristdemokraterna webbplats\",\"inLanguage\":\"sv-SE\"}]}<\/script>\n<!-- \/ Yoast SEO plugin. -->","yoast_head_json":{"title":"V\u00e5ra f\u00f6retr\u00e4dare - Sundbyberg","robots":{"index":"index","follow":"follow","max-snippet":"max-snippet:-1","max-image-preview":"max-image-preview:large","max-video-preview":"max-video-preview:-1"},"canonical":"https:\/\/wp.kristdemokraterna.se\/sundbyberg\/vara-foretradare\/","og_locale":"sv_SE","og_type":"article","og_title":"V\u00e5ra f\u00f6retr\u00e4dare - Sundbyberg","og_description":"Kontakta oss g\u00e4rna! Daniel Wistr\u00f6m &#8211; Gruppledare och oppositionsr\u00e5d daniel.wistrom@kristdemokraterna.se 08-706 80 65 Maria Bohman Kreij &#8211; Ordf\u00f6rande maria.bohman@sundbyberg.se Kristdemokraterna i Sundbyberg c\/o Sundbyberg stad \u00d6stra Madenv\u00e4gen 4 172 92 Sundbyberg","og_url":"https:\/\/wp.kristdemokraterna.se\/sundbyberg\/vara-foretradare\/","og_site_name":"Sundbyberg","article_modified_time":"2025-04-08T09:47:16+00:00","og_image":[{"width":768,"height":1024,"url":"https:\/\/wp.kristdemokraterna.se\/sundbyberg\/files\/2025\/04\/img_5765-768x1024.jpeg","type":"image\/jpeg"}],"twitter_card":"summary_large_image","twitter_misc":{"Ber\u00e4knad l\u00e4stid":"1 minut"},"schema":{"@context":"https:\/\/schema.org","@graph":[{"@type":"WebPage","@id":"https:\/\/wp.kristdemokraterna.se\/sundbyberg\/vara-foretradare\/","url":"https:\/\/wp.kristdemokraterna.se\/sundbyberg\/vara-foretradare\/","name":"V\u00e5ra f\u00f6retr\u00e4dare - Sundbyberg","isPartOf":{"@id":"https:\/\/wp.kristdemokraterna.se\/sundbyberg\/#website"},"primaryImageOfPage":{"@id":"https:\/\/wp.kristdemokraterna.se\/sundbyberg\/vara-foretradare\/#primaryimage"},"image":{"@id":"https:\/\/wp.kristdemokraterna.se\/sundbyberg\/vara-foretradare\/#primaryimage"},"thumbnailUrl":"http:\/\/wp.kristdemokraterna.se\/sundbyberg\/files\/2025\/04\/img_5765-225x300.jpeg","datePublished":"2021-03-18T09:35:03+00:00","dateModified":"2025-04-08T09:47:16+00:00","breadcrumb":{"@id":"https:\/\/wp.kristdemokraterna.se\/sundbyberg\/vara-foretradare\/#breadcrumb"},"inLanguage":"sv-SE","potentialAction":[{"@type":"ReadAction","target":["https:\/\/wp.kristdemokraterna.se\/sundbyberg\/vara-foretradare\/"]}]},{"@type":"ImageObject","inLanguage":"sv-SE","@id":"https:\/\/wp.kristdemokraterna.se\/sundbyberg\/vara-foretradare\/#primaryimage","url":"https:\/\/wp.kristdemokraterna.se\/sundbyberg\/files\/2025\/04\/img_5765-scaled.jpeg","contentUrl":"https:\/\/wp.kristdemokraterna.se\/sundbyberg\/files\/2025\/04\/img_5765-scaled.jpeg","width":1920,"height":2560},{"@type":"BreadcrumbList","@id":"https:\/\/wp.kristdemokraterna.se\/sundbyberg\/vara-foretradare\/#breadcrumb","itemListElement":[{"@type":"ListItem","position":1,"name":"Hem","item":"https:\/\/wp.kristdemokraterna.se\/sundbyberg\/"},{"@type":"ListItem","position":2,"name":"V\u00e5ra f\u00f6retr\u00e4dare"}]},{"@type":"WebSite","@id":"https:\/\/wp.kristdemokraterna.se\/sundbyberg\/#website","url":"https:\/\/wp.kristdemokraterna.se\/sundbyberg\/","name":"Sundbyberg","description":"En till Kristdemokraterna webbplats","inLanguage":"sv-SE"}]}},"_links":{"self":[{"href":"https:\/\/wp.kristdemokraterna.se\/sundbyberg\/wp-json\/wp\/v2\/pages\/949","targetHints":{"allow":["GET"]}}],"collection":[{"href":"https:\/\/wp.kristdemokraterna.se\/sundbyberg\/wp-json\/wp\/v2\/pages"}],"about":[{"href":"https:\/\/wp.kristdemokraterna.se\/sundbyberg\/wp-json\/wp\/v2\/types\/page"}],"author":[{"embeddable":true,"href":"https:\/\/wp.kristdemokraterna.se\/sundbyberg\/wp-json\/wp\/v2\/users\/611"}],"replies":[{"embeddable":true,"href":"https:\/\/wp.kristdemokraterna.se\/sundbyberg\/wp-json\/wp\/v2\/comments?post=949"}],"version-history":[{"count":14,"href":"https:\/\/wp.kristdemokraterna.se\/sundbyberg\/wp-json\/wp\/v2\/pages\/949\/revisions"}],"predecessor-version":[{"id":1359,"href":"https:\/\/wp.kristdemokraterna.se\/sundbyberg\/wp-json\/wp\/v2\/pages\/949\/revisions\/1359"}],"wp:attachment":[{"href":"https:\/\/wp.kristdemokraterna.se\/sundbyberg\/wp-json\/wp\/v2\/media?parent=949"}],"curies":[{"name":"wp","href":"https:\/\/api.w.org\/{rel}","templated":true}]}}

Våra företrädare

<h2>Kontakta oss gärna!</h2>
<h3>Daniel Wiström &#8211; Gruppledare och oppositionsråd</h3>
<p><a href="http://wp.kristdemokraterna.se/sundbyberg/files/2025/04/img_5765-scaled.jpeg"><img loading="lazy" decoding="async" class="alignnone wp-image-1304 size-medium" src="http://wp.kristdemokraterna.se/sundbyberg/files/2025/04/img_5765-225x300.jpeg" alt="" width="225" height="300" srcset="https://wp.kristdemokraterna.se/sundbyberg/files/2025/04/img_5765-225x300.jpeg 225w, https://wp.kristdemokraterna.se/sundbyberg/files/2025/04/img_5765-768x1024.jpeg 768w, https://wp.kristdemokraterna.se/sundbyberg/files/2025/04/img_5765-1152x1536.jpeg 1152w, https://wp.kristdemokraterna.se/sundbyberg/files/2025/04/img_5765-1536x2048.jpeg 1536w, https://wp.kristdemokraterna.se/sundbyberg/files/2025/04/img_5765-150x200.jpeg 150w, https://wp.kristdemokraterna.se/sundbyberg/files/2025/04/img_5765-370x493.jpeg 370w, https://wp.kristdemokraterna.se/sundbyberg/files/2025/04/img_5765-770x1027.jpeg 770w, https://wp.kristdemokraterna.se/sundbyberg/files/2025/04/img_5765-450x600.jpeg 450w, https://wp.kristdemokraterna.se/sundbyberg/files/2025/04/img_5765-280x373.jpeg 280w, https://wp.kristdemokraterna.se/sundbyberg/files/2025/04/img_5765-340x453.jpeg 340w, https://wp.kristdemokraterna.se/sundbyberg/files/2025/04/img_5765-42x56.jpeg 42w, https://wp.kristdemokraterna.se/sundbyberg/files/2025/04/img_5765-scaled.jpeg 1920w" sizes="auto, (max-width: 225px) 100vw, 225px" /></a></p>
<p>daniel.wistrom@kristdemokraterna.se<br />
08-706 80 65</p>
<h3>Maria Bohman Kreij &#8211; Ordförande</h3>
<p><a href="http://wp.kristdemokraterna.se/sundbyberg/files/2025/04/img_5780-scaled.jpeg"><img loading="lazy" decoding="async" class="alignnone wp-image-1322 " src="http://wp.kristdemokraterna.se/sundbyberg/files/2025/04/img_5780-225x300.jpeg" alt="" width="218" height="291" srcset="https://wp.kristdemokraterna.se/sundbyberg/files/2025/04/img_5780-225x300.jpeg 225w, https://wp.kristdemokraterna.se/sundbyberg/files/2025/04/img_5780-768x1024.jpeg 768w, https://wp.kristdemokraterna.se/sundbyberg/files/2025/04/img_5780-1152x1536.jpeg 1152w, https://wp.kristdemokraterna.se/sundbyberg/files/2025/04/img_5780-1536x2048.jpeg 1536w, https://wp.kristdemokraterna.se/sundbyberg/files/2025/04/img_5780-150x200.jpeg 150w, https://wp.kristdemokraterna.se/sundbyberg/files/2025/04/img_5780-370x493.jpeg 370w, https://wp.kristdemokraterna.se/sundbyberg/files/2025/04/img_5780-770x1027.jpeg 770w, https://wp.kristdemokraterna.se/sundbyberg/files/2025/04/img_5780-450x600.jpeg 450w, https://wp.kristdemokraterna.se/sundbyberg/files/2025/04/img_5780-280x373.jpeg 280w, https://wp.kristdemokraterna.se/sundbyberg/files/2025/04/img_5780-340x453.jpeg 340w, https://wp.kristdemokraterna.se/sundbyberg/files/2025/04/img_5780-42x56.jpeg 42w, https://wp.kristdemokraterna.se/sundbyberg/files/2025/04/img_5780-scaled.jpeg 1920w" sizes="auto, (max-width: 218px) 100vw, 218px" /></a></p>
<p>maria.bohman@sundbyberg.se</p>
<p><strong>Kristdemokraterna i Sundbyberg</strong><br />
c/o Sundbyberg stad<br />
Östra Madenvägen 4<br />
172 92 Sundbyberg</p>

<p>Kontakta oss gärna! Daniel Wiström &#8211; Gruppledare och oppositionsråd daniel.wistrom@kristdemokraterna.se 08-706 80 65 Maria Bohman Kreij &#8211; Ordförande maria.bohman@sundbyberg.se Kristdemokraterna i Sundbyberg c/o Sundbyberg stad Östra Madenvägen 4 172 92 Sundbyberg</p>

<!-- This site is optimized with the Yoast SEO plugin v27.4 - https://yoast.com/product/yoast-seo-wordpress/ -->
<title>Våra företrädare - Sundbyberg</title>
<meta name="robots" content="index, follow, max-snippet:-1, max-image-preview:large, max-video-preview:-1" />
<link rel="canonical" href="https://wp.kristdemokraterna.se/sundbyberg/vara-foretradare/" />
<meta property="og:locale" content="sv_SE" />
<meta property="og:type" content="article" />
<meta property="og:title" content="Våra företrädare - Sundbyberg" />
<meta property="og:description" content="Kontakta oss gärna! Daniel Wiström &#8211; Gruppledare och oppositionsråd daniel.wistrom@kristdemokraterna.se 08-706 80 65 Maria Bohman Kreij &#8211; Ordförande maria.bohman@sundbyberg.se Kristdemokraterna i Sundbyberg c/o Sundbyberg stad Östra Madenvägen 4 172 92 Sundbyberg" />
<meta property="og:url" content="https://wp.kristdemokraterna.se/sundbyberg/vara-foretradare/" />
<meta property="og:site_name" content="Sundbyberg" />
<meta property="article:modified_time" content="2025-04-08T09:47:16+00:00" />
<meta property="og:image" content="https://wp.kristdemokraterna.se/sundbyberg/files/2025/04/img_5765-768x1024.jpeg" />
	<meta property="og:image:width" content="768" />
	<meta property="og:image:height" content="1024" />
	<meta property="og:image:type" content="image/jpeg" />
<meta name="twitter:card" content="summary_large_image" />
<meta name="twitter:label1" content="Beräknad lästid" />
	<meta name="twitter:data1" content="1 minut" />
<script type="application/ld+json" class="yoast-schema-graph">{"@context":"https:\/\/schema.org","@graph":[{"@type":"WebPage","@id":"https:\/\/wp.kristdemokraterna.se\/sundbyberg\/vara-foretradare\/","url":"https:\/\/wp.kristdemokraterna.se\/sundbyberg\/vara-foretradare\/","name":"Våra företrädare - Sundbyberg","isPartOf":{"@id":"https:\/\/wp.kristdemokraterna.se\/sundbyberg\/#website"},"primaryImageOfPage":{"@id":"https:\/\/wp.kristdemokraterna.se\/sundbyberg\/vara-foretradare\/#primaryimage"},"image":{"@id":"https:\/\/wp.kristdemokraterna.se\/sundbyberg\/vara-foretradare\/#primaryimage"},"thumbnailUrl":"http:\/\/wp.kristdemokraterna.se\/sundbyberg\/files\/2025\/04\/img_5765-225x300.jpeg","datePublished":"2021-03-18T09:35:03+00:00","dateModified":"2025-04-08T09:47:16+00:00","breadcrumb":{"@id":"https:\/\/wp.kristdemokraterna.se\/sundbyberg\/vara-foretradare\/#breadcrumb"},"inLanguage":"sv-SE","potentialAction":[{"@type":"ReadAction","target":["https:\/\/wp.kristdemokraterna.se\/sundbyberg\/vara-foretradare\/"]}]},{"@type":"ImageObject","inLanguage":"sv-SE","@id":"https:\/\/wp.kristdemokraterna.se\/sundbyberg\/vara-foretradare\/#primaryimage","url":"https:\/\/wp.kristdemokraterna.se\/sundbyberg\/files\/2025\/04\/img_5765-scaled.jpeg","contentUrl":"https:\/\/wp.kristdemokraterna.se\/sundbyberg\/files\/2025\/04\/img_5765-scaled.jpeg","width":1920,"height":2560},{"@type":"BreadcrumbList","@id":"https:\/\/wp.kristdemokraterna.se\/sundbyberg\/vara-foretradare\/#breadcrumb","itemListElement":[{"@type":"ListItem","position":1,"name":"Hem","item":"https:\/\/wp.kristdemokraterna.se\/sundbyberg\/"},{"@type":"ListItem","position":2,"name":"Våra företrädare"}]},{"@type":"WebSite","@id":"https:\/\/wp.kristdemokraterna.se\/sundbyberg\/#website","url":"https:\/\/wp.kristdemokraterna.se\/sundbyberg\/","name":"Sundbyberg","description":"En till Kristdemokraterna webbplats","inLanguage":"sv-SE"}]}</script>
<!-- / Yoast SEO plugin. -->

Våra företrädare - Sundbyberg

Kontakta oss gärna! Daniel Wiström &#8211; Gruppledare och oppositionsråd daniel.wistrom@kristdemokraterna.se 08-706 80 65 Maria Bohman Kreij &#8211; Ordförande maria.bohman@sundbyberg.se Kristdemokraterna i Sundbyberg c/o Sundbyberg stad Östra Madenvägen 4 172 92 Sundbyberg
