{"id":363,"date":"2025-03-04T16:11:27","date_gmt":"2025-03-04T15:11:27","guid":{"rendered":"http:\/\/wp.kristdemokraterna.se\/svedala\/?page_id=363"},"modified":"2026-02-12T14:11:49","modified_gmt":"2026-02-12T13:11:49","slug":"kontakta-oss-2","status":"publish","type":"page","link":"https:\/\/wp.kristdemokraterna.se\/svedala\/om-oss\/arsmote\/kontakta-oss-2\/","title":{"rendered":"Kontakt"},"content":{"rendered":"<p><b>V\u00e4lkommen att kontakta oss,<\/b><br \/>\n<a href=\"mailto:anja.malmqvist@kristdemokraterna.se\" target=\"_blank\" rel=\"noopener\">svedala@kristdemokraterna.se<\/a><\/p>\n<p>&nbsp;<\/p>\n","protected":false},"excerpt":{"rendered":"<p>V\u00e4lkommen att kontakta oss, svedala@kristdemokraterna.se &nbsp;<\/p>\n","protected":false},"author":945,"featured_media":0,"parent":361,"menu_order":0,"comment_status":"closed","ping_status":"closed","template":"page.php","meta":{"_acf_changed":false,"footnotes":""},"class_list":["post-363","page","type-page","status-publish","hentry"],"acf":[],"yoast_head":"<!-- This site is optimized with the Yoast SEO plugin v27.4 - https:\/\/yoast.com\/product\/yoast-seo-wordpress\/ -->\n<title>Kontakt - Kristdemokraterna | Svedala<\/title>\n<meta name=\"robots\" content=\"index, follow, max-snippet:-1, max-image-preview:large, max-video-preview:-1\" \/>\n<link rel=\"canonical\" href=\"https:\/\/wp.kristdemokraterna.se\/svedala\/om-oss\/arsmote\/kontakta-oss-2\/\" \/>\n<meta property=\"og:locale\" content=\"sv_SE\" \/>\n<meta property=\"og:type\" content=\"article\" \/>\n<meta property=\"og:title\" content=\"Kontakt - Kristdemokraterna | Svedala\" \/>\n<meta property=\"og:description\" content=\"V\u00e4lkommen att kontakta oss, svedala@kristdemokraterna.se &nbsp;\" \/>\n<meta property=\"og:url\" content=\"https:\/\/wp.kristdemokraterna.se\/svedala\/om-oss\/arsmote\/kontakta-oss-2\/\" \/>\n<meta property=\"og:site_name\" content=\"Kristdemokraterna | Svedala\" \/>\n<meta property=\"article:modified_time\" content=\"2026-02-12T13:11:49+00:00\" \/>\n<meta name=\"twitter:card\" content=\"summary_large_image\" \/>\n<meta name=\"twitter:label1\" content=\"Ber\u00e4knad l\u00e4stid\" \/>\n\t<meta name=\"twitter:data1\" content=\"1 minut\" \/>\n<script type=\"application\/ld+json\" class=\"yoast-schema-graph\">{\"@context\":\"https:\\\/\\\/schema.org\",\"@graph\":[{\"@type\":\"WebPage\",\"@id\":\"https:\\\/\\\/wp.kristdemokraterna.se\\\/svedala\\\/om-oss\\\/arsmote\\\/kontakta-oss-2\\\/\",\"url\":\"https:\\\/\\\/wp.kristdemokraterna.se\\\/svedala\\\/om-oss\\\/arsmote\\\/kontakta-oss-2\\\/\",\"name\":\"Kontakt - Kristdemokraterna | Svedala\",\"isPartOf\":{\"@id\":\"https:\\\/\\\/wp.kristdemokraterna.se\\\/svedala\\\/#website\"},\"datePublished\":\"2025-03-04T15:11:27+00:00\",\"dateModified\":\"2026-02-12T13:11:49+00:00\",\"breadcrumb\":{\"@id\":\"https:\\\/\\\/wp.kristdemokraterna.se\\\/svedala\\\/om-oss\\\/arsmote\\\/kontakta-oss-2\\\/#breadcrumb\"},\"inLanguage\":\"sv-SE\",\"potentialAction\":[{\"@type\":\"ReadAction\",\"target\":[\"https:\\\/\\\/wp.kristdemokraterna.se\\\/svedala\\\/om-oss\\\/arsmote\\\/kontakta-oss-2\\\/\"]}]},{\"@type\":\"BreadcrumbList\",\"@id\":\"https:\\\/\\\/wp.kristdemokraterna.se\\\/svedala\\\/om-oss\\\/arsmote\\\/kontakta-oss-2\\\/#breadcrumb\",\"itemListElement\":[{\"@type\":\"ListItem\",\"position\":1,\"name\":\"Hem\",\"item\":\"https:\\\/\\\/wp.kristdemokraterna.se\\\/svedala\\\/\"},{\"@type\":\"ListItem\",\"position\":2,\"name\":\"Om oss\",\"item\":\"https:\\\/\\\/wp.kristdemokraterna.se\\\/svedala\\\/om-oss\\\/\"},{\"@type\":\"ListItem\",\"position\":3,\"name\":\"\u00c5rsm\u00f6te\",\"item\":\"https:\\\/\\\/wp.kristdemokraterna.se\\\/svedala\\\/om-oss\\\/arsmote\\\/\"},{\"@type\":\"ListItem\",\"position\":4,\"name\":\"Kontakt\"}]},{\"@type\":\"WebSite\",\"@id\":\"https:\\\/\\\/wp.kristdemokraterna.se\\\/svedala\\\/#website\",\"url\":\"https:\\\/\\\/wp.kristdemokraterna.se\\\/svedala\\\/\",\"name\":\"Kristdemokraterna | Svedala\",\"description\":\"Ett Svedala d\u00e4r n\u00e4rhet, ansvar och omtanke f\u00e5r styra \u2013 inte storskalighet och centralisering\",\"inLanguage\":\"sv-SE\"}]}<\/script>\n<!-- \/ Yoast SEO plugin. -->","yoast_head_json":{"title":"Kontakt - Kristdemokraterna | Svedala","robots":{"index":"index","follow":"follow","max-snippet":"max-snippet:-1","max-image-preview":"max-image-preview:large","max-video-preview":"max-video-preview:-1"},"canonical":"https:\/\/wp.kristdemokraterna.se\/svedala\/om-oss\/arsmote\/kontakta-oss-2\/","og_locale":"sv_SE","og_type":"article","og_title":"Kontakt - Kristdemokraterna | Svedala","og_description":"V\u00e4lkommen att kontakta oss, svedala@kristdemokraterna.se &nbsp;","og_url":"https:\/\/wp.kristdemokraterna.se\/svedala\/om-oss\/arsmote\/kontakta-oss-2\/","og_site_name":"Kristdemokraterna | Svedala","article_modified_time":"2026-02-12T13:11:49+00:00","twitter_card":"summary_large_image","twitter_misc":{"Ber\u00e4knad l\u00e4stid":"1 minut"},"schema":{"@context":"https:\/\/schema.org","@graph":[{"@type":"WebPage","@id":"https:\/\/wp.kristdemokraterna.se\/svedala\/om-oss\/arsmote\/kontakta-oss-2\/","url":"https:\/\/wp.kristdemokraterna.se\/svedala\/om-oss\/arsmote\/kontakta-oss-2\/","name":"Kontakt - Kristdemokraterna | Svedala","isPartOf":{"@id":"https:\/\/wp.kristdemokraterna.se\/svedala\/#website"},"datePublished":"2025-03-04T15:11:27+00:00","dateModified":"2026-02-12T13:11:49+00:00","breadcrumb":{"@id":"https:\/\/wp.kristdemokraterna.se\/svedala\/om-oss\/arsmote\/kontakta-oss-2\/#breadcrumb"},"inLanguage":"sv-SE","potentialAction":[{"@type":"ReadAction","target":["https:\/\/wp.kristdemokraterna.se\/svedala\/om-oss\/arsmote\/kontakta-oss-2\/"]}]},{"@type":"BreadcrumbList","@id":"https:\/\/wp.kristdemokraterna.se\/svedala\/om-oss\/arsmote\/kontakta-oss-2\/#breadcrumb","itemListElement":[{"@type":"ListItem","position":1,"name":"Hem","item":"https:\/\/wp.kristdemokraterna.se\/svedala\/"},{"@type":"ListItem","position":2,"name":"Om oss","item":"https:\/\/wp.kristdemokraterna.se\/svedala\/om-oss\/"},{"@type":"ListItem","position":3,"name":"\u00c5rsm\u00f6te","item":"https:\/\/wp.kristdemokraterna.se\/svedala\/om-oss\/arsmote\/"},{"@type":"ListItem","position":4,"name":"Kontakt"}]},{"@type":"WebSite","@id":"https:\/\/wp.kristdemokraterna.se\/svedala\/#website","url":"https:\/\/wp.kristdemokraterna.se\/svedala\/","name":"Kristdemokraterna | Svedala","description":"Ett Svedala d\u00e4r n\u00e4rhet, ansvar och omtanke f\u00e5r styra \u2013 inte storskalighet och centralisering","inLanguage":"sv-SE"}]}},"_links":{"self":[{"href":"https:\/\/wp.kristdemokraterna.se\/svedala\/wp-json\/wp\/v2\/pages\/363","targetHints":{"allow":["GET"]}}],"collection":[{"href":"https:\/\/wp.kristdemokraterna.se\/svedala\/wp-json\/wp\/v2\/pages"}],"about":[{"href":"https:\/\/wp.kristdemokraterna.se\/svedala\/wp-json\/wp\/v2\/types\/page"}],"author":[{"embeddable":true,"href":"https:\/\/wp.kristdemokraterna.se\/svedala\/wp-json\/wp\/v2\/users\/945"}],"replies":[{"embeddable":true,"href":"https:\/\/wp.kristdemokraterna.se\/svedala\/wp-json\/wp\/v2\/comments?post=363"}],"version-history":[{"count":6,"href":"https:\/\/wp.kristdemokraterna.se\/svedala\/wp-json\/wp\/v2\/pages\/363\/revisions"}],"predecessor-version":[{"id":744,"href":"https:\/\/wp.kristdemokraterna.se\/svedala\/wp-json\/wp\/v2\/pages\/363\/revisions\/744"}],"up":[{"embeddable":true,"href":"https:\/\/wp.kristdemokraterna.se\/svedala\/wp-json\/wp\/v2\/pages\/361"}],"wp:attachment":[{"href":"https:\/\/wp.kristdemokraterna.se\/svedala\/wp-json\/wp\/v2\/media?parent=363"}],"curies":[{"name":"wp","href":"https:\/\/api.w.org\/{rel}","templated":true}]}}

<p><b>Välkommen att kontakta oss,</b><br />
<a href="mailto:anja.malmqvist@kristdemokraterna.se" target="_blank" rel="noopener">svedala@kristdemokraterna.se</a></p>
<p>&nbsp;</p>

<p>Välkommen att kontakta oss, svedala@kristdemokraterna.se &nbsp;</p>

<!-- This site is optimized with the Yoast SEO plugin v27.4 - https://yoast.com/product/yoast-seo-wordpress/ -->
<title>Kontakt - Kristdemokraterna | Svedala</title>
<meta name="robots" content="index, follow, max-snippet:-1, max-image-preview:large, max-video-preview:-1" />
<link rel="canonical" href="https://wp.kristdemokraterna.se/svedala/om-oss/arsmote/kontakta-oss-2/" />
<meta property="og:locale" content="sv_SE" />
<meta property="og:type" content="article" />
<meta property="og:title" content="Kontakt - Kristdemokraterna | Svedala" />
<meta property="og:description" content="Välkommen att kontakta oss, svedala@kristdemokraterna.se &nbsp;" />
<meta property="og:url" content="https://wp.kristdemokraterna.se/svedala/om-oss/arsmote/kontakta-oss-2/" />
<meta property="og:site_name" content="Kristdemokraterna | Svedala" />
<meta property="article:modified_time" content="2026-02-12T13:11:49+00:00" />
<meta name="twitter:card" content="summary_large_image" />
<meta name="twitter:label1" content="Beräknad lästid" />
	<meta name="twitter:data1" content="1 minut" />
<script type="application/ld+json" class="yoast-schema-graph">{"@context":"https:\/\/schema.org","@graph":[{"@type":"WebPage","@id":"https:\/\/wp.kristdemokraterna.se\/svedala\/om-oss\/arsmote\/kontakta-oss-2\/","url":"https:\/\/wp.kristdemokraterna.se\/svedala\/om-oss\/arsmote\/kontakta-oss-2\/","name":"Kontakt - Kristdemokraterna | Svedala","isPartOf":{"@id":"https:\/\/wp.kristdemokraterna.se\/svedala\/#website"},"datePublished":"2025-03-04T15:11:27+00:00","dateModified":"2026-02-12T13:11:49+00:00","breadcrumb":{"@id":"https:\/\/wp.kristdemokraterna.se\/svedala\/om-oss\/arsmote\/kontakta-oss-2\/#breadcrumb"},"inLanguage":"sv-SE","potentialAction":[{"@type":"ReadAction","target":["https:\/\/wp.kristdemokraterna.se\/svedala\/om-oss\/arsmote\/kontakta-oss-2\/"]}]},{"@type":"BreadcrumbList","@id":"https:\/\/wp.kristdemokraterna.se\/svedala\/om-oss\/arsmote\/kontakta-oss-2\/#breadcrumb","itemListElement":[{"@type":"ListItem","position":1,"name":"Hem","item":"https:\/\/wp.kristdemokraterna.se\/svedala\/"},{"@type":"ListItem","position":2,"name":"Om oss","item":"https:\/\/wp.kristdemokraterna.se\/svedala\/om-oss\/"},{"@type":"ListItem","position":3,"name":"Årsmöte","item":"https:\/\/wp.kristdemokraterna.se\/svedala\/om-oss\/arsmote\/"},{"@type":"ListItem","position":4,"name":"Kontakt"}]},{"@type":"WebSite","@id":"https:\/\/wp.kristdemokraterna.se\/svedala\/#website","url":"https:\/\/wp.kristdemokraterna.se\/svedala\/","name":"Kristdemokraterna | Svedala","description":"Ett Svedala där närhet, ansvar och omtanke får styra – inte storskalighet och centralisering","inLanguage":"sv-SE"}]}</script>
<!-- / Yoast SEO plugin. -->

Välkommen att kontakta oss, svedala@kristdemokraterna.se &nbsp;

Årsmöte

Ett Svedala där närhet, ansvar och omtanke får styra – inte storskalighet och centralisering
