{"id":862,"date":"2025-11-21T11:56:38","date_gmt":"2025-11-21T10:56:38","guid":{"rendered":"https:\/\/wp.kristdemokraterna.se\/svedala\/?page_id=862"},"modified":"2025-11-21T16:39:47","modified_gmt":"2025-11-21T15:39:47","slug":"anmalan-nyhetsbrev","status":"publish","type":"page","link":"https:\/\/wp.kristdemokraterna.se\/svedala\/anmalan-nyhetsbrev\/","title":{"rendered":"Nyhetsbrev"},"content":{"rendered":"<h4>Anm\u00e4l dig h\u00e4r f\u00f6r att f\u00e5 information om politiken, kommunens utveckling och aktuella fr\u00e5gor som ber\u00f6r dig och din vardag. Vi h\u00f6r av oss med nyheter, insikter och uppdateringar \u2013 direkt till din inkorg.<\/h4>\n\n<div class=\"wpcf7 no-js\" id=\"wpcf7-f886-o1\" lang=\"sv-SE\" dir=\"ltr\" data-wpcf7-id=\"886\">\n<div class=\"screen-reader-response\"><p role=\"status\" aria-live=\"polite\" aria-atomic=\"true\"><\/p> <ul><\/ul><\/div>\n<form action=\"\/svedala\/wp-json\/wp\/v2\/pages\/862#wpcf7-f886-o1\" method=\"post\" class=\"wpcf7-form init\" aria-label=\"Kontaktformul\u00e4r\" novalidate=\"novalidate\" data-status=\"init\">\n<fieldset class=\"hidden-fields-container\"><input type=\"hidden\" name=\"_wpcf7\" value=\"886\" \/><input type=\"hidden\" name=\"_wpcf7_version\" value=\"6.1.5\" \/><input type=\"hidden\" name=\"_wpcf7_locale\" value=\"sv_SE\" \/><input type=\"hidden\" name=\"_wpcf7_unit_tag\" value=\"wpcf7-f886-o1\" \/><input type=\"hidden\" name=\"_wpcf7_container_post\" value=\"0\" \/><input type=\"hidden\" name=\"_wpcf7_posted_data_hash\" value=\"\" \/>\n<\/fieldset>\n<p><label> Ditt namn<br \/>\n<span class=\"wpcf7-form-control-wrap\" data-name=\"your-name\"><input size=\"40\" maxlength=\"400\" class=\"wpcf7-form-control wpcf7-text wpcf7-validates-as-required\" autocomplete=\"name\" aria-required=\"true\" aria-invalid=\"false\" value=\"\" type=\"text\" name=\"your-name\" \/><\/span> <\/label>\n<\/p>\n<p><label> Din e-post<br \/>\n<span class=\"wpcf7-form-control-wrap\" data-name=\"your-email\"><input size=\"40\" maxlength=\"400\" class=\"wpcf7-form-control wpcf7-email wpcf7-validates-as-required wpcf7-text wpcf7-validates-as-email\" autocomplete=\"email\" aria-required=\"true\" aria-invalid=\"false\" value=\"\" type=\"email\" name=\"your-email\" \/><\/span> <\/label>\n<\/p>\n<p><span class=\"wpcf7-form-control-wrap\" data-name=\"acceptance-595\"><span class=\"wpcf7-form-control wpcf7-acceptance\"><span class=\"wpcf7-list-item\"><label><input type=\"checkbox\" name=\"acceptance-595\" value=\"1\" aria-invalid=\"false\" \/><span class=\"wpcf7-list-item-label\">Genom att fylla i ditt namn och din e-postadress samtycker du till att vi lagrar och anv\u00e4nder uppgifterna f\u00f6r att skicka nyheter och information om v\u00e5rt lokala arbete i Svedala. Vi behandlar dina personuppgifter i enlighet med GDPR och du kan n\u00e4r som helst avregistrera dig eller beg\u00e4ra att vi raderar dina uppgifter.<\/span><\/label><\/span><\/span><\/span>\n<\/p>\n<p><input class=\"wpcf7-form-control wpcf7-submit has-spinner\" type=\"submit\" value=\"Skicka\" \/>\n<\/p><div class=\"wpcf7-response-output\" aria-hidden=\"true\"><\/div>\n<\/form>\n<\/div>\n\n","protected":false},"excerpt":{"rendered":"<p>Anm\u00e4l dig h\u00e4r f\u00f6r att f\u00e5 information om politiken, kommunens utveckling och aktuella fr\u00e5gor som ber\u00f6r dig och din vardag. Vi h\u00f6r av oss med nyheter, insikter och uppdateringar \u2013 direkt till din inkorg.<\/p>\n","protected":false},"author":945,"featured_media":0,"parent":0,"menu_order":0,"comment_status":"closed","ping_status":"closed","template":"","meta":{"_acf_changed":false,"footnotes":""},"class_list":["post-862","page","type-page","status-publish","hentry"],"acf":[],"yoast_head":"<!-- This site is optimized with the Yoast SEO plugin v27.4 - https:\/\/yoast.com\/product\/yoast-seo-wordpress\/ -->\n<title>Nyhetsbrev - Kristdemokraterna | Svedala<\/title>\n<meta name=\"description\" content=\"Anm\u00e4l dig f\u00f6r att f\u00e5 nyheter om Svedalas utveckling, lokalpolitik och aktuella fr\u00e5gor. H\u00e5ll dig uppdaterad om beslut, l\u00e4get i kommunen och vad som \u00e4r p\u00e5 g\u00e5ng.\" \/>\n<meta name=\"robots\" content=\"index, follow, max-snippet:-1, max-image-preview:large, max-video-preview:-1\" \/>\n<link rel=\"canonical\" href=\"https:\/\/wp.kristdemokraterna.se\/svedala\/anmalan-nyhetsbrev\/\" \/>\n<meta property=\"og:locale\" content=\"sv_SE\" \/>\n<meta property=\"og:type\" content=\"article\" \/>\n<meta property=\"og:title\" content=\"Nyhetsbrev - Kristdemokraterna | Svedala\" \/>\n<meta property=\"og:description\" content=\"Anm\u00e4l dig f\u00f6r att f\u00e5 nyheter om Svedalas utveckling, lokalpolitik och aktuella fr\u00e5gor. H\u00e5ll dig uppdaterad om beslut, l\u00e4get i kommunen och vad som \u00e4r p\u00e5 g\u00e5ng.\" \/>\n<meta property=\"og:url\" content=\"https:\/\/wp.kristdemokraterna.se\/svedala\/anmalan-nyhetsbrev\/\" \/>\n<meta property=\"og:site_name\" content=\"Kristdemokraterna | Svedala\" \/>\n<meta property=\"article:modified_time\" content=\"2025-11-21T15:39:47+00:00\" \/>\n<meta name=\"twitter:card\" content=\"summary_large_image\" \/>\n<meta name=\"twitter:label1\" content=\"Ber\u00e4knad l\u00e4stid\" \/>\n\t<meta name=\"twitter:data1\" content=\"1 minut\" \/>\n<script type=\"application\/ld+json\" class=\"yoast-schema-graph\">{\"@context\":\"https:\\\/\\\/schema.org\",\"@graph\":[{\"@type\":\"WebPage\",\"@id\":\"https:\\\/\\\/wp.kristdemokraterna.se\\\/svedala\\\/anmalan-nyhetsbrev\\\/\",\"url\":\"https:\\\/\\\/wp.kristdemokraterna.se\\\/svedala\\\/anmalan-nyhetsbrev\\\/\",\"name\":\"Nyhetsbrev - Kristdemokraterna | Svedala\",\"isPartOf\":{\"@id\":\"https:\\\/\\\/wp.kristdemokraterna.se\\\/svedala\\\/#website\"},\"datePublished\":\"2025-11-21T10:56:38+00:00\",\"dateModified\":\"2025-11-21T15:39:47+00:00\",\"description\":\"Anm\u00e4l dig f\u00f6r att f\u00e5 nyheter om Svedalas utveckling, lokalpolitik och aktuella fr\u00e5gor. H\u00e5ll dig uppdaterad om beslut, l\u00e4get i kommunen och vad som \u00e4r p\u00e5 g\u00e5ng.\",\"breadcrumb\":{\"@id\":\"https:\\\/\\\/wp.kristdemokraterna.se\\\/svedala\\\/anmalan-nyhetsbrev\\\/#breadcrumb\"},\"inLanguage\":\"sv-SE\",\"potentialAction\":[{\"@type\":\"ReadAction\",\"target\":[\"https:\\\/\\\/wp.kristdemokraterna.se\\\/svedala\\\/anmalan-nyhetsbrev\\\/\"]}]},{\"@type\":\"BreadcrumbList\",\"@id\":\"https:\\\/\\\/wp.kristdemokraterna.se\\\/svedala\\\/anmalan-nyhetsbrev\\\/#breadcrumb\",\"itemListElement\":[{\"@type\":\"ListItem\",\"position\":1,\"name\":\"Hem\",\"item\":\"https:\\\/\\\/wp.kristdemokraterna.se\\\/svedala\\\/\"},{\"@type\":\"ListItem\",\"position\":2,\"name\":\"Nyhetsbrev\"}]},{\"@type\":\"WebSite\",\"@id\":\"https:\\\/\\\/wp.kristdemokraterna.se\\\/svedala\\\/#website\",\"url\":\"https:\\\/\\\/wp.kristdemokraterna.se\\\/svedala\\\/\",\"name\":\"Kristdemokraterna | Svedala\",\"description\":\"Ett Svedala d\u00e4r n\u00e4rhet, ansvar och omtanke f\u00e5r styra \u2013 inte storskalighet och centralisering\",\"inLanguage\":\"sv-SE\"}]}<\/script>\n<!-- \/ Yoast SEO plugin. -->","yoast_head_json":{"title":"Nyhetsbrev - Kristdemokraterna | Svedala","description":"Anm\u00e4l dig f\u00f6r att f\u00e5 nyheter om Svedalas utveckling, lokalpolitik och aktuella fr\u00e5gor. H\u00e5ll dig uppdaterad om beslut, l\u00e4get i kommunen och vad som \u00e4r p\u00e5 g\u00e5ng.","robots":{"index":"index","follow":"follow","max-snippet":"max-snippet:-1","max-image-preview":"max-image-preview:large","max-video-preview":"max-video-preview:-1"},"canonical":"https:\/\/wp.kristdemokraterna.se\/svedala\/anmalan-nyhetsbrev\/","og_locale":"sv_SE","og_type":"article","og_title":"Nyhetsbrev - Kristdemokraterna | Svedala","og_description":"Anm\u00e4l dig f\u00f6r att f\u00e5 nyheter om Svedalas utveckling, lokalpolitik och aktuella fr\u00e5gor. H\u00e5ll dig uppdaterad om beslut, l\u00e4get i kommunen och vad som \u00e4r p\u00e5 g\u00e5ng.","og_url":"https:\/\/wp.kristdemokraterna.se\/svedala\/anmalan-nyhetsbrev\/","og_site_name":"Kristdemokraterna | Svedala","article_modified_time":"2025-11-21T15:39:47+00:00","twitter_card":"summary_large_image","twitter_misc":{"Ber\u00e4knad l\u00e4stid":"1 minut"},"schema":{"@context":"https:\/\/schema.org","@graph":[{"@type":"WebPage","@id":"https:\/\/wp.kristdemokraterna.se\/svedala\/anmalan-nyhetsbrev\/","url":"https:\/\/wp.kristdemokraterna.se\/svedala\/anmalan-nyhetsbrev\/","name":"Nyhetsbrev - Kristdemokraterna | Svedala","isPartOf":{"@id":"https:\/\/wp.kristdemokraterna.se\/svedala\/#website"},"datePublished":"2025-11-21T10:56:38+00:00","dateModified":"2025-11-21T15:39:47+00:00","description":"Anm\u00e4l dig f\u00f6r att f\u00e5 nyheter om Svedalas utveckling, lokalpolitik och aktuella fr\u00e5gor. H\u00e5ll dig uppdaterad om beslut, l\u00e4get i kommunen och vad som \u00e4r p\u00e5 g\u00e5ng.","breadcrumb":{"@id":"https:\/\/wp.kristdemokraterna.se\/svedala\/anmalan-nyhetsbrev\/#breadcrumb"},"inLanguage":"sv-SE","potentialAction":[{"@type":"ReadAction","target":["https:\/\/wp.kristdemokraterna.se\/svedala\/anmalan-nyhetsbrev\/"]}]},{"@type":"BreadcrumbList","@id":"https:\/\/wp.kristdemokraterna.se\/svedala\/anmalan-nyhetsbrev\/#breadcrumb","itemListElement":[{"@type":"ListItem","position":1,"name":"Hem","item":"https:\/\/wp.kristdemokraterna.se\/svedala\/"},{"@type":"ListItem","position":2,"name":"Nyhetsbrev"}]},{"@type":"WebSite","@id":"https:\/\/wp.kristdemokraterna.se\/svedala\/#website","url":"https:\/\/wp.kristdemokraterna.se\/svedala\/","name":"Kristdemokraterna | Svedala","description":"Ett Svedala d\u00e4r n\u00e4rhet, ansvar och omtanke f\u00e5r styra \u2013 inte storskalighet och centralisering","inLanguage":"sv-SE"}]}},"_links":{"self":[{"href":"https:\/\/wp.kristdemokraterna.se\/svedala\/wp-json\/wp\/v2\/pages\/862","targetHints":{"allow":["GET"]}}],"collection":[{"href":"https:\/\/wp.kristdemokraterna.se\/svedala\/wp-json\/wp\/v2\/pages"}],"about":[{"href":"https:\/\/wp.kristdemokraterna.se\/svedala\/wp-json\/wp\/v2\/types\/page"}],"author":[{"embeddable":true,"href":"https:\/\/wp.kristdemokraterna.se\/svedala\/wp-json\/wp\/v2\/users\/945"}],"replies":[{"embeddable":true,"href":"https:\/\/wp.kristdemokraterna.se\/svedala\/wp-json\/wp\/v2\/comments?post=862"}],"version-history":[{"count":7,"href":"https:\/\/wp.kristdemokraterna.se\/svedala\/wp-json\/wp\/v2\/pages\/862\/revisions"}],"predecessor-version":[{"id":888,"href":"https:\/\/wp.kristdemokraterna.se\/svedala\/wp-json\/wp\/v2\/pages\/862\/revisions\/888"}],"wp:attachment":[{"href":"https:\/\/wp.kristdemokraterna.se\/svedala\/wp-json\/wp\/v2\/media?parent=862"}],"curies":[{"name":"wp","href":"https:\/\/api.w.org\/{rel}","templated":true}]}}

<h4>Anmäl dig här för att få information om politiken, kommunens utveckling och aktuella frågor som berör dig och din vardag. Vi hör av oss med nyheter, insikter och uppdateringar – direkt till din inkorg.</h4>

<div class="wpcf7 no-js" id="wpcf7-f886-o1" lang="sv-SE" dir="ltr" data-wpcf7-id="886">
<div class="screen-reader-response"><p role="status" aria-live="polite" aria-atomic="true"></p> <ul></ul></div>
<form action="/svedala/wp-json/wp/v2/pages/862#wpcf7-f886-o1" method="post" class="wpcf7-form init" aria-label="Kontaktformulär" novalidate="novalidate" data-status="init">
<fieldset class="hidden-fields-container"><input type="hidden" name="_wpcf7" value="886" /><input type="hidden" name="_wpcf7_version" value="6.1.5" /><input type="hidden" name="_wpcf7_locale" value="sv_SE" /><input type="hidden" name="_wpcf7_unit_tag" value="wpcf7-f886-o1" /><input type="hidden" name="_wpcf7_container_post" value="0" /><input type="hidden" name="_wpcf7_posted_data_hash" value="" />
</fieldset>
<p><label> Ditt namn<br />
<span class="wpcf7-form-control-wrap" data-name="your-name"><input size="40" maxlength="400" class="wpcf7-form-control wpcf7-text wpcf7-validates-as-required" autocomplete="name" aria-required="true" aria-invalid="false" value="" type="text" name="your-name" /></span> </label>
</p>
<p><label> Din e-post<br />
<span class="wpcf7-form-control-wrap" data-name="your-email"><input size="40" maxlength="400" class="wpcf7-form-control wpcf7-email wpcf7-validates-as-required wpcf7-text wpcf7-validates-as-email" autocomplete="email" aria-required="true" aria-invalid="false" value="" type="email" name="your-email" /></span> </label>
</p>
<p><span class="wpcf7-form-control-wrap" data-name="acceptance-595"><span class="wpcf7-form-control wpcf7-acceptance"><span class="wpcf7-list-item"><label><input type="checkbox" name="acceptance-595" value="1" aria-invalid="false" /><span class="wpcf7-list-item-label">Genom att fylla i ditt namn och din e-postadress samtycker du till att vi lagrar och använder uppgifterna för att skicka nyheter och information om vårt lokala arbete i Svedala. Vi behandlar dina personuppgifter i enlighet med GDPR och du kan när som helst avregistrera dig eller begära att vi raderar dina uppgifter.</span></label></span></span></span>
</p>
<p><input class="wpcf7-form-control wpcf7-submit has-spinner" type="submit" value="Skicka" />
</p><div class="wpcf7-response-output" aria-hidden="true"></div>
</form>
</div>

<p>Anmäl dig här för att få information om politiken, kommunens utveckling och aktuella frågor som berör dig och din vardag. Vi hör av oss med nyheter, insikter och uppdateringar – direkt till din inkorg.</p>

<!-- This site is optimized with the Yoast SEO plugin v27.4 - https://yoast.com/product/yoast-seo-wordpress/ -->
<title>Nyhetsbrev - Kristdemokraterna | Svedala</title>
<meta name="description" content="Anmäl dig för att få nyheter om Svedalas utveckling, lokalpolitik och aktuella frågor. Håll dig uppdaterad om beslut, läget i kommunen och vad som är på gång." />
<meta name="robots" content="index, follow, max-snippet:-1, max-image-preview:large, max-video-preview:-1" />
<link rel="canonical" href="https://wp.kristdemokraterna.se/svedala/anmalan-nyhetsbrev/" />
<meta property="og:locale" content="sv_SE" />
<meta property="og:type" content="article" />
<meta property="og:title" content="Nyhetsbrev - Kristdemokraterna | Svedala" />
<meta property="og:description" content="Anmäl dig för att få nyheter om Svedalas utveckling, lokalpolitik och aktuella frågor. Håll dig uppdaterad om beslut, läget i kommunen och vad som är på gång." />
<meta property="og:url" content="https://wp.kristdemokraterna.se/svedala/anmalan-nyhetsbrev/" />
<meta property="og:site_name" content="Kristdemokraterna | Svedala" />
<meta property="article:modified_time" content="2025-11-21T15:39:47+00:00" />
<meta name="twitter:card" content="summary_large_image" />
<meta name="twitter:label1" content="Beräknad lästid" />
	<meta name="twitter:data1" content="1 minut" />
<script type="application/ld+json" class="yoast-schema-graph">{"@context":"https:\/\/schema.org","@graph":[{"@type":"WebPage","@id":"https:\/\/wp.kristdemokraterna.se\/svedala\/anmalan-nyhetsbrev\/","url":"https:\/\/wp.kristdemokraterna.se\/svedala\/anmalan-nyhetsbrev\/","name":"Nyhetsbrev - Kristdemokraterna | Svedala","isPartOf":{"@id":"https:\/\/wp.kristdemokraterna.se\/svedala\/#website"},"datePublished":"2025-11-21T10:56:38+00:00","dateModified":"2025-11-21T15:39:47+00:00","description":"Anmäl dig för att få nyheter om Svedalas utveckling, lokalpolitik och aktuella frågor. Håll dig uppdaterad om beslut, läget i kommunen och vad som är på gång.","breadcrumb":{"@id":"https:\/\/wp.kristdemokraterna.se\/svedala\/anmalan-nyhetsbrev\/#breadcrumb"},"inLanguage":"sv-SE","potentialAction":[{"@type":"ReadAction","target":["https:\/\/wp.kristdemokraterna.se\/svedala\/anmalan-nyhetsbrev\/"]}]},{"@type":"BreadcrumbList","@id":"https:\/\/wp.kristdemokraterna.se\/svedala\/anmalan-nyhetsbrev\/#breadcrumb","itemListElement":[{"@type":"ListItem","position":1,"name":"Hem","item":"https:\/\/wp.kristdemokraterna.se\/svedala\/"},{"@type":"ListItem","position":2,"name":"Nyhetsbrev"}]},{"@type":"WebSite","@id":"https:\/\/wp.kristdemokraterna.se\/svedala\/#website","url":"https:\/\/wp.kristdemokraterna.se\/svedala\/","name":"Kristdemokraterna | Svedala","description":"Ett Svedala där närhet, ansvar och omtanke får styra – inte storskalighet och centralisering","inLanguage":"sv-SE"}]}</script>
<!-- / Yoast SEO plugin. -->

Anmäl dig för att få nyheter om Svedalas utveckling, lokalpolitik och aktuella frågor. Håll dig uppdaterad om beslut, läget i kommunen och vad som är på gång.

Ett Svedala där närhet, ansvar och omtanke får styra – inte storskalighet och centralisering
