{"id":853,"date":"2016-11-02T19:14:06","date_gmt":"2016-11-02T18:14:06","guid":{"rendered":"http:\/\/wp.kristdemokraterna.se\/taby\/?page_id=853"},"modified":"2025-08-19T14:49:29","modified_gmt":"2025-08-19T12:49:29","slug":"bli-medlem","status":"publish","type":"page","link":"https:\/\/wp.kristdemokraterna.se\/taby\/bli-medlem\/","title":{"rendered":"Bli medlem"},"content":{"rendered":"<article class=\"col-md-9 page-content\">\n<h3>\u00a0<a href=\"http:\/\/wp.kristdemokraterna.se\/avdelningsmall20140404\/files\/2016\/04\/ebba_frilagd.jpg\"><img loading=\"lazy\" decoding=\"async\" class=\"alignnone size-full wp-image-99\" src=\"http:\/\/wp.kristdemokraterna.se\/avdelningsmall20140404\/files\/2016\/04\/ebba_frilagd.jpg\" alt=\"ebba_frilagd\" width=\"200\" height=\"225\" \/><br \/>\n<\/a>Brinner du f\u00f6r samma fr\u00e5gor som jag?<\/h3>\n<\/article>\n<aside class=\"col-md-3 site-sidebar\">\n<div class=\"sidebar-widget\">\n<div class=\"widget\">\n<p class=\"widgettitle\"><span style=\"font-size: 16px\">Jag gick med i\u00a0Kristdemokraterna f\u00f6r att jag vill v\u00e4rna m\u00e4nniskors r\u00e4tt till sj\u00e4lvbest\u00e4mmande. Varje m\u00e4nniska \u00e4r unik och m\u00e5ste ha r\u00e4tt till mer egenmakt.\u00a0F\u00f6r mig byggs samh\u00e4llet underifr\u00e5n och familjens roll \u00e4r central. D\u00e4rf\u00f6r m\u00e5ste familjerna sj\u00e4lva f\u00e5 best\u00e4mma hur de ska f\u00f6rdela f\u00f6r\u00e4ldraledigheten, p\u00e5 samma s\u00e4tt som \u00e4ldre ska f\u00e5 best\u00e4mma mer \u00f6ver hur de vill ha sin \u00e4ldreomsorg. Idag hotas egenmakten och sj\u00e4lvbest\u00e4mmandet av kl\u00e5fingriga politiker. Det vill jag och Kristdemokraterna s\u00e4tta stopp f\u00f6r.<\/span><\/p>\n<p>Jag hoppas du vill vara med och arbeta f\u00f6r mer\u00a0egenmakt och mer medm\u00e4nsklighet.<br \/>\nG\u00f6r som jag gjorde\u00a0\u2013 bli medlem.<\/p>\n<p><strong>EBBA BUSCH THOR<br \/>\n<\/strong>Partiledare (KD)<\/p>\n<\/div>\n<p><a href=\"https:\/\/kristdemokraterna.se\/engagera-dig\/bli-medlem\/\" target=\"_blank\" rel=\"noopener\">Klicka h\u00e4r f\u00f6r att bli medlem!<\/a><\/p>\n<div class=\"widget\">\n<table id=\"id_matrix\" width=\"\">\n<tbody>\n<tr>\n<td valign=\"top\">Medlemsavgiften \u00e4r 200 kr. I ditt v\u00e4lkomstpaket, som du f\u00e5r hemskickat n\u00e5gon vecka efter att du ans\u00f6kt om medlemskap, finns information om hur du kan betala avgiften. Varmt v\u00e4lkommen med din medlemsans\u00f6kan. Vi f\u00f6ljer GDPR, lagstiftning f\u00f6r behandling av personuppgifter.<\/td>\n<\/tr>\n<tr>\n<td valign=\"top\">Vi anv\u00e4nder inte personnummer som medlemsnummer, utan bara f\u00f6r att s\u00e4kert kunna identifiera en person (22 \u00a7 PuL).<\/td>\n<\/tr>\n<tr>\n<td valign=\"top\">Uppgifterna kommer ej att l\u00e4mnas ut till utomst\u00e5ende personer\/organisationer och kommer bara att anv\u00e4ndas f\u00f6r partianknuten verksamhet (17 \u00a7 PuL). F\u00f6r mer information s\u00e4nd ett e-post till helpdesk@kristdemokraterna.se eller ring 08-723 25 55.<\/td>\n<\/tr>\n<\/tbody>\n<\/table>\n<\/div>\n<div class=\"widget\"><\/div>\n<\/div>\n<\/aside>\n","protected":false},"excerpt":{"rendered":"<p>\u00a0 Brinner du f\u00f6r samma fr\u00e5gor som jag? Jag gick med i\u00a0Kristdemokraterna f\u00f6r att jag vill v\u00e4rna m\u00e4nniskors r\u00e4tt till sj\u00e4lvbest\u00e4mmande. Varje m\u00e4nniska \u00e4r unik och m\u00e5ste ha r\u00e4tt till mer egenmakt.\u00a0F\u00f6r mig byggs samh\u00e4llet underifr\u00e5n och familjens roll \u00e4r central. D\u00e4rf\u00f6r m\u00e5ste familjerna sj\u00e4lva f\u00e5 best\u00e4mma hur de ska f\u00f6rdela f\u00f6r\u00e4ldraledigheten, p\u00e5 samma s\u00e4tt <a class=\"read-more-link\" href=\"https:\/\/wp.kristdemokraterna.se\/taby\/bli-medlem\/\">Read More<\/a><\/p>\n","protected":false},"author":26,"featured_media":1042,"parent":0,"menu_order":0,"comment_status":"closed","ping_status":"closed","template":"","meta":{"_acf_changed":false,"footnotes":""},"class_list":["post-853","page","type-page","status-publish","hentry"],"acf":[],"yoast_head":"<!-- This site is optimized with the Yoast SEO plugin v27.4 - https:\/\/yoast.com\/product\/yoast-seo-wordpress\/ -->\n<title>Bli medlem - T\u00e4by<\/title>\n<meta name=\"robots\" content=\"index, follow, max-snippet:-1, max-image-preview:large, max-video-preview:-1\" \/>\n<link rel=\"canonical\" href=\"https:\/\/wp.kristdemokraterna.se\/taby\/bli-medlem\/\" \/>\n<meta property=\"og:locale\" content=\"sv_SE\" \/>\n<meta property=\"og:type\" content=\"article\" \/>\n<meta property=\"og:title\" content=\"Bli medlem - T\u00e4by\" \/>\n<meta property=\"og:description\" content=\"\u00a0 Brinner du f\u00f6r samma fr\u00e5gor som jag? Jag gick med i\u00a0Kristdemokraterna f\u00f6r att jag vill v\u00e4rna m\u00e4nniskors r\u00e4tt till sj\u00e4lvbest\u00e4mmande. Varje m\u00e4nniska \u00e4r unik och m\u00e5ste ha r\u00e4tt till mer egenmakt.\u00a0F\u00f6r mig byggs samh\u00e4llet underifr\u00e5n och familjens roll \u00e4r central. D\u00e4rf\u00f6r m\u00e5ste familjerna sj\u00e4lva f\u00e5 best\u00e4mma hur de ska f\u00f6rdela f\u00f6r\u00e4ldraledigheten, p\u00e5 samma s\u00e4tt Read More\" \/>\n<meta property=\"og:url\" content=\"https:\/\/wp.kristdemokraterna.se\/taby\/bli-medlem\/\" \/>\n<meta property=\"og:site_name\" content=\"T\u00e4by\" \/>\n<meta property=\"article:modified_time\" content=\"2025-08-19T12:49:29+00:00\" \/>\n<meta property=\"og:image\" content=\"http:\/\/wp.kristdemokraterna.se\/taby\/files\/2017\/04\/coverphoto-closeup-768x318.jpeg\" \/>\n\t<meta property=\"og:image:width\" content=\"768\" \/>\n\t<meta property=\"og:image:height\" content=\"318\" \/>\n\t<meta property=\"og:image:type\" content=\"image\/jpeg\" \/>\n<meta name=\"twitter:card\" content=\"summary_large_image\" \/>\n<meta name=\"twitter:label1\" content=\"Ber\u00e4knad l\u00e4stid\" \/>\n\t<meta name=\"twitter:data1\" content=\"2 minuter\" \/>\n<script type=\"application\/ld+json\" class=\"yoast-schema-graph\">{\"@context\":\"https:\\\/\\\/schema.org\",\"@graph\":[{\"@type\":\"WebPage\",\"@id\":\"https:\\\/\\\/wp.kristdemokraterna.se\\\/taby\\\/bli-medlem\\\/\",\"url\":\"https:\\\/\\\/wp.kristdemokraterna.se\\\/taby\\\/bli-medlem\\\/\",\"name\":\"Bli medlem - T\u00e4by\",\"isPartOf\":{\"@id\":\"https:\\\/\\\/wp.kristdemokraterna.se\\\/taby\\\/#website\"},\"primaryImageOfPage\":{\"@id\":\"https:\\\/\\\/wp.kristdemokraterna.se\\\/taby\\\/bli-medlem\\\/#primaryimage\"},\"image\":{\"@id\":\"https:\\\/\\\/wp.kristdemokraterna.se\\\/taby\\\/bli-medlem\\\/#primaryimage\"},\"thumbnailUrl\":\"https:\\\/\\\/wp.kristdemokraterna.se\\\/taby\\\/files\\\/2017\\\/04\\\/coverphoto-closeup-768x318.jpeg\",\"datePublished\":\"2016-11-02T18:14:06+00:00\",\"dateModified\":\"2025-08-19T12:49:29+00:00\",\"breadcrumb\":{\"@id\":\"https:\\\/\\\/wp.kristdemokraterna.se\\\/taby\\\/bli-medlem\\\/#breadcrumb\"},\"inLanguage\":\"sv-SE\",\"potentialAction\":[{\"@type\":\"ReadAction\",\"target\":[\"https:\\\/\\\/wp.kristdemokraterna.se\\\/taby\\\/bli-medlem\\\/\"]}]},{\"@type\":\"ImageObject\",\"inLanguage\":\"sv-SE\",\"@id\":\"https:\\\/\\\/wp.kristdemokraterna.se\\\/taby\\\/bli-medlem\\\/#primaryimage\",\"url\":\"https:\\\/\\\/wp.kristdemokraterna.se\\\/taby\\\/files\\\/2017\\\/04\\\/coverphoto-closeup-768x318.jpeg\",\"contentUrl\":\"https:\\\/\\\/wp.kristdemokraterna.se\\\/taby\\\/files\\\/2017\\\/04\\\/coverphoto-closeup-768x318.jpeg\",\"width\":768,\"height\":318},{\"@type\":\"BreadcrumbList\",\"@id\":\"https:\\\/\\\/wp.kristdemokraterna.se\\\/taby\\\/bli-medlem\\\/#breadcrumb\",\"itemListElement\":[{\"@type\":\"ListItem\",\"position\":1,\"name\":\"Hem\",\"item\":\"https:\\\/\\\/wp.kristdemokraterna.se\\\/taby\\\/\"},{\"@type\":\"ListItem\",\"position\":2,\"name\":\"Bli medlem\"}]},{\"@type\":\"WebSite\",\"@id\":\"https:\\\/\\\/wp.kristdemokraterna.se\\\/taby\\\/#website\",\"url\":\"https:\\\/\\\/wp.kristdemokraterna.se\\\/taby\\\/\",\"name\":\"T\u00e4by\",\"description\":\"&quot;Det ska vara l\u00e4ttare att f\u00e5 ihop arbetsliv och familjeliv i T\u00e4by&quot;\",\"inLanguage\":\"sv-SE\"}]}<\/script>\n<!-- \/ Yoast SEO plugin. -->","yoast_head_json":{"title":"Bli medlem - T\u00e4by","robots":{"index":"index","follow":"follow","max-snippet":"max-snippet:-1","max-image-preview":"max-image-preview:large","max-video-preview":"max-video-preview:-1"},"canonical":"https:\/\/wp.kristdemokraterna.se\/taby\/bli-medlem\/","og_locale":"sv_SE","og_type":"article","og_title":"Bli medlem - T\u00e4by","og_description":"\u00a0 Brinner du f\u00f6r samma fr\u00e5gor som jag? Jag gick med i\u00a0Kristdemokraterna f\u00f6r att jag vill v\u00e4rna m\u00e4nniskors r\u00e4tt till sj\u00e4lvbest\u00e4mmande. Varje m\u00e4nniska \u00e4r unik och m\u00e5ste ha r\u00e4tt till mer egenmakt.\u00a0F\u00f6r mig byggs samh\u00e4llet underifr\u00e5n och familjens roll \u00e4r central. D\u00e4rf\u00f6r m\u00e5ste familjerna sj\u00e4lva f\u00e5 best\u00e4mma hur de ska f\u00f6rdela f\u00f6r\u00e4ldraledigheten, p\u00e5 samma s\u00e4tt Read More","og_url":"https:\/\/wp.kristdemokraterna.se\/taby\/bli-medlem\/","og_site_name":"T\u00e4by","article_modified_time":"2025-08-19T12:49:29+00:00","og_image":[{"width":768,"height":318,"url":"http:\/\/wp.kristdemokraterna.se\/taby\/files\/2017\/04\/coverphoto-closeup-768x318.jpeg","type":"image\/jpeg"}],"twitter_card":"summary_large_image","twitter_misc":{"Ber\u00e4knad l\u00e4stid":"2 minuter"},"schema":{"@context":"https:\/\/schema.org","@graph":[{"@type":"WebPage","@id":"https:\/\/wp.kristdemokraterna.se\/taby\/bli-medlem\/","url":"https:\/\/wp.kristdemokraterna.se\/taby\/bli-medlem\/","name":"Bli medlem - T\u00e4by","isPartOf":{"@id":"https:\/\/wp.kristdemokraterna.se\/taby\/#website"},"primaryImageOfPage":{"@id":"https:\/\/wp.kristdemokraterna.se\/taby\/bli-medlem\/#primaryimage"},"image":{"@id":"https:\/\/wp.kristdemokraterna.se\/taby\/bli-medlem\/#primaryimage"},"thumbnailUrl":"https:\/\/wp.kristdemokraterna.se\/taby\/files\/2017\/04\/coverphoto-closeup-768x318.jpeg","datePublished":"2016-11-02T18:14:06+00:00","dateModified":"2025-08-19T12:49:29+00:00","breadcrumb":{"@id":"https:\/\/wp.kristdemokraterna.se\/taby\/bli-medlem\/#breadcrumb"},"inLanguage":"sv-SE","potentialAction":[{"@type":"ReadAction","target":["https:\/\/wp.kristdemokraterna.se\/taby\/bli-medlem\/"]}]},{"@type":"ImageObject","inLanguage":"sv-SE","@id":"https:\/\/wp.kristdemokraterna.se\/taby\/bli-medlem\/#primaryimage","url":"https:\/\/wp.kristdemokraterna.se\/taby\/files\/2017\/04\/coverphoto-closeup-768x318.jpeg","contentUrl":"https:\/\/wp.kristdemokraterna.se\/taby\/files\/2017\/04\/coverphoto-closeup-768x318.jpeg","width":768,"height":318},{"@type":"BreadcrumbList","@id":"https:\/\/wp.kristdemokraterna.se\/taby\/bli-medlem\/#breadcrumb","itemListElement":[{"@type":"ListItem","position":1,"name":"Hem","item":"https:\/\/wp.kristdemokraterna.se\/taby\/"},{"@type":"ListItem","position":2,"name":"Bli medlem"}]},{"@type":"WebSite","@id":"https:\/\/wp.kristdemokraterna.se\/taby\/#website","url":"https:\/\/wp.kristdemokraterna.se\/taby\/","name":"T\u00e4by","description":"&quot;Det ska vara l\u00e4ttare att f\u00e5 ihop arbetsliv och familjeliv i T\u00e4by&quot;","inLanguage":"sv-SE"}]}},"_links":{"self":[{"href":"https:\/\/wp.kristdemokraterna.se\/taby\/wp-json\/wp\/v2\/pages\/853","targetHints":{"allow":["GET"]}}],"collection":[{"href":"https:\/\/wp.kristdemokraterna.se\/taby\/wp-json\/wp\/v2\/pages"}],"about":[{"href":"https:\/\/wp.kristdemokraterna.se\/taby\/wp-json\/wp\/v2\/types\/page"}],"author":[{"embeddable":true,"href":"https:\/\/wp.kristdemokraterna.se\/taby\/wp-json\/wp\/v2\/users\/26"}],"replies":[{"embeddable":true,"href":"https:\/\/wp.kristdemokraterna.se\/taby\/wp-json\/wp\/v2\/comments?post=853"}],"version-history":[{"count":11,"href":"https:\/\/wp.kristdemokraterna.se\/taby\/wp-json\/wp\/v2\/pages\/853\/revisions"}],"predecessor-version":[{"id":2300,"href":"https:\/\/wp.kristdemokraterna.se\/taby\/wp-json\/wp\/v2\/pages\/853\/revisions\/2300"}],"wp:featuredmedia":[{"embeddable":true,"href":"https:\/\/wp.kristdemokraterna.se\/taby\/wp-json\/wp\/v2\/media\/1042"}],"wp:attachment":[{"href":"https:\/\/wp.kristdemokraterna.se\/taby\/wp-json\/wp\/v2\/media?parent=853"}],"curies":[{"name":"wp","href":"https:\/\/api.w.org\/{rel}","templated":true}]}}