{"id":269,"date":"2026-02-02T09:48:28","date_gmt":"2026-02-02T08:48:28","guid":{"rendered":"http:\/\/wp.kristdemokraterna.se\/tidaholm\/?page_id=269"},"modified":"2026-02-24T09:39:21","modified_gmt":"2026-02-24T08:39:21","slug":"textsida-med-vanster-sidebar","status":"publish","type":"page","link":"https:\/\/wp.kristdemokraterna.se\/tidaholm\/textsida-med-vanster-sidebar\/","title":{"rendered":"V\u00e5r partiavdelning"},"content":{"rendered":"<h2>KD:s lokala politikers uppdrag i Tidaholms kommun<\/h2>\n<p>J\u00f6rgen Josefsson<br \/>\nOrdf\u00f6rande lokalavdelningen<br \/>\nSamh\u00e4llsbyggnadsn\u00e4mnden, ledamot<br \/>\njosefssoj@gmail.com<\/p>\n<p>Vice ordf\u00f6rande\u00a0 i lokalavdelningen, Patrik Kristoffersen,<br \/>\nKommunfullm\u00e4ktige, ledamot<br \/>\nKommunstyrelsen, ledamot<br \/>\nGruppledare KF<br \/>\nkristoffersenpatrik@gmail.com<br \/>\n0705-70 20 28<\/p>\n<p>Krister Rohman<br \/>\nKommunfullm\u00e4ktiges ordf\u00f6rande<br \/>\nLedamot ers\u00e4ttare i kommunstyrelsen<\/p>\n<p>Torgny Hedlund<br \/>\nKommunfullm\u00e4ktige, ledamot ers\u00e4ttare<br \/>\nOrdf\u00f6rande j\u00e4vsn\u00e4mnden<\/p>\n<p>Roger Lundvold<br \/>\nKommunfullm\u00e4ktige, ledamot ers\u00e4ttare<br \/>\nOrdf\u00f6rande i barn- och utbildningsn\u00e4mnden<br \/>\nLedamot i budgetberedningen<\/p>\n<p>Martin Johansson<br \/>\nLedamot i social- och omv\u00e5rdnadsn\u00e4mnden<\/p>\n<p>H\u00e5kan Daremark<br \/>\nKultur- och fritidsn\u00e4mnden, ledamot ers\u00e4ttare<\/p>\n<p>Claes Andersson<br \/>\nValn\u00e4mnden, ordinarie ledamot<br \/>\nSMS, ordinarie ledamot<\/p>\n<p>Charlotte Daremark<br \/>\nLedamot ers\u00e4ttare, barn- och utbildningsn\u00e4mnden<br \/>\nLedamot ers\u00e4ttare, social- och omv\u00e5rdnadsn\u00e4mnden<\/p>\n<p>&nbsp;<\/p>\n<p>&nbsp;<\/p>\n<p>&nbsp;<\/p>\n","protected":false},"excerpt":{"rendered":"<p>KD:s lokala politikers uppdrag i Tidaholms kommun J\u00f6rgen Josefsson Ordf\u00f6rande lokalavdelningen Samh\u00e4llsbyggnadsn\u00e4mnden, ledamot josefssoj@gmail.com Vice ordf\u00f6rande\u00a0 i lokalavdelningen, Patrik Kristoffersen, Kommunfullm\u00e4ktige, ledamot Kommunstyrelsen, ledamot Gruppledare KF kristoffersenpatrik@gmail.com 0705-70 20 28 Krister Rohman Kommunfullm\u00e4ktiges ordf\u00f6rande Ledamot ers\u00e4ttare i kommunstyrelsen Torgny Hedlund Kommunfullm\u00e4ktige, ledamot ers\u00e4ttare Ordf\u00f6rande j\u00e4vsn\u00e4mnden Roger Lundvold Kommunfullm\u00e4ktige, ledamot ers\u00e4ttare Ordf\u00f6rande i barn- och utbildningsn\u00e4mnden <a class=\"read-more-link\" href=\"https:\/\/wp.kristdemokraterna.se\/tidaholm\/textsida-med-vanster-sidebar\/\">L\u00e4s mer<\/a><\/p>\n","protected":false},"author":897,"featured_media":0,"parent":0,"menu_order":0,"comment_status":"closed","ping_status":"closed","template":"page.php","meta":{"_acf_changed":false,"footnotes":""},"class_list":["post-269","page","type-page","status-publish","hentry"],"acf":[],"yoast_head":"<!-- This site is optimized with the Yoast SEO plugin v27.4 - https:\/\/yoast.com\/product\/yoast-seo-wordpress\/ -->\n<title>V\u00e5r partiavdelning - Kristdemokraterna | Tidaholm<\/title>\n<meta name=\"robots\" content=\"index, follow, max-snippet:-1, max-image-preview:large, max-video-preview:-1\" \/>\n<link rel=\"canonical\" href=\"https:\/\/wp.kristdemokraterna.se\/tidaholm\/textsida-med-vanster-sidebar\/\" \/>\n<meta property=\"og:locale\" content=\"sv_SE\" \/>\n<meta property=\"og:type\" content=\"article\" \/>\n<meta property=\"og:title\" content=\"V\u00e5r partiavdelning - Kristdemokraterna | Tidaholm\" \/>\n<meta property=\"og:description\" content=\"KD:s lokala politikers uppdrag i Tidaholms kommun J\u00f6rgen Josefsson Ordf\u00f6rande lokalavdelningen Samh\u00e4llsbyggnadsn\u00e4mnden, ledamot josefssoj@gmail.com Vice ordf\u00f6rande\u00a0 i lokalavdelningen, Patrik Kristoffersen, Kommunfullm\u00e4ktige, ledamot Kommunstyrelsen, ledamot Gruppledare KF kristoffersenpatrik@gmail.com 0705-70 20 28 Krister Rohman Kommunfullm\u00e4ktiges ordf\u00f6rande Ledamot ers\u00e4ttare i kommunstyrelsen Torgny Hedlund Kommunfullm\u00e4ktige, ledamot ers\u00e4ttare Ordf\u00f6rande j\u00e4vsn\u00e4mnden Roger Lundvold Kommunfullm\u00e4ktige, ledamot ers\u00e4ttare Ordf\u00f6rande i barn- och utbildningsn\u00e4mnden L\u00e4s mer\" \/>\n<meta property=\"og:url\" content=\"https:\/\/wp.kristdemokraterna.se\/tidaholm\/textsida-med-vanster-sidebar\/\" \/>\n<meta property=\"og:site_name\" content=\"Kristdemokraterna | Tidaholm\" \/>\n<meta property=\"article:modified_time\" content=\"2026-02-24T08:39:21+00:00\" \/>\n<meta name=\"twitter:card\" content=\"summary_large_image\" \/>\n<meta name=\"twitter:label1\" content=\"Ber\u00e4knad l\u00e4stid\" \/>\n\t<meta name=\"twitter:data1\" content=\"1 minut\" \/>\n<script type=\"application\/ld+json\" class=\"yoast-schema-graph\">{\"@context\":\"https:\\\/\\\/schema.org\",\"@graph\":[{\"@type\":\"WebPage\",\"@id\":\"https:\\\/\\\/wp.kristdemokraterna.se\\\/tidaholm\\\/textsida-med-vanster-sidebar\\\/\",\"url\":\"https:\\\/\\\/wp.kristdemokraterna.se\\\/tidaholm\\\/textsida-med-vanster-sidebar\\\/\",\"name\":\"V\u00e5r partiavdelning - Kristdemokraterna | Tidaholm\",\"isPartOf\":{\"@id\":\"https:\\\/\\\/wp.kristdemokraterna.se\\\/tidaholm\\\/#website\"},\"datePublished\":\"2026-02-02T08:48:28+00:00\",\"dateModified\":\"2026-02-24T08:39:21+00:00\",\"breadcrumb\":{\"@id\":\"https:\\\/\\\/wp.kristdemokraterna.se\\\/tidaholm\\\/textsida-med-vanster-sidebar\\\/#breadcrumb\"},\"inLanguage\":\"sv-SE\",\"potentialAction\":[{\"@type\":\"ReadAction\",\"target\":[\"https:\\\/\\\/wp.kristdemokraterna.se\\\/tidaholm\\\/textsida-med-vanster-sidebar\\\/\"]}]},{\"@type\":\"BreadcrumbList\",\"@id\":\"https:\\\/\\\/wp.kristdemokraterna.se\\\/tidaholm\\\/textsida-med-vanster-sidebar\\\/#breadcrumb\",\"itemListElement\":[{\"@type\":\"ListItem\",\"position\":1,\"name\":\"Hem\",\"item\":\"https:\\\/\\\/wp.kristdemokraterna.se\\\/tidaholm\\\/\"},{\"@type\":\"ListItem\",\"position\":2,\"name\":\"V\u00e5r partiavdelning\"}]},{\"@type\":\"WebSite\",\"@id\":\"https:\\\/\\\/wp.kristdemokraterna.se\\\/tidaholm\\\/#website\",\"url\":\"https:\\\/\\\/wp.kristdemokraterna.se\\\/tidaholm\\\/\",\"name\":\"Kristdemokraterna | Tidaholm\",\"description\":\"En till Kristdemokraterna webbplats\",\"inLanguage\":\"sv-SE\"}]}<\/script>\n<!-- \/ Yoast SEO plugin. -->","yoast_head_json":{"title":"V\u00e5r partiavdelning - Kristdemokraterna | Tidaholm","robots":{"index":"index","follow":"follow","max-snippet":"max-snippet:-1","max-image-preview":"max-image-preview:large","max-video-preview":"max-video-preview:-1"},"canonical":"https:\/\/wp.kristdemokraterna.se\/tidaholm\/textsida-med-vanster-sidebar\/","og_locale":"sv_SE","og_type":"article","og_title":"V\u00e5r partiavdelning - Kristdemokraterna | Tidaholm","og_description":"KD:s lokala politikers uppdrag i Tidaholms kommun J\u00f6rgen Josefsson Ordf\u00f6rande lokalavdelningen Samh\u00e4llsbyggnadsn\u00e4mnden, ledamot josefssoj@gmail.com Vice ordf\u00f6rande\u00a0 i lokalavdelningen, Patrik Kristoffersen, Kommunfullm\u00e4ktige, ledamot Kommunstyrelsen, ledamot Gruppledare KF kristoffersenpatrik@gmail.com 0705-70 20 28 Krister Rohman Kommunfullm\u00e4ktiges ordf\u00f6rande Ledamot ers\u00e4ttare i kommunstyrelsen Torgny Hedlund Kommunfullm\u00e4ktige, ledamot ers\u00e4ttare Ordf\u00f6rande j\u00e4vsn\u00e4mnden Roger Lundvold Kommunfullm\u00e4ktige, ledamot ers\u00e4ttare Ordf\u00f6rande i barn- och utbildningsn\u00e4mnden L\u00e4s mer","og_url":"https:\/\/wp.kristdemokraterna.se\/tidaholm\/textsida-med-vanster-sidebar\/","og_site_name":"Kristdemokraterna | Tidaholm","article_modified_time":"2026-02-24T08:39:21+00:00","twitter_card":"summary_large_image","twitter_misc":{"Ber\u00e4knad l\u00e4stid":"1 minut"},"schema":{"@context":"https:\/\/schema.org","@graph":[{"@type":"WebPage","@id":"https:\/\/wp.kristdemokraterna.se\/tidaholm\/textsida-med-vanster-sidebar\/","url":"https:\/\/wp.kristdemokraterna.se\/tidaholm\/textsida-med-vanster-sidebar\/","name":"V\u00e5r partiavdelning - Kristdemokraterna | Tidaholm","isPartOf":{"@id":"https:\/\/wp.kristdemokraterna.se\/tidaholm\/#website"},"datePublished":"2026-02-02T08:48:28+00:00","dateModified":"2026-02-24T08:39:21+00:00","breadcrumb":{"@id":"https:\/\/wp.kristdemokraterna.se\/tidaholm\/textsida-med-vanster-sidebar\/#breadcrumb"},"inLanguage":"sv-SE","potentialAction":[{"@type":"ReadAction","target":["https:\/\/wp.kristdemokraterna.se\/tidaholm\/textsida-med-vanster-sidebar\/"]}]},{"@type":"BreadcrumbList","@id":"https:\/\/wp.kristdemokraterna.se\/tidaholm\/textsida-med-vanster-sidebar\/#breadcrumb","itemListElement":[{"@type":"ListItem","position":1,"name":"Hem","item":"https:\/\/wp.kristdemokraterna.se\/tidaholm\/"},{"@type":"ListItem","position":2,"name":"V\u00e5r partiavdelning"}]},{"@type":"WebSite","@id":"https:\/\/wp.kristdemokraterna.se\/tidaholm\/#website","url":"https:\/\/wp.kristdemokraterna.se\/tidaholm\/","name":"Kristdemokraterna | Tidaholm","description":"En till Kristdemokraterna webbplats","inLanguage":"sv-SE"}]}},"_links":{"self":[{"href":"https:\/\/wp.kristdemokraterna.se\/tidaholm\/wp-json\/wp\/v2\/pages\/269","targetHints":{"allow":["GET"]}}],"collection":[{"href":"https:\/\/wp.kristdemokraterna.se\/tidaholm\/wp-json\/wp\/v2\/pages"}],"about":[{"href":"https:\/\/wp.kristdemokraterna.se\/tidaholm\/wp-json\/wp\/v2\/types\/page"}],"author":[{"embeddable":true,"href":"https:\/\/wp.kristdemokraterna.se\/tidaholm\/wp-json\/wp\/v2\/users\/897"}],"replies":[{"embeddable":true,"href":"https:\/\/wp.kristdemokraterna.se\/tidaholm\/wp-json\/wp\/v2\/comments?post=269"}],"version-history":[{"count":22,"href":"https:\/\/wp.kristdemokraterna.se\/tidaholm\/wp-json\/wp\/v2\/pages\/269\/revisions"}],"predecessor-version":[{"id":665,"href":"https:\/\/wp.kristdemokraterna.se\/tidaholm\/wp-json\/wp\/v2\/pages\/269\/revisions\/665"}],"wp:attachment":[{"href":"https:\/\/wp.kristdemokraterna.se\/tidaholm\/wp-json\/wp\/v2\/media?parent=269"}],"curies":[{"name":"wp","href":"https:\/\/api.w.org\/{rel}","templated":true}]}}

Vår partiavdelning

<h2>KD:s lokala politikers uppdrag i Tidaholms kommun</h2>
<p>Jörgen Josefsson<br />
Ordförande lokalavdelningen<br />
Samhällsbyggnadsnämnden, ledamot<br />
josefssoj@gmail.com</p>
<p>Vice ordförande  i lokalavdelningen, Patrik Kristoffersen,<br />
Kommunfullmäktige, ledamot<br />
Kommunstyrelsen, ledamot<br />
Gruppledare KF<br />
kristoffersenpatrik@gmail.com<br />
0705-70 20 28</p>
<p>Krister Rohman<br />
Kommunfullmäktiges ordförande<br />
Ledamot ersättare i kommunstyrelsen</p>
<p>Torgny Hedlund<br />
Kommunfullmäktige, ledamot ersättare<br />
Ordförande jävsnämnden</p>
<p>Roger Lundvold<br />
Kommunfullmäktige, ledamot ersättare<br />
Ordförande i barn- och utbildningsnämnden<br />
Ledamot i budgetberedningen</p>
<p>Martin Johansson<br />
Ledamot i social- och omvårdnadsnämnden</p>
<p>Håkan Daremark<br />
Kultur- och fritidsnämnden, ledamot ersättare</p>
<p>Claes Andersson<br />
Valnämnden, ordinarie ledamot<br />
SMS, ordinarie ledamot</p>
<p>Charlotte Daremark<br />
Ledamot ersättare, barn- och utbildningsnämnden<br />
Ledamot ersättare, social- och omvårdnadsnämnden</p>
<p>&nbsp;</p>
<p>&nbsp;</p>
<p>&nbsp;</p>

<p>KD:s lokala politikers uppdrag i Tidaholms kommun Jörgen Josefsson Ordförande lokalavdelningen Samhällsbyggnadsnämnden, ledamot josefssoj@gmail.com Vice ordförande  i lokalavdelningen, Patrik Kristoffersen, Kommunfullmäktige, ledamot Kommunstyrelsen, ledamot Gruppledare KF kristoffersenpatrik@gmail.com 0705-70 20 28 Krister Rohman Kommunfullmäktiges ordförande Ledamot ersättare i kommunstyrelsen Torgny Hedlund Kommunfullmäktige, ledamot ersättare Ordförande jävsnämnden Roger Lundvold Kommunfullmäktige, ledamot ersättare Ordförande i barn- och utbildningsnämnden <a class="read-more-link" href="https://wp.kristdemokraterna.se/tidaholm/textsida-med-vanster-sidebar/">Läs mer</a></p>

<!-- This site is optimized with the Yoast SEO plugin v27.4 - https://yoast.com/product/yoast-seo-wordpress/ -->
<title>Vår partiavdelning - Kristdemokraterna | Tidaholm</title>
<meta name="robots" content="index, follow, max-snippet:-1, max-image-preview:large, max-video-preview:-1" />
<link rel="canonical" href="https://wp.kristdemokraterna.se/tidaholm/textsida-med-vanster-sidebar/" />
<meta property="og:locale" content="sv_SE" />
<meta property="og:type" content="article" />
<meta property="og:title" content="Vår partiavdelning - Kristdemokraterna | Tidaholm" />
<meta property="og:description" content="KD:s lokala politikers uppdrag i Tidaholms kommun Jörgen Josefsson Ordförande lokalavdelningen Samhällsbyggnadsnämnden, ledamot josefssoj@gmail.com Vice ordförande  i lokalavdelningen, Patrik Kristoffersen, Kommunfullmäktige, ledamot Kommunstyrelsen, ledamot Gruppledare KF kristoffersenpatrik@gmail.com 0705-70 20 28 Krister Rohman Kommunfullmäktiges ordförande Ledamot ersättare i kommunstyrelsen Torgny Hedlund Kommunfullmäktige, ledamot ersättare Ordförande jävsnämnden Roger Lundvold Kommunfullmäktige, ledamot ersättare Ordförande i barn- och utbildningsnämnden Läs mer" />
<meta property="og:url" content="https://wp.kristdemokraterna.se/tidaholm/textsida-med-vanster-sidebar/" />
<meta property="og:site_name" content="Kristdemokraterna | Tidaholm" />
<meta property="article:modified_time" content="2026-02-24T08:39:21+00:00" />
<meta name="twitter:card" content="summary_large_image" />
<meta name="twitter:label1" content="Beräknad lästid" />
	<meta name="twitter:data1" content="1 minut" />
<script type="application/ld+json" class="yoast-schema-graph">{"@context":"https:\/\/schema.org","@graph":[{"@type":"WebPage","@id":"https:\/\/wp.kristdemokraterna.se\/tidaholm\/textsida-med-vanster-sidebar\/","url":"https:\/\/wp.kristdemokraterna.se\/tidaholm\/textsida-med-vanster-sidebar\/","name":"Vår partiavdelning - Kristdemokraterna | Tidaholm","isPartOf":{"@id":"https:\/\/wp.kristdemokraterna.se\/tidaholm\/#website"},"datePublished":"2026-02-02T08:48:28+00:00","dateModified":"2026-02-24T08:39:21+00:00","breadcrumb":{"@id":"https:\/\/wp.kristdemokraterna.se\/tidaholm\/textsida-med-vanster-sidebar\/#breadcrumb"},"inLanguage":"sv-SE","potentialAction":[{"@type":"ReadAction","target":["https:\/\/wp.kristdemokraterna.se\/tidaholm\/textsida-med-vanster-sidebar\/"]}]},{"@type":"BreadcrumbList","@id":"https:\/\/wp.kristdemokraterna.se\/tidaholm\/textsida-med-vanster-sidebar\/#breadcrumb","itemListElement":[{"@type":"ListItem","position":1,"name":"Hem","item":"https:\/\/wp.kristdemokraterna.se\/tidaholm\/"},{"@type":"ListItem","position":2,"name":"Vår partiavdelning"}]},{"@type":"WebSite","@id":"https:\/\/wp.kristdemokraterna.se\/tidaholm\/#website","url":"https:\/\/wp.kristdemokraterna.se\/tidaholm\/","name":"Kristdemokraterna | Tidaholm","description":"En till Kristdemokraterna webbplats","inLanguage":"sv-SE"}]}</script>
<!-- / Yoast SEO plugin. -->

Vår partiavdelning - Kristdemokraterna | Tidaholm

KD:s lokala politikers uppdrag i Tidaholms kommun Jörgen Josefsson Ordförande lokalavdelningen Samhällsbyggnadsnämnden, ledamot josefssoj@gmail.com Vice ordförande  i lokalavdelningen, Patrik Kristoffersen, Kommunfullmäktige, ledamot Kommunstyrelsen, ledamot Gruppledare KF kristoffersenpatrik@gmail.com 0705-70 20 28 Krister Rohman Kommunfullmäktiges ordförande Ledamot ersättare i kommunstyrelsen Torgny Hedlund Kommunfullmäktige, ledamot ersättare Ordförande jävsnämnden Roger Lundvold Kommunfullmäktige, ledamot ersättare Ordförande i barn- och utbildningsnämnden Läs mer
