{"id":352,"date":"2026-02-02T09:56:02","date_gmt":"2026-02-02T08:56:02","guid":{"rendered":"http:\/\/wp.kristdemokraterna.se\/tidaholm\/?page_id=352"},"modified":"2026-02-24T09:38:22","modified_gmt":"2026-02-24T08:38:22","slug":"kontakta-oss","status":"publish","type":"page","link":"https:\/\/wp.kristdemokraterna.se\/tidaholm\/startsida\/kontakta-oss\/","title":{"rendered":"Kontakta oss!"},"content":{"rendered":"<p><strong>Partiavdelningsstyrelse, valda p\u00e5 \u00e5rsm\u00f6tet 2024-02-20<br \/>\n<a href=\"http:\/\/wp.kristdemokraterna.se\/tidaholm\/files\/2024\/04\/styrelsen-2024-kd.jpg\"><img loading=\"lazy\" decoding=\"async\" class=\"alignnone size-medium wp-image-639\" src=\"http:\/\/wp.kristdemokraterna.se\/tidaholm\/files\/2024\/04\/styrelsen-2024-kd-300x106.jpg\" alt=\"\" width=\"300\" height=\"106\" srcset=\"https:\/\/wp.kristdemokraterna.se\/tidaholm\/files\/2024\/04\/styrelsen-2024-kd-300x106.jpg 300w, https:\/\/wp.kristdemokraterna.se\/tidaholm\/files\/2024\/04\/styrelsen-2024-kd-370x131.jpg 370w, https:\/\/wp.kristdemokraterna.se\/tidaholm\/files\/2024\/04\/styrelsen-2024-kd-450x159.jpg 450w, https:\/\/wp.kristdemokraterna.se\/tidaholm\/files\/2024\/04\/styrelsen-2024-kd-280x99.jpg 280w, https:\/\/wp.kristdemokraterna.se\/tidaholm\/files\/2024\/04\/styrelsen-2024-kd-340x120.jpg 340w, https:\/\/wp.kristdemokraterna.se\/tidaholm\/files\/2024\/04\/styrelsen-2024-kd-200x71.jpg 200w, https:\/\/wp.kristdemokraterna.se\/tidaholm\/files\/2024\/04\/styrelsen-2024-kd-158x56.jpg 158w, https:\/\/wp.kristdemokraterna.se\/tidaholm\/files\/2024\/04\/styrelsen-2024-kd.jpg 478w\" sizes=\"auto, (max-width: 300px) 100vw, 300px\" \/><\/a><br \/>\n<\/strong>Saknas p\u00e5 bilden: Roger Lundvold och Lotta Daremark<\/p>\n<ul>\n<li>J\u00f6rgen Josefsson<br \/>\nPartiavdelningsordf\u00f6rande<br \/>\njosefssoj@gmail.com<br \/>\n070-372 17 73<\/li>\n<li>Patrik Kristoffersen<br \/>\nVice partiavdelningsordf\u00f6rande<br \/>\nkristoffersenpatrik@gmail.com<br \/>\n0705-70 20 28<\/li>\n<li>Torgny Hedlund<br \/>\nPartiavdelningsstyrelseledamot<\/li>\n<li>Krister Rohman<br \/>\nPartiavdelningsstyrelseledamot<\/li>\n<li>H\u00e5kan Daremark (kass\u00f6r)<br \/>\nPartiavdelningsstyrelseledamot<\/li>\n<li>Roger Lundvold (vice kass\u00f6r)<br \/>\nPartiavdelningsstyrelseledamot<\/li>\n<li>Martin Malmborg<br \/>\nPartiavdelningsstyrelseledamot (och sekreterare)<\/li>\n<li>Claes Andersson (ers\u00e4ttare styrelsen)<\/li>\n<li>Martin Johansson (ers\u00e4ttare styrelsen)<\/li>\n<li>Lotta Daremark (valberedning)<\/li>\n<\/ul>\n<p>&nbsp;<\/p>\n","protected":false},"excerpt":{"rendered":"<p>Partiavdelningsstyrelse, valda p\u00e5 \u00e5rsm\u00f6tet 2024-02-20 Saknas p\u00e5 bilden: Roger Lundvold och Lotta Daremark J\u00f6rgen Josefsson Partiavdelningsordf\u00f6rande josefssoj@gmail.com 070-372 17 73 Patrik Kristoffersen Vice partiavdelningsordf\u00f6rande kristoffersenpatrik@gmail.com 0705-70 20 28 Torgny Hedlund Partiavdelningsstyrelseledamot Krister Rohman Partiavdelningsstyrelseledamot H\u00e5kan Daremark (kass\u00f6r) Partiavdelningsstyrelseledamot Roger Lundvold (vice kass\u00f6r) Partiavdelningsstyrelseledamot Martin Malmborg Partiavdelningsstyrelseledamot (och sekreterare) Claes Andersson (ers\u00e4ttare styrelsen) Martin Johansson (ers\u00e4ttare <a class=\"read-more-link\" href=\"https:\/\/wp.kristdemokraterna.se\/tidaholm\/startsida\/kontakta-oss\/\">L\u00e4s mer<\/a><\/p>\n","protected":false},"author":897,"featured_media":0,"parent":265,"menu_order":0,"comment_status":"closed","ping_status":"closed","template":"page.php","meta":{"_acf_changed":false,"footnotes":""},"class_list":["post-352","page","type-page","status-publish","hentry"],"acf":[],"yoast_head":"<!-- This site is optimized with the Yoast SEO plugin v27.4 - https:\/\/yoast.com\/product\/yoast-seo-wordpress\/ -->\n<title>Kontakta oss! - Kristdemokraterna | Tidaholm<\/title>\n<meta name=\"description\" content=\"Kontaktuppgifter till styrelsen i Kristdemokraterna i Tidaholms kommun. Styrelsen v\u00e4ljs vid \u00e5rsm\u00f6tet f\u00f6r 1 \u00e5r taget.\" \/>\n<meta name=\"robots\" content=\"index, follow, max-snippet:-1, max-image-preview:large, max-video-preview:-1\" \/>\n<link rel=\"canonical\" href=\"https:\/\/wp.kristdemokraterna.se\/tidaholm\/startsida\/kontakta-oss\/\" \/>\n<meta property=\"og:locale\" content=\"sv_SE\" \/>\n<meta property=\"og:type\" content=\"article\" \/>\n<meta property=\"og:title\" content=\"Kontakta oss! - Kristdemokraterna | Tidaholm\" \/>\n<meta property=\"og:description\" content=\"Kontaktuppgifter till styrelsen i Kristdemokraterna i Tidaholms kommun. Styrelsen v\u00e4ljs vid \u00e5rsm\u00f6tet f\u00f6r 1 \u00e5r taget.\" \/>\n<meta property=\"og:url\" content=\"https:\/\/wp.kristdemokraterna.se\/tidaholm\/startsida\/kontakta-oss\/\" \/>\n<meta property=\"og:site_name\" content=\"Kristdemokraterna | Tidaholm\" \/>\n<meta property=\"article:modified_time\" content=\"2026-02-24T08:38:22+00:00\" \/>\n<meta property=\"og:image\" content=\"https:\/\/wp.kristdemokraterna.se\/tidaholm\/files\/2024\/04\/styrelsen-2024-kd.jpg\" \/>\n\t<meta property=\"og:image:width\" content=\"478\" \/>\n\t<meta property=\"og:image:height\" content=\"169\" \/>\n\t<meta property=\"og:image:type\" content=\"image\/jpeg\" \/>\n<meta name=\"twitter:card\" content=\"summary_large_image\" \/>\n<meta name=\"twitter:label1\" content=\"Ber\u00e4knad l\u00e4stid\" \/>\n\t<meta name=\"twitter:data1\" content=\"1 minut\" \/>\n<script type=\"application\/ld+json\" class=\"yoast-schema-graph\">{\"@context\":\"https:\\\/\\\/schema.org\",\"@graph\":[{\"@type\":\"WebPage\",\"@id\":\"https:\\\/\\\/wp.kristdemokraterna.se\\\/tidaholm\\\/startsida\\\/kontakta-oss\\\/\",\"url\":\"https:\\\/\\\/wp.kristdemokraterna.se\\\/tidaholm\\\/startsida\\\/kontakta-oss\\\/\",\"name\":\"Kontakta oss! - Kristdemokraterna | Tidaholm\",\"isPartOf\":{\"@id\":\"https:\\\/\\\/wp.kristdemokraterna.se\\\/tidaholm\\\/#website\"},\"primaryImageOfPage\":{\"@id\":\"https:\\\/\\\/wp.kristdemokraterna.se\\\/tidaholm\\\/startsida\\\/kontakta-oss\\\/#primaryimage\"},\"image\":{\"@id\":\"https:\\\/\\\/wp.kristdemokraterna.se\\\/tidaholm\\\/startsida\\\/kontakta-oss\\\/#primaryimage\"},\"thumbnailUrl\":\"http:\\\/\\\/wp.kristdemokraterna.se\\\/tidaholm\\\/files\\\/2024\\\/04\\\/styrelsen-2024-kd-300x106.jpg\",\"datePublished\":\"2026-02-02T08:56:02+00:00\",\"dateModified\":\"2026-02-24T08:38:22+00:00\",\"description\":\"Kontaktuppgifter till styrelsen i Kristdemokraterna i Tidaholms kommun. Styrelsen v\u00e4ljs vid \u00e5rsm\u00f6tet f\u00f6r 1 \u00e5r taget.\",\"breadcrumb\":{\"@id\":\"https:\\\/\\\/wp.kristdemokraterna.se\\\/tidaholm\\\/startsida\\\/kontakta-oss\\\/#breadcrumb\"},\"inLanguage\":\"sv-SE\",\"potentialAction\":[{\"@type\":\"ReadAction\",\"target\":[\"https:\\\/\\\/wp.kristdemokraterna.se\\\/tidaholm\\\/startsida\\\/kontakta-oss\\\/\"]}]},{\"@type\":\"ImageObject\",\"inLanguage\":\"sv-SE\",\"@id\":\"https:\\\/\\\/wp.kristdemokraterna.se\\\/tidaholm\\\/startsida\\\/kontakta-oss\\\/#primaryimage\",\"url\":\"http:\\\/\\\/wp.kristdemokraterna.se\\\/tidaholm\\\/files\\\/2024\\\/04\\\/styrelsen-2024-kd-300x106.jpg\",\"contentUrl\":\"http:\\\/\\\/wp.kristdemokraterna.se\\\/tidaholm\\\/files\\\/2024\\\/04\\\/styrelsen-2024-kd-300x106.jpg\"},{\"@type\":\"BreadcrumbList\",\"@id\":\"https:\\\/\\\/wp.kristdemokraterna.se\\\/tidaholm\\\/startsida\\\/kontakta-oss\\\/#breadcrumb\",\"itemListElement\":[{\"@type\":\"ListItem\",\"position\":1,\"name\":\"Hem\",\"item\":\"https:\\\/\\\/wp.kristdemokraterna.se\\\/tidaholm\\\/\"},{\"@type\":\"ListItem\",\"position\":2,\"name\":\"Startsida\",\"item\":\"https:\\\/\\\/wp.kristdemokraterna.se\\\/tidaholm\\\/\"},{\"@type\":\"ListItem\",\"position\":3,\"name\":\"Kontakta oss!\"}]},{\"@type\":\"WebSite\",\"@id\":\"https:\\\/\\\/wp.kristdemokraterna.se\\\/tidaholm\\\/#website\",\"url\":\"https:\\\/\\\/wp.kristdemokraterna.se\\\/tidaholm\\\/\",\"name\":\"Kristdemokraterna | Tidaholm\",\"description\":\"En till Kristdemokraterna webbplats\",\"inLanguage\":\"sv-SE\"}]}<\/script>\n<!-- \/ Yoast SEO plugin. -->","yoast_head_json":{"title":"Kontakta oss! - Kristdemokraterna | Tidaholm","description":"Kontaktuppgifter till styrelsen i Kristdemokraterna i Tidaholms kommun. Styrelsen v\u00e4ljs vid \u00e5rsm\u00f6tet f\u00f6r 1 \u00e5r taget.","robots":{"index":"index","follow":"follow","max-snippet":"max-snippet:-1","max-image-preview":"max-image-preview:large","max-video-preview":"max-video-preview:-1"},"canonical":"https:\/\/wp.kristdemokraterna.se\/tidaholm\/startsida\/kontakta-oss\/","og_locale":"sv_SE","og_type":"article","og_title":"Kontakta oss! - Kristdemokraterna | Tidaholm","og_description":"Kontaktuppgifter till styrelsen i Kristdemokraterna i Tidaholms kommun. Styrelsen v\u00e4ljs vid \u00e5rsm\u00f6tet f\u00f6r 1 \u00e5r taget.","og_url":"https:\/\/wp.kristdemokraterna.se\/tidaholm\/startsida\/kontakta-oss\/","og_site_name":"Kristdemokraterna | Tidaholm","article_modified_time":"2026-02-24T08:38:22+00:00","og_image":[{"width":478,"height":169,"url":"https:\/\/wp.kristdemokraterna.se\/tidaholm\/files\/2024\/04\/styrelsen-2024-kd.jpg","type":"image\/jpeg"}],"twitter_card":"summary_large_image","twitter_misc":{"Ber\u00e4knad l\u00e4stid":"1 minut"},"schema":{"@context":"https:\/\/schema.org","@graph":[{"@type":"WebPage","@id":"https:\/\/wp.kristdemokraterna.se\/tidaholm\/startsida\/kontakta-oss\/","url":"https:\/\/wp.kristdemokraterna.se\/tidaholm\/startsida\/kontakta-oss\/","name":"Kontakta oss! - Kristdemokraterna | Tidaholm","isPartOf":{"@id":"https:\/\/wp.kristdemokraterna.se\/tidaholm\/#website"},"primaryImageOfPage":{"@id":"https:\/\/wp.kristdemokraterna.se\/tidaholm\/startsida\/kontakta-oss\/#primaryimage"},"image":{"@id":"https:\/\/wp.kristdemokraterna.se\/tidaholm\/startsida\/kontakta-oss\/#primaryimage"},"thumbnailUrl":"http:\/\/wp.kristdemokraterna.se\/tidaholm\/files\/2024\/04\/styrelsen-2024-kd-300x106.jpg","datePublished":"2026-02-02T08:56:02+00:00","dateModified":"2026-02-24T08:38:22+00:00","description":"Kontaktuppgifter till styrelsen i Kristdemokraterna i Tidaholms kommun. Styrelsen v\u00e4ljs vid \u00e5rsm\u00f6tet f\u00f6r 1 \u00e5r taget.","breadcrumb":{"@id":"https:\/\/wp.kristdemokraterna.se\/tidaholm\/startsida\/kontakta-oss\/#breadcrumb"},"inLanguage":"sv-SE","potentialAction":[{"@type":"ReadAction","target":["https:\/\/wp.kristdemokraterna.se\/tidaholm\/startsida\/kontakta-oss\/"]}]},{"@type":"ImageObject","inLanguage":"sv-SE","@id":"https:\/\/wp.kristdemokraterna.se\/tidaholm\/startsida\/kontakta-oss\/#primaryimage","url":"http:\/\/wp.kristdemokraterna.se\/tidaholm\/files\/2024\/04\/styrelsen-2024-kd-300x106.jpg","contentUrl":"http:\/\/wp.kristdemokraterna.se\/tidaholm\/files\/2024\/04\/styrelsen-2024-kd-300x106.jpg"},{"@type":"BreadcrumbList","@id":"https:\/\/wp.kristdemokraterna.se\/tidaholm\/startsida\/kontakta-oss\/#breadcrumb","itemListElement":[{"@type":"ListItem","position":1,"name":"Hem","item":"https:\/\/wp.kristdemokraterna.se\/tidaholm\/"},{"@type":"ListItem","position":2,"name":"Startsida","item":"https:\/\/wp.kristdemokraterna.se\/tidaholm\/"},{"@type":"ListItem","position":3,"name":"Kontakta oss!"}]},{"@type":"WebSite","@id":"https:\/\/wp.kristdemokraterna.se\/tidaholm\/#website","url":"https:\/\/wp.kristdemokraterna.se\/tidaholm\/","name":"Kristdemokraterna | Tidaholm","description":"En till Kristdemokraterna webbplats","inLanguage":"sv-SE"}]}},"_links":{"self":[{"href":"https:\/\/wp.kristdemokraterna.se\/tidaholm\/wp-json\/wp\/v2\/pages\/352","targetHints":{"allow":["GET"]}}],"collection":[{"href":"https:\/\/wp.kristdemokraterna.se\/tidaholm\/wp-json\/wp\/v2\/pages"}],"about":[{"href":"https:\/\/wp.kristdemokraterna.se\/tidaholm\/wp-json\/wp\/v2\/types\/page"}],"author":[{"embeddable":true,"href":"https:\/\/wp.kristdemokraterna.se\/tidaholm\/wp-json\/wp\/v2\/users\/897"}],"replies":[{"embeddable":true,"href":"https:\/\/wp.kristdemokraterna.se\/tidaholm\/wp-json\/wp\/v2\/comments?post=352"}],"version-history":[{"count":16,"href":"https:\/\/wp.kristdemokraterna.se\/tidaholm\/wp-json\/wp\/v2\/pages\/352\/revisions"}],"predecessor-version":[{"id":664,"href":"https:\/\/wp.kristdemokraterna.se\/tidaholm\/wp-json\/wp\/v2\/pages\/352\/revisions\/664"}],"up":[{"embeddable":true,"href":"https:\/\/wp.kristdemokraterna.se\/tidaholm\/wp-json\/wp\/v2\/pages\/265"}],"wp:attachment":[{"href":"https:\/\/wp.kristdemokraterna.se\/tidaholm\/wp-json\/wp\/v2\/media?parent=352"}],"curies":[{"name":"wp","href":"https:\/\/api.w.org\/{rel}","templated":true}]}}

<p><strong>Partiavdelningsstyrelse, valda på årsmötet 2024-02-20<br />
<a href="http://wp.kristdemokraterna.se/tidaholm/files/2024/04/styrelsen-2024-kd.jpg"><img loading="lazy" decoding="async" class="alignnone size-medium wp-image-639" src="http://wp.kristdemokraterna.se/tidaholm/files/2024/04/styrelsen-2024-kd-300x106.jpg" alt="" width="300" height="106" srcset="https://wp.kristdemokraterna.se/tidaholm/files/2024/04/styrelsen-2024-kd-300x106.jpg 300w, https://wp.kristdemokraterna.se/tidaholm/files/2024/04/styrelsen-2024-kd-370x131.jpg 370w, https://wp.kristdemokraterna.se/tidaholm/files/2024/04/styrelsen-2024-kd-450x159.jpg 450w, https://wp.kristdemokraterna.se/tidaholm/files/2024/04/styrelsen-2024-kd-280x99.jpg 280w, https://wp.kristdemokraterna.se/tidaholm/files/2024/04/styrelsen-2024-kd-340x120.jpg 340w, https://wp.kristdemokraterna.se/tidaholm/files/2024/04/styrelsen-2024-kd-200x71.jpg 200w, https://wp.kristdemokraterna.se/tidaholm/files/2024/04/styrelsen-2024-kd-158x56.jpg 158w, https://wp.kristdemokraterna.se/tidaholm/files/2024/04/styrelsen-2024-kd.jpg 478w" sizes="auto, (max-width: 300px) 100vw, 300px" /></a><br />
</strong>Saknas på bilden: Roger Lundvold och Lotta Daremark</p>
<ul>
<li>Jörgen Josefsson<br />
Partiavdelningsordförande<br />
josefssoj@gmail.com<br />
070-372 17 73</li>
<li>Patrik Kristoffersen<br />
Vice partiavdelningsordförande<br />
kristoffersenpatrik@gmail.com<br />
0705-70 20 28</li>
<li>Torgny Hedlund<br />
Partiavdelningsstyrelseledamot</li>
<li>Krister Rohman<br />
Partiavdelningsstyrelseledamot</li>
<li>Håkan Daremark (kassör)<br />
Partiavdelningsstyrelseledamot</li>
<li>Roger Lundvold (vice kassör)<br />
Partiavdelningsstyrelseledamot</li>
<li>Martin Malmborg<br />
Partiavdelningsstyrelseledamot (och sekreterare)</li>
<li>Claes Andersson (ersättare styrelsen)</li>
<li>Martin Johansson (ersättare styrelsen)</li>
<li>Lotta Daremark (valberedning)</li>
</ul>
<p>&nbsp;</p>

<p>Partiavdelningsstyrelse, valda på årsmötet 2024-02-20 Saknas på bilden: Roger Lundvold och Lotta Daremark Jörgen Josefsson Partiavdelningsordförande josefssoj@gmail.com 070-372 17 73 Patrik Kristoffersen Vice partiavdelningsordförande kristoffersenpatrik@gmail.com 0705-70 20 28 Torgny Hedlund Partiavdelningsstyrelseledamot Krister Rohman Partiavdelningsstyrelseledamot Håkan Daremark (kassör) Partiavdelningsstyrelseledamot Roger Lundvold (vice kassör) Partiavdelningsstyrelseledamot Martin Malmborg Partiavdelningsstyrelseledamot (och sekreterare) Claes Andersson (ersättare styrelsen) Martin Johansson (ersättare <a class="read-more-link" href="https://wp.kristdemokraterna.se/tidaholm/startsida/kontakta-oss/">Läs mer</a></p>

<!-- This site is optimized with the Yoast SEO plugin v27.4 - https://yoast.com/product/yoast-seo-wordpress/ -->
<title>Kontakta oss! - Kristdemokraterna | Tidaholm</title>
<meta name="description" content="Kontaktuppgifter till styrelsen i Kristdemokraterna i Tidaholms kommun. Styrelsen väljs vid årsmötet för 1 år taget." />
<meta name="robots" content="index, follow, max-snippet:-1, max-image-preview:large, max-video-preview:-1" />
<link rel="canonical" href="https://wp.kristdemokraterna.se/tidaholm/startsida/kontakta-oss/" />
<meta property="og:locale" content="sv_SE" />
<meta property="og:type" content="article" />
<meta property="og:title" content="Kontakta oss! - Kristdemokraterna | Tidaholm" />
<meta property="og:description" content="Kontaktuppgifter till styrelsen i Kristdemokraterna i Tidaholms kommun. Styrelsen väljs vid årsmötet för 1 år taget." />
<meta property="og:url" content="https://wp.kristdemokraterna.se/tidaholm/startsida/kontakta-oss/" />
<meta property="og:site_name" content="Kristdemokraterna | Tidaholm" />
<meta property="article:modified_time" content="2026-02-24T08:38:22+00:00" />
<meta property="og:image" content="https://wp.kristdemokraterna.se/tidaholm/files/2024/04/styrelsen-2024-kd.jpg" />
	<meta property="og:image:width" content="478" />
	<meta property="og:image:height" content="169" />
	<meta property="og:image:type" content="image/jpeg" />
<meta name="twitter:card" content="summary_large_image" />
<meta name="twitter:label1" content="Beräknad lästid" />
	<meta name="twitter:data1" content="1 minut" />
<script type="application/ld+json" class="yoast-schema-graph">{"@context":"https:\/\/schema.org","@graph":[{"@type":"WebPage","@id":"https:\/\/wp.kristdemokraterna.se\/tidaholm\/startsida\/kontakta-oss\/","url":"https:\/\/wp.kristdemokraterna.se\/tidaholm\/startsida\/kontakta-oss\/","name":"Kontakta oss! - Kristdemokraterna | Tidaholm","isPartOf":{"@id":"https:\/\/wp.kristdemokraterna.se\/tidaholm\/#website"},"primaryImageOfPage":{"@id":"https:\/\/wp.kristdemokraterna.se\/tidaholm\/startsida\/kontakta-oss\/#primaryimage"},"image":{"@id":"https:\/\/wp.kristdemokraterna.se\/tidaholm\/startsida\/kontakta-oss\/#primaryimage"},"thumbnailUrl":"http:\/\/wp.kristdemokraterna.se\/tidaholm\/files\/2024\/04\/styrelsen-2024-kd-300x106.jpg","datePublished":"2026-02-02T08:56:02+00:00","dateModified":"2026-02-24T08:38:22+00:00","description":"Kontaktuppgifter till styrelsen i Kristdemokraterna i Tidaholms kommun. Styrelsen väljs vid årsmötet för 1 år taget.","breadcrumb":{"@id":"https:\/\/wp.kristdemokraterna.se\/tidaholm\/startsida\/kontakta-oss\/#breadcrumb"},"inLanguage":"sv-SE","potentialAction":[{"@type":"ReadAction","target":["https:\/\/wp.kristdemokraterna.se\/tidaholm\/startsida\/kontakta-oss\/"]}]},{"@type":"ImageObject","inLanguage":"sv-SE","@id":"https:\/\/wp.kristdemokraterna.se\/tidaholm\/startsida\/kontakta-oss\/#primaryimage","url":"http:\/\/wp.kristdemokraterna.se\/tidaholm\/files\/2024\/04\/styrelsen-2024-kd-300x106.jpg","contentUrl":"http:\/\/wp.kristdemokraterna.se\/tidaholm\/files\/2024\/04\/styrelsen-2024-kd-300x106.jpg"},{"@type":"BreadcrumbList","@id":"https:\/\/wp.kristdemokraterna.se\/tidaholm\/startsida\/kontakta-oss\/#breadcrumb","itemListElement":[{"@type":"ListItem","position":1,"name":"Hem","item":"https:\/\/wp.kristdemokraterna.se\/tidaholm\/"},{"@type":"ListItem","position":2,"name":"Startsida","item":"https:\/\/wp.kristdemokraterna.se\/tidaholm\/"},{"@type":"ListItem","position":3,"name":"Kontakta oss!"}]},{"@type":"WebSite","@id":"https:\/\/wp.kristdemokraterna.se\/tidaholm\/#website","url":"https:\/\/wp.kristdemokraterna.se\/tidaholm\/","name":"Kristdemokraterna | Tidaholm","description":"En till Kristdemokraterna webbplats","inLanguage":"sv-SE"}]}</script>
<!-- / Yoast SEO plugin. -->

Kontaktuppgifter till styrelsen i Kristdemokraterna i Tidaholms kommun. Styrelsen väljs vid årsmötet för 1 år taget.
