{"id":361,"date":"2026-02-02T07:45:00","date_gmt":"2026-02-02T06:45:00","guid":{"rendered":"http:\/\/wp.kristdemokraterna.se\/tidaholm\/?page_id=361"},"modified":"2026-02-24T09:41:37","modified_gmt":"2026-02-24T08:41:37","slug":"arsmote","status":"publish","type":"page","link":"https:\/\/wp.kristdemokraterna.se\/tidaholm\/textsida-fullbredd\/var-politik-i-kommunen\/arsmote\/","title":{"rendered":"M\u00e5nadsm\u00f6ten \/ \u00c5rsm\u00f6te \u00e5r 2026"},"content":{"rendered":"<p>M\u00e5nadsm\u00f6ten: 9 mars, 7 april, 4 maj, 8 juni.<br \/>\nPlats: Stadshuset, Tidaholm, kl. 19.30. F\u00f6re m\u00e5nadsm\u00f6tena h\u00e5lls majoritetsm\u00f6te.<\/p>\n<p>\u00c5rsm\u00f6tet\u00a0 hade vi\u00a0 den 2 feb 2026 kl. 18.00\u00a0 i Bowlinghallen, Tidaholm.<\/p>\n<p>Vald styrelse 2026:<\/p>\n<p>J\u00f6rgen Josefsson ordf<br \/>\nPatrik Kristoffersen, vice ordf<br \/>\nLedam\u00f6ter: Krister Rohman, H\u00e5kan Daremark, Roger Lundvold, Martin Malmborg, Torgny Hedlund.<br \/>\nErs\u00e4ttare:\u00a0 Martin Johansson, Claes Andersson<\/p>\n<p><a href=\"http:\/\/wp.kristdemokraterna.se\/tidaholm\/files\/2024\/04\/styrelsen-2024-kd.jpg\"><img loading=\"lazy\" decoding=\"async\" class=\"alignnone size-medium wp-image-639\" src=\"http:\/\/wp.kristdemokraterna.se\/tidaholm\/files\/2024\/04\/styrelsen-2024-kd-300x106.jpg\" alt=\"\" width=\"300\" height=\"106\" srcset=\"https:\/\/wp.kristdemokraterna.se\/tidaholm\/files\/2024\/04\/styrelsen-2024-kd-300x106.jpg 300w, https:\/\/wp.kristdemokraterna.se\/tidaholm\/files\/2024\/04\/styrelsen-2024-kd-370x131.jpg 370w, https:\/\/wp.kristdemokraterna.se\/tidaholm\/files\/2024\/04\/styrelsen-2024-kd-450x159.jpg 450w, https:\/\/wp.kristdemokraterna.se\/tidaholm\/files\/2024\/04\/styrelsen-2024-kd-280x99.jpg 280w, https:\/\/wp.kristdemokraterna.se\/tidaholm\/files\/2024\/04\/styrelsen-2024-kd-340x120.jpg 340w, https:\/\/wp.kristdemokraterna.se\/tidaholm\/files\/2024\/04\/styrelsen-2024-kd-200x71.jpg 200w, https:\/\/wp.kristdemokraterna.se\/tidaholm\/files\/2024\/04\/styrelsen-2024-kd-158x56.jpg 158w, https:\/\/wp.kristdemokraterna.se\/tidaholm\/files\/2024\/04\/styrelsen-2024-kd.jpg 478w\" sizes=\"auto, (max-width: 300px) 100vw, 300px\" \/><\/a><br \/>\nSaknas p\u00e5 bilden, Roger Lundvold<\/p>\n","protected":false},"excerpt":{"rendered":"<p>M\u00e5nadsm\u00f6ten: 9 mars, 7 april, 4 maj, 8 juni. Plats: Stadshuset, Tidaholm, kl. 19.30. F\u00f6re m\u00e5nadsm\u00f6tena h\u00e5lls majoritetsm\u00f6te. \u00c5rsm\u00f6tet\u00a0 hade vi\u00a0 den 2 feb 2026 kl. 18.00\u00a0 i Bowlinghallen, Tidaholm. Vald styrelse 2026: J\u00f6rgen Josefsson ordf Patrik Kristoffersen, vice ordf Ledam\u00f6ter: Krister Rohman, H\u00e5kan Daremark, Roger Lundvold, Martin Malmborg, Torgny Hedlund. Ers\u00e4ttare:\u00a0 Martin Johansson, Claes <a class=\"read-more-link\" href=\"https:\/\/wp.kristdemokraterna.se\/tidaholm\/textsida-fullbredd\/var-politik-i-kommunen\/arsmote\/\">L\u00e4s mer<\/a><\/p>\n","protected":false},"author":897,"featured_media":0,"parent":373,"menu_order":0,"comment_status":"closed","ping_status":"closed","template":"page.php","meta":{"_acf_changed":false,"footnotes":""},"class_list":["post-361","page","type-page","status-publish","hentry"],"acf":[],"yoast_head":"<!-- This site is optimized with the Yoast SEO plugin v27.4 - https:\/\/yoast.com\/product\/yoast-seo-wordpress\/ -->\n<title>M\u00e5nadsm\u00f6ten \/ \u00c5rsm\u00f6te \u00e5r 2026 - Kristdemokraterna | Tidaholm<\/title>\n<meta name=\"description\" content=\"Planering m\u00e5nadsm\u00f6ten f\u00f6r \u00e5r 2024 f\u00f6r Kristdemokraterna i Tidaholms kommun.\" \/>\n<meta name=\"robots\" content=\"index, follow, max-snippet:-1, max-image-preview:large, max-video-preview:-1\" \/>\n<link rel=\"canonical\" href=\"https:\/\/wp.kristdemokraterna.se\/tidaholm\/textsida-fullbredd\/var-politik-i-kommunen\/arsmote\/\" \/>\n<meta property=\"og:locale\" content=\"sv_SE\" \/>\n<meta property=\"og:type\" content=\"article\" \/>\n<meta property=\"og:title\" content=\"M\u00e5nadsm\u00f6ten \/ \u00c5rsm\u00f6te \u00e5r 2026 - Kristdemokraterna | Tidaholm\" \/>\n<meta property=\"og:description\" content=\"Planering m\u00e5nadsm\u00f6ten f\u00f6r \u00e5r 2024 f\u00f6r Kristdemokraterna i Tidaholms kommun.\" \/>\n<meta property=\"og:url\" content=\"https:\/\/wp.kristdemokraterna.se\/tidaholm\/textsida-fullbredd\/var-politik-i-kommunen\/arsmote\/\" \/>\n<meta property=\"og:site_name\" content=\"Kristdemokraterna | Tidaholm\" \/>\n<meta property=\"article:modified_time\" content=\"2026-02-24T08:41:37+00:00\" \/>\n<meta property=\"og:image\" content=\"https:\/\/wp.kristdemokraterna.se\/tidaholm\/files\/2024\/04\/styrelsen-2024-kd.jpg\" \/>\n\t<meta property=\"og:image:width\" content=\"478\" \/>\n\t<meta property=\"og:image:height\" content=\"169\" \/>\n\t<meta property=\"og:image:type\" content=\"image\/jpeg\" \/>\n<meta name=\"twitter:card\" content=\"summary_large_image\" \/>\n<meta name=\"twitter:label1\" content=\"Ber\u00e4knad l\u00e4stid\" \/>\n\t<meta name=\"twitter:data1\" content=\"1 minut\" \/>\n<script type=\"application\/ld+json\" class=\"yoast-schema-graph\">{\"@context\":\"https:\\\/\\\/schema.org\",\"@graph\":[{\"@type\":\"WebPage\",\"@id\":\"https:\\\/\\\/wp.kristdemokraterna.se\\\/tidaholm\\\/textsida-fullbredd\\\/var-politik-i-kommunen\\\/arsmote\\\/\",\"url\":\"https:\\\/\\\/wp.kristdemokraterna.se\\\/tidaholm\\\/textsida-fullbredd\\\/var-politik-i-kommunen\\\/arsmote\\\/\",\"name\":\"M\u00e5nadsm\u00f6ten \\\/ \u00c5rsm\u00f6te \u00e5r 2026 - Kristdemokraterna | Tidaholm\",\"isPartOf\":{\"@id\":\"https:\\\/\\\/wp.kristdemokraterna.se\\\/tidaholm\\\/#website\"},\"primaryImageOfPage\":{\"@id\":\"https:\\\/\\\/wp.kristdemokraterna.se\\\/tidaholm\\\/textsida-fullbredd\\\/var-politik-i-kommunen\\\/arsmote\\\/#primaryimage\"},\"image\":{\"@id\":\"https:\\\/\\\/wp.kristdemokraterna.se\\\/tidaholm\\\/textsida-fullbredd\\\/var-politik-i-kommunen\\\/arsmote\\\/#primaryimage\"},\"thumbnailUrl\":\"http:\\\/\\\/wp.kristdemokraterna.se\\\/tidaholm\\\/files\\\/2024\\\/04\\\/styrelsen-2024-kd-300x106.jpg\",\"datePublished\":\"2026-02-02T06:45:00+00:00\",\"dateModified\":\"2026-02-24T08:41:37+00:00\",\"description\":\"Planering m\u00e5nadsm\u00f6ten f\u00f6r \u00e5r 2024 f\u00f6r Kristdemokraterna i Tidaholms kommun.\",\"breadcrumb\":{\"@id\":\"https:\\\/\\\/wp.kristdemokraterna.se\\\/tidaholm\\\/textsida-fullbredd\\\/var-politik-i-kommunen\\\/arsmote\\\/#breadcrumb\"},\"inLanguage\":\"sv-SE\",\"potentialAction\":[{\"@type\":\"ReadAction\",\"target\":[\"https:\\\/\\\/wp.kristdemokraterna.se\\\/tidaholm\\\/textsida-fullbredd\\\/var-politik-i-kommunen\\\/arsmote\\\/\"]}]},{\"@type\":\"ImageObject\",\"inLanguage\":\"sv-SE\",\"@id\":\"https:\\\/\\\/wp.kristdemokraterna.se\\\/tidaholm\\\/textsida-fullbredd\\\/var-politik-i-kommunen\\\/arsmote\\\/#primaryimage\",\"url\":\"http:\\\/\\\/wp.kristdemokraterna.se\\\/tidaholm\\\/files\\\/2024\\\/04\\\/styrelsen-2024-kd-300x106.jpg\",\"contentUrl\":\"http:\\\/\\\/wp.kristdemokraterna.se\\\/tidaholm\\\/files\\\/2024\\\/04\\\/styrelsen-2024-kd-300x106.jpg\"},{\"@type\":\"BreadcrumbList\",\"@id\":\"https:\\\/\\\/wp.kristdemokraterna.se\\\/tidaholm\\\/textsida-fullbredd\\\/var-politik-i-kommunen\\\/arsmote\\\/#breadcrumb\",\"itemListElement\":[{\"@type\":\"ListItem\",\"position\":1,\"name\":\"Hem\",\"item\":\"https:\\\/\\\/wp.kristdemokraterna.se\\\/tidaholm\\\/\"},{\"@type\":\"ListItem\",\"position\":2,\"name\":\"Vad vi st\u00e5r f\u00f6r!\",\"item\":\"https:\\\/\\\/wp.kristdemokraterna.se\\\/tidaholm\\\/textsida-fullbredd\\\/\"},{\"@type\":\"ListItem\",\"position\":3,\"name\":\"V\u00e5r politik i kommunen\",\"item\":\"https:\\\/\\\/wp.kristdemokraterna.se\\\/tidaholm\\\/textsida-fullbredd\\\/var-politik-i-kommunen\\\/\"},{\"@type\":\"ListItem\",\"position\":4,\"name\":\"M\u00e5nadsm\u00f6ten \\\/ \u00c5rsm\u00f6te \u00e5r 2026\"}]},{\"@type\":\"WebSite\",\"@id\":\"https:\\\/\\\/wp.kristdemokraterna.se\\\/tidaholm\\\/#website\",\"url\":\"https:\\\/\\\/wp.kristdemokraterna.se\\\/tidaholm\\\/\",\"name\":\"Kristdemokraterna | Tidaholm\",\"description\":\"En till Kristdemokraterna webbplats\",\"inLanguage\":\"sv-SE\"}]}<\/script>\n<!-- \/ Yoast SEO plugin. -->","yoast_head_json":{"title":"M\u00e5nadsm\u00f6ten \/ \u00c5rsm\u00f6te \u00e5r 2026 - Kristdemokraterna | Tidaholm","description":"Planering m\u00e5nadsm\u00f6ten f\u00f6r \u00e5r 2024 f\u00f6r Kristdemokraterna i Tidaholms kommun.","robots":{"index":"index","follow":"follow","max-snippet":"max-snippet:-1","max-image-preview":"max-image-preview:large","max-video-preview":"max-video-preview:-1"},"canonical":"https:\/\/wp.kristdemokraterna.se\/tidaholm\/textsida-fullbredd\/var-politik-i-kommunen\/arsmote\/","og_locale":"sv_SE","og_type":"article","og_title":"M\u00e5nadsm\u00f6ten \/ \u00c5rsm\u00f6te \u00e5r 2026 - Kristdemokraterna | Tidaholm","og_description":"Planering m\u00e5nadsm\u00f6ten f\u00f6r \u00e5r 2024 f\u00f6r Kristdemokraterna i Tidaholms kommun.","og_url":"https:\/\/wp.kristdemokraterna.se\/tidaholm\/textsida-fullbredd\/var-politik-i-kommunen\/arsmote\/","og_site_name":"Kristdemokraterna | Tidaholm","article_modified_time":"2026-02-24T08:41:37+00:00","og_image":[{"width":478,"height":169,"url":"https:\/\/wp.kristdemokraterna.se\/tidaholm\/files\/2024\/04\/styrelsen-2024-kd.jpg","type":"image\/jpeg"}],"twitter_card":"summary_large_image","twitter_misc":{"Ber\u00e4knad l\u00e4stid":"1 minut"},"schema":{"@context":"https:\/\/schema.org","@graph":[{"@type":"WebPage","@id":"https:\/\/wp.kristdemokraterna.se\/tidaholm\/textsida-fullbredd\/var-politik-i-kommunen\/arsmote\/","url":"https:\/\/wp.kristdemokraterna.se\/tidaholm\/textsida-fullbredd\/var-politik-i-kommunen\/arsmote\/","name":"M\u00e5nadsm\u00f6ten \/ \u00c5rsm\u00f6te \u00e5r 2026 - Kristdemokraterna | Tidaholm","isPartOf":{"@id":"https:\/\/wp.kristdemokraterna.se\/tidaholm\/#website"},"primaryImageOfPage":{"@id":"https:\/\/wp.kristdemokraterna.se\/tidaholm\/textsida-fullbredd\/var-politik-i-kommunen\/arsmote\/#primaryimage"},"image":{"@id":"https:\/\/wp.kristdemokraterna.se\/tidaholm\/textsida-fullbredd\/var-politik-i-kommunen\/arsmote\/#primaryimage"},"thumbnailUrl":"http:\/\/wp.kristdemokraterna.se\/tidaholm\/files\/2024\/04\/styrelsen-2024-kd-300x106.jpg","datePublished":"2026-02-02T06:45:00+00:00","dateModified":"2026-02-24T08:41:37+00:00","description":"Planering m\u00e5nadsm\u00f6ten f\u00f6r \u00e5r 2024 f\u00f6r Kristdemokraterna i Tidaholms kommun.","breadcrumb":{"@id":"https:\/\/wp.kristdemokraterna.se\/tidaholm\/textsida-fullbredd\/var-politik-i-kommunen\/arsmote\/#breadcrumb"},"inLanguage":"sv-SE","potentialAction":[{"@type":"ReadAction","target":["https:\/\/wp.kristdemokraterna.se\/tidaholm\/textsida-fullbredd\/var-politik-i-kommunen\/arsmote\/"]}]},{"@type":"ImageObject","inLanguage":"sv-SE","@id":"https:\/\/wp.kristdemokraterna.se\/tidaholm\/textsida-fullbredd\/var-politik-i-kommunen\/arsmote\/#primaryimage","url":"http:\/\/wp.kristdemokraterna.se\/tidaholm\/files\/2024\/04\/styrelsen-2024-kd-300x106.jpg","contentUrl":"http:\/\/wp.kristdemokraterna.se\/tidaholm\/files\/2024\/04\/styrelsen-2024-kd-300x106.jpg"},{"@type":"BreadcrumbList","@id":"https:\/\/wp.kristdemokraterna.se\/tidaholm\/textsida-fullbredd\/var-politik-i-kommunen\/arsmote\/#breadcrumb","itemListElement":[{"@type":"ListItem","position":1,"name":"Hem","item":"https:\/\/wp.kristdemokraterna.se\/tidaholm\/"},{"@type":"ListItem","position":2,"name":"Vad vi st\u00e5r f\u00f6r!","item":"https:\/\/wp.kristdemokraterna.se\/tidaholm\/textsida-fullbredd\/"},{"@type":"ListItem","position":3,"name":"V\u00e5r politik i kommunen","item":"https:\/\/wp.kristdemokraterna.se\/tidaholm\/textsida-fullbredd\/var-politik-i-kommunen\/"},{"@type":"ListItem","position":4,"name":"M\u00e5nadsm\u00f6ten \/ \u00c5rsm\u00f6te \u00e5r 2026"}]},{"@type":"WebSite","@id":"https:\/\/wp.kristdemokraterna.se\/tidaholm\/#website","url":"https:\/\/wp.kristdemokraterna.se\/tidaholm\/","name":"Kristdemokraterna | Tidaholm","description":"En till Kristdemokraterna webbplats","inLanguage":"sv-SE"}]}},"_links":{"self":[{"href":"https:\/\/wp.kristdemokraterna.se\/tidaholm\/wp-json\/wp\/v2\/pages\/361","targetHints":{"allow":["GET"]}}],"collection":[{"href":"https:\/\/wp.kristdemokraterna.se\/tidaholm\/wp-json\/wp\/v2\/pages"}],"about":[{"href":"https:\/\/wp.kristdemokraterna.se\/tidaholm\/wp-json\/wp\/v2\/types\/page"}],"author":[{"embeddable":true,"href":"https:\/\/wp.kristdemokraterna.se\/tidaholm\/wp-json\/wp\/v2\/users\/897"}],"replies":[{"embeddable":true,"href":"https:\/\/wp.kristdemokraterna.se\/tidaholm\/wp-json\/wp\/v2\/comments?post=361"}],"version-history":[{"count":25,"href":"https:\/\/wp.kristdemokraterna.se\/tidaholm\/wp-json\/wp\/v2\/pages\/361\/revisions"}],"predecessor-version":[{"id":679,"href":"https:\/\/wp.kristdemokraterna.se\/tidaholm\/wp-json\/wp\/v2\/pages\/361\/revisions\/679"}],"up":[{"embeddable":true,"href":"https:\/\/wp.kristdemokraterna.se\/tidaholm\/wp-json\/wp\/v2\/pages\/373"}],"wp:attachment":[{"href":"https:\/\/wp.kristdemokraterna.se\/tidaholm\/wp-json\/wp\/v2\/media?parent=361"}],"curies":[{"name":"wp","href":"https:\/\/api.w.org\/{rel}","templated":true}]}}