{"id":373,"date":"2026-02-02T14:47:18","date_gmt":"2026-02-02T13:47:18","guid":{"rendered":"http:\/\/wp.kristdemokraterna.se\/tidaholm\/?page_id=373"},"modified":"2026-02-24T09:38:52","modified_gmt":"2026-02-24T08:38:52","slug":"var-politik-i-kommunen","status":"publish","type":"page","link":"https:\/\/wp.kristdemokraterna.se\/tidaholm\/textsida-fullbredd\/var-politik-i-kommunen\/","title":{"rendered":"V\u00e5r politik i kommunen"},"content":{"rendered":"<h3>KD i Tidaholm arbetar bl.a. under v\u00e5ren-26 f\u00f6r:<\/h3>\n<ul>\n<li>Byggnation av ett nytt S\u00c4BO p\u00e5 Helliden,. Nytt LSS-boende p\u00e5 Rosenberg \u00e4r nu invigt och klart.<\/li>\n<li>Levande skolor och f\u00f6rskolor p\u00e5 landsbygden och i t\u00e4torten<\/li>\n<li>Kulturskolans viktiga betydelse f\u00f6r elever och alla boende i Tidaholms kommun<\/li>\n<li>Fler elever beh\u00f6ver bli godk\u00e4nda och beh\u00f6riga till att s\u00f6ka gymnasieprogram<\/li>\n<li>Driva en ansvarsfull ekonomisk politik inom alla verksamheter i kommunen<\/li>\n<li>V\u00e4rna om varum\u00e4rket TIDAHOLM!!!<\/li>\n<li>Alltid ha med ett milj\u00f6t\u00e4nkt vid beslut i n\u00e4mnder och kommunfullm\u00e4ktige.<\/li>\n<\/ul>\n<h2>KD:s lokala politikers uppdrag i Tidaholms kommun 2023-2026<\/h2>\n<p>Ordf\u00f6rande lokalavdelningen<br \/>\nJ\u00f6rgen Josefsson<br \/>\nSamh\u00e4llsbyggnadsn\u00e4mnden, ledamot<br \/>\njosefssoj@gmail.com<br \/>\n070-372 17 73<\/p>\n<p>Vice ordf\u00f6rande\u00a0 i lokalavdelningen<br \/>\nPatrik Kristoffersen<br \/>\nKommunfullm\u00e4ktige, ledamot och gruppledare<br \/>\nKommunstyrelsen, ledamot<br \/>\nkristoffersenpatrik@gmail.com<br \/>\n0705-70 20 28<\/p>\n<p>Krister Rohman<br \/>\nKommunfullm\u00e4ktiges 1:e ordf\u00f6rande<br \/>\nKommunstyrelsen, ers\u00e4ttare<\/p>\n<p>Torgny Hedlund<br \/>\nKommunfullm\u00e4ktige, ers\u00e4ttare<br \/>\nOrdf\u00f6rande j\u00e4vsn\u00e4mnden<\/p>\n<p>Claes Andersson<br \/>\nValn\u00e4mnden, ledamot<br \/>\nSMS, ledamot<\/p>\n<p>Charlotte Daremark<br \/>\nBarn- och utbildningsn\u00e4mnden, ers\u00e4ttare<br \/>\nBarn- och utbildningsn\u00e4mndens arbetsutskott, ers\u00e4ttare<br \/>\nSocial- och omv\u00e5rdnadsn\u00e4mnden, ers\u00e4ttare<\/p>\n<p>Roger Lundvold<br \/>\nKommunfullm\u00e4ktige, ers\u00e4ttare<br \/>\nOrdf\u00f6rande, barn- och utbildningsn\u00e4mnden<br \/>\nHuvudman, Tidaholms Sparbank<br \/>\nKD:s representant i Budgetberedningen<\/p>\n<p>H\u00e5kan Daremark<br \/>\nKultur- och fritidsn\u00e4mnden, ers\u00e4ttare<\/p>\n<p>Dennis Hagberg<br \/>\nHuvudman, Tidaholms Sparbank<\/p>\n<p>Martin Johansson<br \/>\nLedamot, social- och omv\u00e5rdnadsn\u00e4mnden<\/p>\n<p>&nbsp;<\/p>\n<p>&nbsp;<\/p>\n<p>&nbsp;<\/p>\n<p>&nbsp;<\/p>\n","protected":false},"excerpt":{"rendered":"<p>KD i Tidaholm arbetar bl.a. under v\u00e5ren-26 f\u00f6r: Byggnation av ett nytt S\u00c4BO p\u00e5 Helliden,. Nytt LSS-boende p\u00e5 Rosenberg \u00e4r nu invigt och klart. Levande skolor och f\u00f6rskolor p\u00e5 landsbygden och i t\u00e4torten Kulturskolans viktiga betydelse f\u00f6r elever och alla boende i Tidaholms kommun Fler elever beh\u00f6ver bli godk\u00e4nda och beh\u00f6riga till att s\u00f6ka gymnasieprogram <a class=\"read-more-link\" href=\"https:\/\/wp.kristdemokraterna.se\/tidaholm\/textsida-fullbredd\/var-politik-i-kommunen\/\">L\u00e4s mer<\/a><\/p>\n","protected":false},"author":897,"featured_media":0,"parent":272,"menu_order":0,"comment_status":"closed","ping_status":"closed","template":"page.php","meta":{"_acf_changed":false,"footnotes":""},"class_list":["post-373","page","type-page","status-publish","hentry"],"acf":[],"yoast_head":"<!-- This site is optimized with the Yoast SEO plugin v27.4 - https:\/\/yoast.com\/product\/yoast-seo-wordpress\/ -->\n<title>V\u00e5r politik i kommunen - Kristdemokraterna | Tidaholm<\/title>\n<meta name=\"description\" content=\"Kristdemokraterna i Tidaholm har m\u00e5nga som \u00e4r aktiva i politikern och i olika n\u00e4mnder och styrelsen.\" \/>\n<meta name=\"robots\" content=\"index, follow, max-snippet:-1, max-image-preview:large, max-video-preview:-1\" \/>\n<link rel=\"canonical\" href=\"https:\/\/wp.kristdemokraterna.se\/tidaholm\/textsida-fullbredd\/var-politik-i-kommunen\/\" \/>\n<meta property=\"og:locale\" content=\"sv_SE\" \/>\n<meta property=\"og:type\" content=\"article\" \/>\n<meta property=\"og:title\" content=\"V\u00e5r politik i kommunen - Kristdemokraterna | Tidaholm\" \/>\n<meta property=\"og:description\" content=\"Kristdemokraterna i Tidaholm har m\u00e5nga som \u00e4r aktiva i politikern och i olika n\u00e4mnder och styrelsen.\" \/>\n<meta property=\"og:url\" content=\"https:\/\/wp.kristdemokraterna.se\/tidaholm\/textsida-fullbredd\/var-politik-i-kommunen\/\" \/>\n<meta property=\"og:site_name\" content=\"Kristdemokraterna | Tidaholm\" \/>\n<meta property=\"article:modified_time\" content=\"2026-02-24T08:38:52+00:00\" \/>\n<meta name=\"twitter:card\" content=\"summary_large_image\" \/>\n<meta name=\"twitter:label1\" content=\"Ber\u00e4knad l\u00e4stid\" \/>\n\t<meta name=\"twitter:data1\" content=\"1 minut\" \/>\n<script type=\"application\/ld+json\" class=\"yoast-schema-graph\">{\"@context\":\"https:\\\/\\\/schema.org\",\"@graph\":[{\"@type\":\"WebPage\",\"@id\":\"https:\\\/\\\/wp.kristdemokraterna.se\\\/tidaholm\\\/textsida-fullbredd\\\/var-politik-i-kommunen\\\/\",\"url\":\"https:\\\/\\\/wp.kristdemokraterna.se\\\/tidaholm\\\/textsida-fullbredd\\\/var-politik-i-kommunen\\\/\",\"name\":\"V\u00e5r politik i kommunen - Kristdemokraterna | Tidaholm\",\"isPartOf\":{\"@id\":\"https:\\\/\\\/wp.kristdemokraterna.se\\\/tidaholm\\\/#website\"},\"datePublished\":\"2026-02-02T13:47:18+00:00\",\"dateModified\":\"2026-02-24T08:38:52+00:00\",\"description\":\"Kristdemokraterna i Tidaholm har m\u00e5nga som \u00e4r aktiva i politikern och i olika n\u00e4mnder och styrelsen.\",\"breadcrumb\":{\"@id\":\"https:\\\/\\\/wp.kristdemokraterna.se\\\/tidaholm\\\/textsida-fullbredd\\\/var-politik-i-kommunen\\\/#breadcrumb\"},\"inLanguage\":\"sv-SE\",\"potentialAction\":[{\"@type\":\"ReadAction\",\"target\":[\"https:\\\/\\\/wp.kristdemokraterna.se\\\/tidaholm\\\/textsida-fullbredd\\\/var-politik-i-kommunen\\\/\"]}]},{\"@type\":\"BreadcrumbList\",\"@id\":\"https:\\\/\\\/wp.kristdemokraterna.se\\\/tidaholm\\\/textsida-fullbredd\\\/var-politik-i-kommunen\\\/#breadcrumb\",\"itemListElement\":[{\"@type\":\"ListItem\",\"position\":1,\"name\":\"Hem\",\"item\":\"https:\\\/\\\/wp.kristdemokraterna.se\\\/tidaholm\\\/\"},{\"@type\":\"ListItem\",\"position\":2,\"name\":\"Vad vi st\u00e5r f\u00f6r!\",\"item\":\"https:\\\/\\\/wp.kristdemokraterna.se\\\/tidaholm\\\/textsida-fullbredd\\\/\"},{\"@type\":\"ListItem\",\"position\":3,\"name\":\"V\u00e5r politik i kommunen\"}]},{\"@type\":\"WebSite\",\"@id\":\"https:\\\/\\\/wp.kristdemokraterna.se\\\/tidaholm\\\/#website\",\"url\":\"https:\\\/\\\/wp.kristdemokraterna.se\\\/tidaholm\\\/\",\"name\":\"Kristdemokraterna | Tidaholm\",\"description\":\"En till Kristdemokraterna webbplats\",\"inLanguage\":\"sv-SE\"}]}<\/script>\n<!-- \/ Yoast SEO plugin. -->","yoast_head_json":{"title":"V\u00e5r politik i kommunen - Kristdemokraterna | Tidaholm","description":"Kristdemokraterna i Tidaholm har m\u00e5nga som \u00e4r aktiva i politikern och i olika n\u00e4mnder och styrelsen.","robots":{"index":"index","follow":"follow","max-snippet":"max-snippet:-1","max-image-preview":"max-image-preview:large","max-video-preview":"max-video-preview:-1"},"canonical":"https:\/\/wp.kristdemokraterna.se\/tidaholm\/textsida-fullbredd\/var-politik-i-kommunen\/","og_locale":"sv_SE","og_type":"article","og_title":"V\u00e5r politik i kommunen - Kristdemokraterna | Tidaholm","og_description":"Kristdemokraterna i Tidaholm har m\u00e5nga som \u00e4r aktiva i politikern och i olika n\u00e4mnder och styrelsen.","og_url":"https:\/\/wp.kristdemokraterna.se\/tidaholm\/textsida-fullbredd\/var-politik-i-kommunen\/","og_site_name":"Kristdemokraterna | Tidaholm","article_modified_time":"2026-02-24T08:38:52+00:00","twitter_card":"summary_large_image","twitter_misc":{"Ber\u00e4knad l\u00e4stid":"1 minut"},"schema":{"@context":"https:\/\/schema.org","@graph":[{"@type":"WebPage","@id":"https:\/\/wp.kristdemokraterna.se\/tidaholm\/textsida-fullbredd\/var-politik-i-kommunen\/","url":"https:\/\/wp.kristdemokraterna.se\/tidaholm\/textsida-fullbredd\/var-politik-i-kommunen\/","name":"V\u00e5r politik i kommunen - Kristdemokraterna | Tidaholm","isPartOf":{"@id":"https:\/\/wp.kristdemokraterna.se\/tidaholm\/#website"},"datePublished":"2026-02-02T13:47:18+00:00","dateModified":"2026-02-24T08:38:52+00:00","description":"Kristdemokraterna i Tidaholm har m\u00e5nga som \u00e4r aktiva i politikern och i olika n\u00e4mnder och styrelsen.","breadcrumb":{"@id":"https:\/\/wp.kristdemokraterna.se\/tidaholm\/textsida-fullbredd\/var-politik-i-kommunen\/#breadcrumb"},"inLanguage":"sv-SE","potentialAction":[{"@type":"ReadAction","target":["https:\/\/wp.kristdemokraterna.se\/tidaholm\/textsida-fullbredd\/var-politik-i-kommunen\/"]}]},{"@type":"BreadcrumbList","@id":"https:\/\/wp.kristdemokraterna.se\/tidaholm\/textsida-fullbredd\/var-politik-i-kommunen\/#breadcrumb","itemListElement":[{"@type":"ListItem","position":1,"name":"Hem","item":"https:\/\/wp.kristdemokraterna.se\/tidaholm\/"},{"@type":"ListItem","position":2,"name":"Vad vi st\u00e5r f\u00f6r!","item":"https:\/\/wp.kristdemokraterna.se\/tidaholm\/textsida-fullbredd\/"},{"@type":"ListItem","position":3,"name":"V\u00e5r politik i kommunen"}]},{"@type":"WebSite","@id":"https:\/\/wp.kristdemokraterna.se\/tidaholm\/#website","url":"https:\/\/wp.kristdemokraterna.se\/tidaholm\/","name":"Kristdemokraterna | Tidaholm","description":"En till Kristdemokraterna webbplats","inLanguage":"sv-SE"}]}},"_links":{"self":[{"href":"https:\/\/wp.kristdemokraterna.se\/tidaholm\/wp-json\/wp\/v2\/pages\/373","targetHints":{"allow":["GET"]}}],"collection":[{"href":"https:\/\/wp.kristdemokraterna.se\/tidaholm\/wp-json\/wp\/v2\/pages"}],"about":[{"href":"https:\/\/wp.kristdemokraterna.se\/tidaholm\/wp-json\/wp\/v2\/types\/page"}],"author":[{"embeddable":true,"href":"https:\/\/wp.kristdemokraterna.se\/tidaholm\/wp-json\/wp\/v2\/users\/897"}],"replies":[{"embeddable":true,"href":"https:\/\/wp.kristdemokraterna.se\/tidaholm\/wp-json\/wp\/v2\/comments?post=373"}],"version-history":[{"count":17,"href":"https:\/\/wp.kristdemokraterna.se\/tidaholm\/wp-json\/wp\/v2\/pages\/373\/revisions"}],"predecessor-version":[{"id":675,"href":"https:\/\/wp.kristdemokraterna.se\/tidaholm\/wp-json\/wp\/v2\/pages\/373\/revisions\/675"}],"up":[{"embeddable":true,"href":"https:\/\/wp.kristdemokraterna.se\/tidaholm\/wp-json\/wp\/v2\/pages\/272"}],"wp:attachment":[{"href":"https:\/\/wp.kristdemokraterna.se\/tidaholm\/wp-json\/wp\/v2\/media?parent=373"}],"curies":[{"name":"wp","href":"https:\/\/api.w.org\/{rel}","templated":true}]}}

Vår politik i kommunen

<h3>KD i Tidaholm arbetar bl.a. under våren-26 för:</h3>
<ul>
<li>Byggnation av ett nytt SÄBO på Helliden,. Nytt LSS-boende på Rosenberg är nu invigt och klart.</li>
<li>Levande skolor och förskolor på landsbygden och i tätorten</li>
<li>Kulturskolans viktiga betydelse för elever och alla boende i Tidaholms kommun</li>
<li>Fler elever behöver bli godkända och behöriga till att söka gymnasieprogram</li>
<li>Driva en ansvarsfull ekonomisk politik inom alla verksamheter i kommunen</li>
<li>Värna om varumärket TIDAHOLM!!!</li>
<li>Alltid ha med ett miljötänkt vid beslut i nämnder och kommunfullmäktige.</li>
</ul>
<h2>KD:s lokala politikers uppdrag i Tidaholms kommun 2023-2026</h2>
<p>Ordförande lokalavdelningen<br />
Jörgen Josefsson<br />
Samhällsbyggnadsnämnden, ledamot<br />
josefssoj@gmail.com<br />
070-372 17 73</p>
<p>Vice ordförande  i lokalavdelningen<br />
Patrik Kristoffersen<br />
Kommunfullmäktige, ledamot och gruppledare<br />
Kommunstyrelsen, ledamot<br />
kristoffersenpatrik@gmail.com<br />
0705-70 20 28</p>
<p>Krister Rohman<br />
Kommunfullmäktiges 1:e ordförande<br />
Kommunstyrelsen, ersättare</p>
<p>Torgny Hedlund<br />
Kommunfullmäktige, ersättare<br />
Ordförande jävsnämnden</p>
<p>Claes Andersson<br />
Valnämnden, ledamot<br />
SMS, ledamot</p>
<p>Charlotte Daremark<br />
Barn- och utbildningsnämnden, ersättare<br />
Barn- och utbildningsnämndens arbetsutskott, ersättare<br />
Social- och omvårdnadsnämnden, ersättare</p>
<p>Roger Lundvold<br />
Kommunfullmäktige, ersättare<br />
Ordförande, barn- och utbildningsnämnden<br />
Huvudman, Tidaholms Sparbank<br />
KD:s representant i Budgetberedningen</p>
<p>Håkan Daremark<br />
Kultur- och fritidsnämnden, ersättare</p>
<p>Dennis Hagberg<br />
Huvudman, Tidaholms Sparbank</p>
<p>Martin Johansson<br />
Ledamot, social- och omvårdnadsnämnden</p>
<p>&nbsp;</p>
<p>&nbsp;</p>
<p>&nbsp;</p>
<p>&nbsp;</p>

<p>KD i Tidaholm arbetar bl.a. under våren-26 för: Byggnation av ett nytt SÄBO på Helliden,. Nytt LSS-boende på Rosenberg är nu invigt och klart. Levande skolor och förskolor på landsbygden och i tätorten Kulturskolans viktiga betydelse för elever och alla boende i Tidaholms kommun Fler elever behöver bli godkända och behöriga till att söka gymnasieprogram <a class="read-more-link" href="https://wp.kristdemokraterna.se/tidaholm/textsida-fullbredd/var-politik-i-kommunen/">Läs mer</a></p>

<!-- This site is optimized with the Yoast SEO plugin v27.4 - https://yoast.com/product/yoast-seo-wordpress/ -->
<title>Vår politik i kommunen - Kristdemokraterna | Tidaholm</title>
<meta name="description" content="Kristdemokraterna i Tidaholm har många som är aktiva i politikern och i olika nämnder och styrelsen." />
<meta name="robots" content="index, follow, max-snippet:-1, max-image-preview:large, max-video-preview:-1" />
<link rel="canonical" href="https://wp.kristdemokraterna.se/tidaholm/textsida-fullbredd/var-politik-i-kommunen/" />
<meta property="og:locale" content="sv_SE" />
<meta property="og:type" content="article" />
<meta property="og:title" content="Vår politik i kommunen - Kristdemokraterna | Tidaholm" />
<meta property="og:description" content="Kristdemokraterna i Tidaholm har många som är aktiva i politikern och i olika nämnder och styrelsen." />
<meta property="og:url" content="https://wp.kristdemokraterna.se/tidaholm/textsida-fullbredd/var-politik-i-kommunen/" />
<meta property="og:site_name" content="Kristdemokraterna | Tidaholm" />
<meta property="article:modified_time" content="2026-02-24T08:38:52+00:00" />
<meta name="twitter:card" content="summary_large_image" />
<meta name="twitter:label1" content="Beräknad lästid" />
	<meta name="twitter:data1" content="1 minut" />
<script type="application/ld+json" class="yoast-schema-graph">{"@context":"https:\/\/schema.org","@graph":[{"@type":"WebPage","@id":"https:\/\/wp.kristdemokraterna.se\/tidaholm\/textsida-fullbredd\/var-politik-i-kommunen\/","url":"https:\/\/wp.kristdemokraterna.se\/tidaholm\/textsida-fullbredd\/var-politik-i-kommunen\/","name":"Vår politik i kommunen - Kristdemokraterna | Tidaholm","isPartOf":{"@id":"https:\/\/wp.kristdemokraterna.se\/tidaholm\/#website"},"datePublished":"2026-02-02T13:47:18+00:00","dateModified":"2026-02-24T08:38:52+00:00","description":"Kristdemokraterna i Tidaholm har många som är aktiva i politikern och i olika nämnder och styrelsen.","breadcrumb":{"@id":"https:\/\/wp.kristdemokraterna.se\/tidaholm\/textsida-fullbredd\/var-politik-i-kommunen\/#breadcrumb"},"inLanguage":"sv-SE","potentialAction":[{"@type":"ReadAction","target":["https:\/\/wp.kristdemokraterna.se\/tidaholm\/textsida-fullbredd\/var-politik-i-kommunen\/"]}]},{"@type":"BreadcrumbList","@id":"https:\/\/wp.kristdemokraterna.se\/tidaholm\/textsida-fullbredd\/var-politik-i-kommunen\/#breadcrumb","itemListElement":[{"@type":"ListItem","position":1,"name":"Hem","item":"https:\/\/wp.kristdemokraterna.se\/tidaholm\/"},{"@type":"ListItem","position":2,"name":"Vad vi står för!","item":"https:\/\/wp.kristdemokraterna.se\/tidaholm\/textsida-fullbredd\/"},{"@type":"ListItem","position":3,"name":"Vår politik i kommunen"}]},{"@type":"WebSite","@id":"https:\/\/wp.kristdemokraterna.se\/tidaholm\/#website","url":"https:\/\/wp.kristdemokraterna.se\/tidaholm\/","name":"Kristdemokraterna | Tidaholm","description":"En till Kristdemokraterna webbplats","inLanguage":"sv-SE"}]}</script>
<!-- / Yoast SEO plugin. -->

Vår politik i kommunen - Kristdemokraterna | Tidaholm

Kristdemokraterna i Tidaholm har många som är aktiva i politikern och i olika nämnder och styrelsen.

Vad vi står för!
