{"id":559,"date":"2018-06-02T11:40:20","date_gmt":"2018-06-02T09:40:20","guid":{"rendered":"http:\/\/wp.kristdemokraterna.se\/timra\/?page_id=559"},"modified":"2018-08-16T13:15:12","modified_gmt":"2018-08-16T11:15:12","slug":"vill-du-ocksa-ha-maktskifte","status":"publish","type":"page","link":"https:\/\/wp.kristdemokraterna.se\/timra\/vill-du-ocksa-ha-maktskifte\/","title":{"rendered":"Vill du ocks\u00e5 ha maktskifte?"},"content":{"rendered":"<p>Det finns s\u00e5 mycket att g\u00f6ra i v\u00e5r kommun som inte har gjorts trots alla \u00e5r Socialdemokraterna har f\u00e5tt p\u00e5 sig.<\/p>\n<p>Kristdemokraterna i Timr\u00e5 g\u00e5r till val p\u00e5 en huvudfr\u00e5ga &#8211; maktskifte. Varf\u00f6r? F\u00f6r att det ska bli en f\u00f6r\u00e4ndring.<\/p>\n<p>H\u00e4r \u00e4r n\u00e5gra f\u00f6r\u00e4ndringspunkter:<\/p>\n<ul>\n<li>Det finns \u00e4ldre som fryser p\u00e5 \u00e4ldreboenden. M\u00c5STE vi \u00e4ndra p\u00e5!<\/li>\n<li>Nolltolerans mot mobbning, p\u00e5 pappret. Ska g\u00f6ras n\u00e5t p\u00e5 RIKTIGT!<\/li>\n<li>1 av 3 som vill b\u00f6rja Kulturskolan, st\u00e5r i k\u00f6. Vi kan g\u00f6ra MER!<\/li>\n<li>Mindre barngrupper i f\u00f6rskolan. Ska arbetas f\u00f6r detta p\u00e5 ALLVAR!<\/li>\n<li>100-lappen f\u00f6r pension\u00e4rer p\u00e5 bussen. Har vi tjatat om L\u00c4NGE!<\/li>\n<li>Fler sociala aktiviteter och m\u00f6tesplatser f\u00f6r \u00e4ldre. Det BEH\u00d6VS!<\/li>\n<\/ul>\n<p>Vi Kristdemokrater driver inte ett parti f\u00f6r v\u00e5r egen skull. Vi jobbar f\u00f6r ett b\u00e4ttre Timr\u00e5 d\u00e4r goda v\u00e4rderingar och tillit byggs genom relationer med m\u00e4nniskor. Nu \u00e4r det dags att g\u00e5 fr\u00e5n ord till handling.<\/p>\n<p>&nbsp;<\/p>\n<table>\n<tbody>\n<tr>\n<td style=\"padding-right: 10px;width: 300\">\n<h2>Kollektivtrafik<\/h2>\n<p>L\u00e4nge har vi, utan geh\u00f6r fr\u00e5n S-V-majoriteten i kommun, f\u00f6rs\u00f6kt f\u00f6r\u00e4ndra och f\u00f6rb\u00e4ttra kollektivtrafiken i Timr\u00e5. Man har \u00e5terkommande h\u00e4nvisat till nya linjen\u00e4tsanalyser. Vi fr\u00e5gar oss hur m\u00e5nga linjen\u00e4tsanalyser beh\u00f6ver man g\u00f6ra innan man vill ta tag i fr\u00e5gan.<\/p>\n<p>Vi kommer forts\u00e4tta k\u00e4mpa f\u00f6r 100-lappen f\u00f6r pension\u00e4rer p\u00e5 bussen. Och givetvis ska kortet g\u00e4lla \u00e4ven f\u00f6r resor \u00f6ver kommungr\u00e4nsen till Birsta och \u00e4nda in till Navet i Sundsvall.<\/td>\n<td style=\"vertical-align: top\">\n<p><div id=\"attachment_120740\" style=\"width: 310px\" class=\"wp-caption alignright\"><img loading=\"lazy\" decoding=\"async\" aria-describedby=\"caption-attachment-120740\" class=\"wp-image-120740 size-medium\" src=\"http:\/\/wp.kristdemokraterna.se\/timra\/files\/2017\/11\/buss_linje_609_timra-300x225.jpg\" alt=\"\" width=\"300\" height=\"200\" \/><p id=\"caption-attachment-120740\" class=\"wp-caption-text\">Buss vid torget i Timr\u00e5 i maj 2014.<\/p><\/div><\/td>\n<\/tr>\n<tr>\n<td style=\"padding-right: 10px\">\n<h2>Kultur, natur och turism<\/h2>\n<p>Nu \u00e4r det dags f\u00f6r en ordenligt l\u00f6sning av Y-et och omr\u00e5det d\u00e4romkring. Idag har man satt kravallstaket runt Y-et f\u00f6r det \u00e4r risk att det faller ner delar. Detta har uppst\u00e5tt f\u00f6r att man helt enkelt inte brytt sig om att underh\u00e5lla konstverket.<\/p>\n<p>Detsamma g\u00e4ller kommunens egna kulturreservat L\u00f6gd\u00f6 bruk. Det st\u00e5r ocks\u00e5 och f\u00f6rfaller och nu har majoriteten beslutat riva en byggnad. Det m\u00e5ste bli ett f\u00f6r\u00e4ndring nu d\u00e5 vi \u00e4nnu har n\u00e5got kvar som \u00e4r v\u00e4rt att bevara.<\/p>\n<p>Sen beh\u00f6ver vi f\u00f6rb\u00e4ttra tillg\u00e4ngligheten till Skeppshamn och naturreservatet d\u00e4r. Alla ska kunne bes\u00f6ka Skeppshamn, inte m\u00f6tas av hinder eller begr\u00e4nsningar.<\/p>\n<p>N\u00e4r det g\u00e4ller Kulturskolan s\u00e5 st\u00e5r idag 1 av 3 som vill b\u00f6rja d\u00e4r i k\u00f6. D\u00e4r kan vi g\u00f6ra MER!<\/td>\n<td style=\"vertical-align: top\">\n<p><div id=\"attachment_729\" style=\"width: 310px\" class=\"wp-caption alignright\"><img loading=\"lazy\" decoding=\"async\" aria-describedby=\"caption-attachment-729\" class=\"wp-image-729 size-medium\" src=\"http:\/\/wp.kristdemokraterna.se\/timra\/files\/2018\/08\/guitar-2089802ny5-300x226.jpg\" alt=\"Gengrebild fr\u00e5n pixabay.com\" width=\"300\" height=\"226\" srcset=\"https:\/\/wp.kristdemokraterna.se\/timra\/files\/2018\/08\/guitar-2089802ny5-300x226.jpg 300w, https:\/\/wp.kristdemokraterna.se\/timra\/files\/2018\/08\/guitar-2089802ny5-768x578.jpg 768w, https:\/\/wp.kristdemokraterna.se\/timra\/files\/2018\/08\/guitar-2089802ny5-1024x770.jpg 1024w, https:\/\/wp.kristdemokraterna.se\/timra\/files\/2018\/08\/guitar-2089802ny5-266x200.jpg 266w, https:\/\/wp.kristdemokraterna.se\/timra\/files\/2018\/08\/guitar-2089802ny5-370x278.jpg 370w, https:\/\/wp.kristdemokraterna.se\/timra\/files\/2018\/08\/guitar-2089802ny5-770x579.jpg 770w, https:\/\/wp.kristdemokraterna.se\/timra\/files\/2018\/08\/guitar-2089802ny5-450x339.jpg 450w, https:\/\/wp.kristdemokraterna.se\/timra\/files\/2018\/08\/guitar-2089802ny5-280x211.jpg 280w, https:\/\/wp.kristdemokraterna.se\/timra\/files\/2018\/08\/guitar-2089802ny5-340x256.jpg 340w, https:\/\/wp.kristdemokraterna.se\/timra\/files\/2018\/08\/guitar-2089802ny5-200x150.jpg 200w, https:\/\/wp.kristdemokraterna.se\/timra\/files\/2018\/08\/guitar-2089802ny5-74x56.jpg 74w\" sizes=\"auto, (max-width: 300px) 100vw, 300px\" \/><p id=\"caption-attachment-729\" class=\"wp-caption-text\">M\u00e5nga vill spela gitarr i kulturskolan.<\/p><\/div><\/td>\n<\/tr>\n<tr>\n<td style=\"padding-right: 10px\">\n<h2>Skolan och barnomsorgen<\/h2>\n<p>Det finns massor att g\u00f6ra inom skolomr\u00e5det. Barngruppernas storlek i f\u00f6rskolan beh\u00f6ver minska och s\u00e5 ska kommunen erbjuda \u00f6ppen f\u00f6rskola. Skolorna ska ha kompetens och avs\u00e4tta resurser f\u00f6r att tidigt uppt\u00e4cka och hj\u00e4lpa barn i behov av s\u00e4rskilt st\u00f6d. Ett aktivt arbete mot s\u00e5v\u00e4l mobbing som annan kr\u00e4nkande behandling beh\u00f6vs.<\/p>\n<p>Vi ser med oro p\u00e5 den bristande j\u00e4mst\u00e4lldheten i skolan. Ett exempel p\u00e5 detta \u00e4r att i \u00e5k 9 uppn\u00e5dde 80 procent av flickorna kunskapskraven i alla \u00e4mnen 2017, f\u00f6r pojkar var motsvarande siffra inte ens 70 procent. Det h\u00e4r beh\u00f6ver man ta tag i, analysera och \u00e5tg\u00e4rda.<\/td>\n<td style=\"vertical-align: top\">\n<p><div id=\"attachment_728\" style=\"width: 310px\" class=\"wp-caption alignright\"><img loading=\"lazy\" decoding=\"async\" aria-describedby=\"caption-attachment-728\" class=\"wp-image-728 size-medium\" src=\"http:\/\/wp.kristdemokraterna.se\/timra\/files\/2018\/08\/building-blocks-1563961_1920-300x200.jpg\" alt=\"Gengrebild fr\u00e5n pixabay.com\" width=\"300\" height=\"200\" srcset=\"https:\/\/wp.kristdemokraterna.se\/timra\/files\/2018\/08\/building-blocks-1563961_1920-300x200.jpg 300w, https:\/\/wp.kristdemokraterna.se\/timra\/files\/2018\/08\/building-blocks-1563961_1920-768x512.jpg 768w, https:\/\/wp.kristdemokraterna.se\/timra\/files\/2018\/08\/building-blocks-1563961_1920-1024x683.jpg 1024w, https:\/\/wp.kristdemokraterna.se\/timra\/files\/2018\/08\/building-blocks-1563961_1920-370x247.jpg 370w, https:\/\/wp.kristdemokraterna.se\/timra\/files\/2018\/08\/building-blocks-1563961_1920-770x513.jpg 770w, https:\/\/wp.kristdemokraterna.se\/timra\/files\/2018\/08\/building-blocks-1563961_1920-450x300.jpg 450w, https:\/\/wp.kristdemokraterna.se\/timra\/files\/2018\/08\/building-blocks-1563961_1920-280x187.jpg 280w, https:\/\/wp.kristdemokraterna.se\/timra\/files\/2018\/08\/building-blocks-1563961_1920-340x227.jpg 340w, https:\/\/wp.kristdemokraterna.se\/timra\/files\/2018\/08\/building-blocks-1563961_1920-200x133.jpg 200w, https:\/\/wp.kristdemokraterna.se\/timra\/files\/2018\/08\/building-blocks-1563961_1920-84x56.jpg 84w, https:\/\/wp.kristdemokraterna.se\/timra\/files\/2018\/08\/building-blocks-1563961_1920.jpg 1920w\" sizes=\"auto, (max-width: 300px) 100vw, 300px\" \/><p id=\"caption-attachment-728\" class=\"wp-caption-text\">Barn gillar att bygga med klossar.<\/p><\/div><\/td>\n<td><\/td>\n<\/tr>\n<tr>\n<td style=\"padding-right: 10px\">\n<h2>Trygghet<\/h2>\n<p>Trygghetsarbetet i v\u00e5r kommun \u00e4r ett mycket viktigt men ganska bortgl\u00f6mt omr\u00e5de. Kommunen borde k\u00e4nna ett st\u00f6rre ansvar f\u00f6r detta och ta initiativ till fler medborgardialoger. F\u00e5r politiker h\u00f6ra vad folk upplever och k\u00e4nner s\u00e5 kan de inte l\u00e4ngre f\u00f6rneka att det f\u00f6rekommer otrygghet ute p\u00e5 byn.<\/p>\n<p>Nu handlar trygghet inte bara om att vara trygg utomhus utan ocks\u00e5 man ska kunna vara trygg i olika sammanhang. Vi vill se krafttag mot mobbning och utanf\u00f6rskap i skolan och st\u00e4rka tryggheten f\u00f6r \u00e4ldre genom att satsa p\u00e5 att st\u00e4rka den sociala gemenskapen och milj\u00f6n p\u00e5 v\u00e5ra \u00e4ldreboenden.<\/p>\n<h2>\u00c4ldreomsorg<\/h2>\n<p>Det finns \u00e4ldre som fryser p\u00e5 \u00e4ldreboenden och tvingas s\u00e4tta in byggfl\u00e4ktar p\u00e5 egen bekostnad f\u00f6r att f\u00e5 varmt. Det \u00e4r ov\u00e4rdigt och fel, s\u00e5 f\u00e5r det inte vara! Fler sociala aktiviteter och m\u00f6tesplatser f\u00f6r \u00e4ldre beh\u00f6vs ocks\u00e5. Vi vill se att bidragen till f\u00f6reningar av social karakt\u00e4r f\u00e5r ett reglemente s\u00e5 att de inte helt godtyckligt delas ut utan faktiskt g\u00e5r till lokala f\u00f6reningar och till verksamheter som bidraget \u00e4r t\u00e4nkt till. Mer valfrihet inom \u00e4ldreomsorgen beh\u00f6vs ocks\u00e5. F\u00f6r vi vet att det \u00e4r du sj\u00e4lv som vet b\u00e4st hur du vill ha det. Vi ska d\u00e4rf\u00f6r \u00f6ppna upp f\u00f6r Lagen om valfrihetssystem.<\/td>\n<\/tr>\n<\/tbody>\n<\/table>\n<div>\n<h3>I DIN KOMMUN VILL VI<\/h3>\n<\/div>\n<div>\n<ul>\n<li>Skapa ett samh\u00e4lle d\u00e4r ingen ska beh\u00f6va k\u00e4nna sig ensam<\/li>\n<li>Skapa en skola d\u00e4r man motverkar mobbning och kr\u00e4nkningar<\/li>\n<li>Skapa en \u00e4ldreomsorg d\u00e4r det \u00e4r gott om platser f\u00f6r social samvaro och sociala aktiviteter<\/li>\n<li>Skapa en familjecentral med \u00f6ppen f\u00f6rskola f\u00f6r att \u00f6ka tryggheten f\u00f6r familjer<\/li>\n<li>Skapa b\u00e4ttre villkor f\u00f6r f\u00f6reningslivet f\u00f6r att uppv\u00e4rdera de ideella krafternas v\u00e4rde<\/li>\n<li>Skapa en f\u00f6rskola med mindre barngrupper f\u00f6r att ge barnen lite lugnare och tryggare milj\u00f6<\/li>\n<li>Skapa mer valfrihet inom skola och omsorg f\u00f6r att du vet b\u00e4st hur du vill ha det<\/li>\n<li>Skapa en kommun d\u00e4r DU \u00c4R V\u00c4RDEFULL som du \u00e4r och inte bara v\u00e4rderas efter vad du kostar eller ger i int\u00e4kt<\/li>\n<\/ul>\n<\/div>\n<div>\n<p><strong>Vill du ocks\u00e5 ha en f\u00f6r\u00e4ndring i v\u00e5r kommun, d\u00e5 kan du lita p\u00e5 Kristdemokraterna. <\/strong><\/p>\n<\/div>\n<div>\n<h2><strong>Vi lovar inte allt till alla men vi h\u00e5ller vad vi lovar.<\/strong><\/h2>\n<\/div>\n","protected":false},"excerpt":{"rendered":"<p>Det finns s\u00e5 mycket att g\u00f6ra i v\u00e5r kommun som inte har gjorts trots alla \u00e5r Socialdemokraterna har f\u00e5tt p\u00e5 sig. Kristdemokraterna i Timr\u00e5 g\u00e5r till val p\u00e5 en huvudfr\u00e5ga &#8211; maktskifte. Varf\u00f6r? F\u00f6r att det ska bli en f\u00f6r\u00e4ndring. H\u00e4r \u00e4r n\u00e5gra f\u00f6r\u00e4ndringspunkter: Det finns \u00e4ldre som fryser p\u00e5 \u00e4ldreboenden. M\u00c5STE vi \u00e4ndra p\u00e5! <a class=\"read-more-link\" href=\"https:\/\/wp.kristdemokraterna.se\/timra\/vill-du-ocksa-ha-maktskifte\/\">L\u00e4s mer<\/a><\/p>\n","protected":false},"author":787,"featured_media":0,"parent":0,"menu_order":0,"comment_status":"closed","ping_status":"closed","template":"page-full.php","meta":{"_acf_changed":false,"footnotes":""},"class_list":["post-559","page","type-page","status-publish","hentry"],"acf":[],"yoast_head":"<!-- This site is optimized with the Yoast SEO plugin v27.4 - https:\/\/yoast.com\/product\/yoast-seo-wordpress\/ -->\n<title>Vill du ocks\u00e5 ha maktskifte? - Kristdemokraterna i Timr\u00e5<\/title>\n<meta name=\"robots\" content=\"index, follow, max-snippet:-1, max-image-preview:large, max-video-preview:-1\" \/>\n<link rel=\"canonical\" href=\"https:\/\/wp.kristdemokraterna.se\/timra\/vill-du-ocksa-ha-maktskifte\/\" \/>\n<meta property=\"og:locale\" content=\"sv_SE\" \/>\n<meta property=\"og:type\" content=\"article\" \/>\n<meta property=\"og:title\" content=\"Vill du ocks\u00e5 ha maktskifte? - Kristdemokraterna i Timr\u00e5\" \/>\n<meta property=\"og:description\" content=\"Det finns s\u00e5 mycket att g\u00f6ra i v\u00e5r kommun som inte har gjorts trots alla \u00e5r Socialdemokraterna har f\u00e5tt p\u00e5 sig. Kristdemokraterna i Timr\u00e5 g\u00e5r till val p\u00e5 en huvudfr\u00e5ga &#8211; maktskifte. Varf\u00f6r? F\u00f6r att det ska bli en f\u00f6r\u00e4ndring. H\u00e4r \u00e4r n\u00e5gra f\u00f6r\u00e4ndringspunkter: Det finns \u00e4ldre som fryser p\u00e5 \u00e4ldreboenden. M\u00c5STE vi \u00e4ndra p\u00e5! L\u00e4s mer\" \/>\n<meta property=\"og:url\" content=\"https:\/\/wp.kristdemokraterna.se\/timra\/vill-du-ocksa-ha-maktskifte\/\" \/>\n<meta property=\"og:site_name\" content=\"Kristdemokraterna i Timr\u00e5\" \/>\n<meta property=\"article:modified_time\" content=\"2018-08-16T11:15:12+00:00\" \/>\n<meta property=\"og:image\" content=\"http:\/\/wp.kristdemokraterna.se\/timra\/files\/2017\/11\/buss_linje_609_timra-300x225.jpg\" \/>\n<meta name=\"twitter:card\" content=\"summary_large_image\" \/>\n<meta name=\"twitter:label1\" content=\"Ber\u00e4knad l\u00e4stid\" \/>\n\t<meta name=\"twitter:data1\" content=\"5 minuter\" \/>\n<script type=\"application\/ld+json\" class=\"yoast-schema-graph\">{\"@context\":\"https:\\\/\\\/schema.org\",\"@graph\":[{\"@type\":\"WebPage\",\"@id\":\"https:\\\/\\\/wp.kristdemokraterna.se\\\/timra\\\/vill-du-ocksa-ha-maktskifte\\\/\",\"url\":\"https:\\\/\\\/wp.kristdemokraterna.se\\\/timra\\\/vill-du-ocksa-ha-maktskifte\\\/\",\"name\":\"Vill du ocks\u00e5 ha maktskifte? - Kristdemokraterna i Timr\u00e5\",\"isPartOf\":{\"@id\":\"https:\\\/\\\/wp.kristdemokraterna.se\\\/timra\\\/#website\"},\"primaryImageOfPage\":{\"@id\":\"https:\\\/\\\/wp.kristdemokraterna.se\\\/timra\\\/vill-du-ocksa-ha-maktskifte\\\/#primaryimage\"},\"image\":{\"@id\":\"https:\\\/\\\/wp.kristdemokraterna.se\\\/timra\\\/vill-du-ocksa-ha-maktskifte\\\/#primaryimage\"},\"thumbnailUrl\":\"http:\\\/\\\/wp.kristdemokraterna.se\\\/timra\\\/files\\\/2017\\\/11\\\/buss_linje_609_timra-300x225.jpg\",\"datePublished\":\"2018-06-02T09:40:20+00:00\",\"dateModified\":\"2018-08-16T11:15:12+00:00\",\"breadcrumb\":{\"@id\":\"https:\\\/\\\/wp.kristdemokraterna.se\\\/timra\\\/vill-du-ocksa-ha-maktskifte\\\/#breadcrumb\"},\"inLanguage\":\"sv-SE\",\"potentialAction\":[{\"@type\":\"ReadAction\",\"target\":[\"https:\\\/\\\/wp.kristdemokraterna.se\\\/timra\\\/vill-du-ocksa-ha-maktskifte\\\/\"]}]},{\"@type\":\"ImageObject\",\"inLanguage\":\"sv-SE\",\"@id\":\"https:\\\/\\\/wp.kristdemokraterna.se\\\/timra\\\/vill-du-ocksa-ha-maktskifte\\\/#primaryimage\",\"url\":\"https:\\\/\\\/wp.kristdemokraterna.se\\\/timra\\\/files\\\/2017\\\/11\\\/buss_linje_609_timra.jpg\",\"contentUrl\":\"https:\\\/\\\/wp.kristdemokraterna.se\\\/timra\\\/files\\\/2017\\\/11\\\/buss_linje_609_timra.jpg\",\"width\":2592,\"height\":1944},{\"@type\":\"BreadcrumbList\",\"@id\":\"https:\\\/\\\/wp.kristdemokraterna.se\\\/timra\\\/vill-du-ocksa-ha-maktskifte\\\/#breadcrumb\",\"itemListElement\":[{\"@type\":\"ListItem\",\"position\":1,\"name\":\"Hem\",\"item\":\"https:\\\/\\\/wp.kristdemokraterna.se\\\/timra\\\/\"},{\"@type\":\"ListItem\",\"position\":2,\"name\":\"Vill du ocks\u00e5 ha maktskifte?\"}]},{\"@type\":\"WebSite\",\"@id\":\"https:\\\/\\\/wp.kristdemokraterna.se\\\/timra\\\/#website\",\"url\":\"https:\\\/\\\/wp.kristdemokraterna.se\\\/timra\\\/\",\"name\":\"Kristdemokraterna i Timr\u00e5\",\"description\":\"Vill du ocks\u00e5 ha maktskifte?\",\"inLanguage\":\"sv-SE\"}]}<\/script>\n<!-- \/ Yoast SEO plugin. -->","yoast_head_json":{"title":"Vill du ocks\u00e5 ha maktskifte? - Kristdemokraterna i Timr\u00e5","robots":{"index":"index","follow":"follow","max-snippet":"max-snippet:-1","max-image-preview":"max-image-preview:large","max-video-preview":"max-video-preview:-1"},"canonical":"https:\/\/wp.kristdemokraterna.se\/timra\/vill-du-ocksa-ha-maktskifte\/","og_locale":"sv_SE","og_type":"article","og_title":"Vill du ocks\u00e5 ha maktskifte? - Kristdemokraterna i Timr\u00e5","og_description":"Det finns s\u00e5 mycket att g\u00f6ra i v\u00e5r kommun som inte har gjorts trots alla \u00e5r Socialdemokraterna har f\u00e5tt p\u00e5 sig. Kristdemokraterna i Timr\u00e5 g\u00e5r till val p\u00e5 en huvudfr\u00e5ga &#8211; maktskifte. Varf\u00f6r? F\u00f6r att det ska bli en f\u00f6r\u00e4ndring. H\u00e4r \u00e4r n\u00e5gra f\u00f6r\u00e4ndringspunkter: Det finns \u00e4ldre som fryser p\u00e5 \u00e4ldreboenden. M\u00c5STE vi \u00e4ndra p\u00e5! L\u00e4s mer","og_url":"https:\/\/wp.kristdemokraterna.se\/timra\/vill-du-ocksa-ha-maktskifte\/","og_site_name":"Kristdemokraterna i Timr\u00e5","article_modified_time":"2018-08-16T11:15:12+00:00","og_image":[{"url":"http:\/\/wp.kristdemokraterna.se\/timra\/files\/2017\/11\/buss_linje_609_timra-300x225.jpg","type":"","width":"","height":""}],"twitter_card":"summary_large_image","twitter_misc":{"Ber\u00e4knad l\u00e4stid":"5 minuter"},"schema":{"@context":"https:\/\/schema.org","@graph":[{"@type":"WebPage","@id":"https:\/\/wp.kristdemokraterna.se\/timra\/vill-du-ocksa-ha-maktskifte\/","url":"https:\/\/wp.kristdemokraterna.se\/timra\/vill-du-ocksa-ha-maktskifte\/","name":"Vill du ocks\u00e5 ha maktskifte? - Kristdemokraterna i Timr\u00e5","isPartOf":{"@id":"https:\/\/wp.kristdemokraterna.se\/timra\/#website"},"primaryImageOfPage":{"@id":"https:\/\/wp.kristdemokraterna.se\/timra\/vill-du-ocksa-ha-maktskifte\/#primaryimage"},"image":{"@id":"https:\/\/wp.kristdemokraterna.se\/timra\/vill-du-ocksa-ha-maktskifte\/#primaryimage"},"thumbnailUrl":"http:\/\/wp.kristdemokraterna.se\/timra\/files\/2017\/11\/buss_linje_609_timra-300x225.jpg","datePublished":"2018-06-02T09:40:20+00:00","dateModified":"2018-08-16T11:15:12+00:00","breadcrumb":{"@id":"https:\/\/wp.kristdemokraterna.se\/timra\/vill-du-ocksa-ha-maktskifte\/#breadcrumb"},"inLanguage":"sv-SE","potentialAction":[{"@type":"ReadAction","target":["https:\/\/wp.kristdemokraterna.se\/timra\/vill-du-ocksa-ha-maktskifte\/"]}]},{"@type":"ImageObject","inLanguage":"sv-SE","@id":"https:\/\/wp.kristdemokraterna.se\/timra\/vill-du-ocksa-ha-maktskifte\/#primaryimage","url":"https:\/\/wp.kristdemokraterna.se\/timra\/files\/2017\/11\/buss_linje_609_timra.jpg","contentUrl":"https:\/\/wp.kristdemokraterna.se\/timra\/files\/2017\/11\/buss_linje_609_timra.jpg","width":2592,"height":1944},{"@type":"BreadcrumbList","@id":"https:\/\/wp.kristdemokraterna.se\/timra\/vill-du-ocksa-ha-maktskifte\/#breadcrumb","itemListElement":[{"@type":"ListItem","position":1,"name":"Hem","item":"https:\/\/wp.kristdemokraterna.se\/timra\/"},{"@type":"ListItem","position":2,"name":"Vill du ocks\u00e5 ha maktskifte?"}]},{"@type":"WebSite","@id":"https:\/\/wp.kristdemokraterna.se\/timra\/#website","url":"https:\/\/wp.kristdemokraterna.se\/timra\/","name":"Kristdemokraterna i Timr\u00e5","description":"Vill du ocks\u00e5 ha maktskifte?","inLanguage":"sv-SE"}]}},"_links":{"self":[{"href":"https:\/\/wp.kristdemokraterna.se\/timra\/wp-json\/wp\/v2\/pages\/559","targetHints":{"allow":["GET"]}}],"collection":[{"href":"https:\/\/wp.kristdemokraterna.se\/timra\/wp-json\/wp\/v2\/pages"}],"about":[{"href":"https:\/\/wp.kristdemokraterna.se\/timra\/wp-json\/wp\/v2\/types\/page"}],"author":[{"embeddable":true,"href":"https:\/\/wp.kristdemokraterna.se\/timra\/wp-json\/wp\/v2\/users\/787"}],"replies":[{"embeddable":true,"href":"https:\/\/wp.kristdemokraterna.se\/timra\/wp-json\/wp\/v2\/comments?post=559"}],"version-history":[{"count":8,"href":"https:\/\/wp.kristdemokraterna.se\/timra\/wp-json\/wp\/v2\/pages\/559\/revisions"}],"predecessor-version":[{"id":732,"href":"https:\/\/wp.kristdemokraterna.se\/timra\/wp-json\/wp\/v2\/pages\/559\/revisions\/732"}],"wp:attachment":[{"href":"https:\/\/wp.kristdemokraterna.se\/timra\/wp-json\/wp\/v2\/media?parent=559"}],"curies":[{"name":"wp","href":"https:\/\/api.w.org\/{rel}","templated":true}]}}