{"id":91,"date":"2014-05-24T00:27:37","date_gmt":"2014-05-23T22:27:37","guid":{"rendered":"http:\/\/wp.kristdemokraterna.se\/tingsryd\/?page_id=91"},"modified":"2025-03-09T17:15:42","modified_gmt":"2025-03-09T16:15:42","slug":"foretradare-2010-2014","status":"publish","type":"page","link":"https:\/\/wp.kristdemokraterna.se\/tingsryd\/foretradare-2010-2014\/","title":{"rendered":"V\u00e5ra politiker"},"content":{"rendered":"<p><a href=\"http:\/\/wp.kristdemokraterna.se\/tingsryd\/files\/2022\/06\/jonce-jan-popovski.jpg\"><img loading=\"lazy\" decoding=\"async\" class=\"alignleft wp-image-554 size-medium\" src=\"http:\/\/wp.kristdemokraterna.se\/tingsryd\/files\/2022\/06\/jonce-jan-popovski-225x300.jpg\" alt=\"\" width=\"225\" height=\"300\" srcset=\"https:\/\/wp.kristdemokraterna.se\/tingsryd\/files\/2022\/06\/jonce-jan-popovski-225x300.jpg 225w, https:\/\/wp.kristdemokraterna.se\/tingsryd\/files\/2022\/06\/jonce-jan-popovski-768x1024.jpg 768w, https:\/\/wp.kristdemokraterna.se\/tingsryd\/files\/2022\/06\/jonce-jan-popovski-1152x1536.jpg 1152w, https:\/\/wp.kristdemokraterna.se\/tingsryd\/files\/2022\/06\/jonce-jan-popovski-1536x2048.jpg 1536w, https:\/\/wp.kristdemokraterna.se\/tingsryd\/files\/2022\/06\/jonce-jan-popovski-150x200.jpg 150w, https:\/\/wp.kristdemokraterna.se\/tingsryd\/files\/2022\/06\/jonce-jan-popovski-370x493.jpg 370w, https:\/\/wp.kristdemokraterna.se\/tingsryd\/files\/2022\/06\/jonce-jan-popovski-770x1026.jpg 770w, https:\/\/wp.kristdemokraterna.se\/tingsryd\/files\/2022\/06\/jonce-jan-popovski-450x600.jpg 450w, https:\/\/wp.kristdemokraterna.se\/tingsryd\/files\/2022\/06\/jonce-jan-popovski-280x373.jpg 280w, https:\/\/wp.kristdemokraterna.se\/tingsryd\/files\/2022\/06\/jonce-jan-popovski-340x453.jpg 340w, https:\/\/wp.kristdemokraterna.se\/tingsryd\/files\/2022\/06\/jonce-jan-popovski-42x56.jpg 42w, https:\/\/wp.kristdemokraterna.se\/tingsryd\/files\/2022\/06\/jonce-jan-popovski.jpg 1772w\" sizes=\"auto, (max-width: 225px) 100vw, 225px\" \/><\/a><\/p>\n<p style=\"text-align: right\"><strong>Jan Popovski<\/strong><\/p>\n<p style=\"text-align: right\">1:e vice ordf\u00f6rande Kommunfullm\u00e4ktige<\/p>\n<p style=\"text-align: right\">Ordf\u00f6rande Valn\u00e4mnden<\/p>\n<p style=\"text-align: right\">Ledamot Bildningsn\u00e4mnden<\/p>\n<p>&nbsp;<\/p>\n<p>&nbsp;<\/p>\n<p>&nbsp;<\/p>\n<p>&nbsp;<\/p>\n<p><a href=\"http:\/\/wp.kristdemokraterna.se\/tingsryd\/files\/2022\/06\/birgitta-arvidsson.jpg\"><img loading=\"lazy\" decoding=\"async\" class=\"alignleft wp-image-555 size-medium\" src=\"http:\/\/wp.kristdemokraterna.se\/tingsryd\/files\/2022\/06\/birgitta-arvidsson-225x300.jpg\" alt=\"\" width=\"225\" height=\"300\" srcset=\"https:\/\/wp.kristdemokraterna.se\/tingsryd\/files\/2022\/06\/birgitta-arvidsson-225x300.jpg 225w, https:\/\/wp.kristdemokraterna.se\/tingsryd\/files\/2022\/06\/birgitta-arvidsson-768x1024.jpg 768w, https:\/\/wp.kristdemokraterna.se\/tingsryd\/files\/2022\/06\/birgitta-arvidsson-1152x1536.jpg 1152w, https:\/\/wp.kristdemokraterna.se\/tingsryd\/files\/2022\/06\/birgitta-arvidsson-1536x2048.jpg 1536w, https:\/\/wp.kristdemokraterna.se\/tingsryd\/files\/2022\/06\/birgitta-arvidsson-150x200.jpg 150w, https:\/\/wp.kristdemokraterna.se\/tingsryd\/files\/2022\/06\/birgitta-arvidsson-370x493.jpg 370w, https:\/\/wp.kristdemokraterna.se\/tingsryd\/files\/2022\/06\/birgitta-arvidsson-770x1026.jpg 770w, https:\/\/wp.kristdemokraterna.se\/tingsryd\/files\/2022\/06\/birgitta-arvidsson-450x600.jpg 450w, https:\/\/wp.kristdemokraterna.se\/tingsryd\/files\/2022\/06\/birgitta-arvidsson-280x373.jpg 280w, https:\/\/wp.kristdemokraterna.se\/tingsryd\/files\/2022\/06\/birgitta-arvidsson-340x453.jpg 340w, https:\/\/wp.kristdemokraterna.se\/tingsryd\/files\/2022\/06\/birgitta-arvidsson-42x56.jpg 42w, https:\/\/wp.kristdemokraterna.se\/tingsryd\/files\/2022\/06\/birgitta-arvidsson.jpg 1772w\" sizes=\"auto, (max-width: 225px) 100vw, 225px\" \/><\/a><\/p>\n<p style=\"text-align: right\"><strong>Birgitta Arvidsson<\/strong><\/p>\n<p style=\"text-align: right\">Ledamot Kommunfullm\u00e4ktige<\/p>\n<p style=\"text-align: right\">Ledamot Kommunstyrelsen<\/p>\n<p style=\"text-align: right\">Ordf\u00f6rande V\u00e5rd- och omsorgsn\u00e4mnden<\/p>\n<p>&nbsp;<\/p>\n<p>&nbsp;<\/p>\n<p>&nbsp;<\/p>\n<p>&nbsp;<\/p>\n<p><a href=\"http:\/\/wp.kristdemokraterna.se\/tingsryd\/files\/2022\/06\/anders-gustafsson.jpg\"><img loading=\"lazy\" decoding=\"async\" class=\"alignleft wp-image-558 size-medium\" src=\"http:\/\/wp.kristdemokraterna.se\/tingsryd\/files\/2022\/06\/anders-gustafsson-225x300.jpg\" alt=\"\" width=\"225\" height=\"300\" srcset=\"https:\/\/wp.kristdemokraterna.se\/tingsryd\/files\/2022\/06\/anders-gustafsson-225x300.jpg 225w, https:\/\/wp.kristdemokraterna.se\/tingsryd\/files\/2022\/06\/anders-gustafsson-768x1024.jpg 768w, https:\/\/wp.kristdemokraterna.se\/tingsryd\/files\/2022\/06\/anders-gustafsson-1152x1536.jpg 1152w, https:\/\/wp.kristdemokraterna.se\/tingsryd\/files\/2022\/06\/anders-gustafsson-1536x2048.jpg 1536w, https:\/\/wp.kristdemokraterna.se\/tingsryd\/files\/2022\/06\/anders-gustafsson-150x200.jpg 150w, https:\/\/wp.kristdemokraterna.se\/tingsryd\/files\/2022\/06\/anders-gustafsson-370x493.jpg 370w, https:\/\/wp.kristdemokraterna.se\/tingsryd\/files\/2022\/06\/anders-gustafsson-770x1026.jpg 770w, https:\/\/wp.kristdemokraterna.se\/tingsryd\/files\/2022\/06\/anders-gustafsson-450x600.jpg 450w, https:\/\/wp.kristdemokraterna.se\/tingsryd\/files\/2022\/06\/anders-gustafsson-280x373.jpg 280w, https:\/\/wp.kristdemokraterna.se\/tingsryd\/files\/2022\/06\/anders-gustafsson-340x453.jpg 340w, https:\/\/wp.kristdemokraterna.se\/tingsryd\/files\/2022\/06\/anders-gustafsson-42x56.jpg 42w, https:\/\/wp.kristdemokraterna.se\/tingsryd\/files\/2022\/06\/anders-gustafsson.jpg 1772w\" sizes=\"auto, (max-width: 225px) 100vw, 225px\" \/><\/a><\/p>\n<p style=\"text-align: right\"><strong>Anders Gustavsson<\/strong><\/p>\n<p style=\"text-align: right\">Ledamot Kommunfullm\u00e4ktige<\/p>\n<p>&nbsp;<\/p>\n<p>&nbsp;<\/p>\n<p>&nbsp;<\/p>\n<p>&nbsp;<\/p>\n<p>&nbsp;<\/p>\n<p>&nbsp;<\/p>\n<p><a href=\"http:\/\/wp.kristdemokraterna.se\/tingsryd\/files\/2022\/06\/annika-gustafsson.jpg\"><img loading=\"lazy\" decoding=\"async\" class=\"alignleft wp-image-557 size-medium\" src=\"http:\/\/wp.kristdemokraterna.se\/tingsryd\/files\/2022\/06\/annika-gustafsson-225x300.jpg\" alt=\"\" width=\"225\" height=\"300\" srcset=\"https:\/\/wp.kristdemokraterna.se\/tingsryd\/files\/2022\/06\/annika-gustafsson-225x300.jpg 225w, https:\/\/wp.kristdemokraterna.se\/tingsryd\/files\/2022\/06\/annika-gustafsson-768x1024.jpg 768w, https:\/\/wp.kristdemokraterna.se\/tingsryd\/files\/2022\/06\/annika-gustafsson-1152x1536.jpg 1152w, https:\/\/wp.kristdemokraterna.se\/tingsryd\/files\/2022\/06\/annika-gustafsson-1536x2048.jpg 1536w, https:\/\/wp.kristdemokraterna.se\/tingsryd\/files\/2022\/06\/annika-gustafsson-150x200.jpg 150w, https:\/\/wp.kristdemokraterna.se\/tingsryd\/files\/2022\/06\/annika-gustafsson-370x493.jpg 370w, https:\/\/wp.kristdemokraterna.se\/tingsryd\/files\/2022\/06\/annika-gustafsson-770x1026.jpg 770w, https:\/\/wp.kristdemokraterna.se\/tingsryd\/files\/2022\/06\/annika-gustafsson-450x600.jpg 450w, https:\/\/wp.kristdemokraterna.se\/tingsryd\/files\/2022\/06\/annika-gustafsson-280x373.jpg 280w, https:\/\/wp.kristdemokraterna.se\/tingsryd\/files\/2022\/06\/annika-gustafsson-340x453.jpg 340w, https:\/\/wp.kristdemokraterna.se\/tingsryd\/files\/2022\/06\/annika-gustafsson-42x56.jpg 42w, https:\/\/wp.kristdemokraterna.se\/tingsryd\/files\/2022\/06\/annika-gustafsson.jpg 1772w\" sizes=\"auto, (max-width: 225px) 100vw, 225px\" \/><\/a><\/p>\n<p>&nbsp;<\/p>\n<p style=\"text-align: right\"><strong>Annika Gustafsson<\/strong><\/p>\n<p style=\"text-align: right\">Ers\u00e4ttare Kommunfullm\u00e4ktige<\/p>\n<p style=\"text-align: right\">Ers\u00e4ttare V\u00e5rd- och omsorgsn\u00e4mnden<\/p>\n<p>&nbsp;<\/p>\n<p>&nbsp;<\/p>\n<p>&nbsp;<\/p>\n<p>&nbsp;<\/p>\n<p><a href=\"http:\/\/wp.kristdemokraterna.se\/tingsryd\/files\/2014\/05\/boarvidsson.jpg\"><img loading=\"lazy\" decoding=\"async\" class=\" wp-image-85 alignleft\" src=\"http:\/\/wp.kristdemokraterna.se\/tingsryd\/files\/2014\/05\/boarvidsson-739x1024.jpg\" alt=\"\" width=\"276\" height=\"382\" srcset=\"https:\/\/wp.kristdemokraterna.se\/tingsryd\/files\/2014\/05\/boarvidsson-739x1024.jpg 739w, https:\/\/wp.kristdemokraterna.se\/tingsryd\/files\/2014\/05\/boarvidsson-216x300.jpg 216w, https:\/\/wp.kristdemokraterna.se\/tingsryd\/files\/2014\/05\/boarvidsson-249x346.jpg 249w, https:\/\/wp.kristdemokraterna.se\/tingsryd\/files\/2014\/05\/boarvidsson-80x112.jpg 80w\" sizes=\"auto, (max-width: 276px) 100vw, 276px\" \/><\/a><\/p>\n<p style=\"text-align: right\"><strong>Bo Arvidsson<\/strong><\/p>\n<p style=\"text-align: right\">Ordf\u00f6rande Tingsryds Energi AB<\/p>\n<p style=\"text-align: right\">Ledamot i Styrelsen f\u00f6r Wexnet AB<\/p>\n<p style=\"text-align: right\">Huvudman Almundsryds sparbanksstiftelse<\/p>\n<p>&nbsp;<\/p>\n<p>&nbsp;<\/p>\n<p>&nbsp;<\/p>\n<p>&nbsp;<\/p>\n<p>&nbsp;<\/p>\n<p style=\"text-align: right\"><strong>Fredrik Heinwall<\/strong><\/p>\n<p style=\"text-align: right\">Ers\u00e4ttare Kommunstyrelsen<\/p>\n<p style=\"text-align: right\">Vice Ordf\u00f6rande Milj\u00f6- och byggnadsn\u00e4mnden<\/p>\n<p style=\"text-align: right\">Huvudman \u00c4lmebodas sparbanksstiftelse<\/p>\n<p>&nbsp;<\/p>\n<p style=\"text-align: right\"><strong>Maria Hofstam<\/strong><\/p>\n<p style=\"text-align: right\">Ers\u00e4ttare Milj\u00f6- och byggnadsn\u00e4mnden<\/p>\n<p style=\"text-align: right\">Ers\u00e4ttare V\u00e4gr\u00e5d Ryd<\/p>\n<p>&nbsp;<\/p>\n<p style=\"text-align: right\"><strong>Miranda Petersson Heinwall<\/strong><\/p>\n<p style=\"text-align: right\">Ers\u00e4ttare Bildningsn\u00e4mnden<\/p>\n<p style=\"text-align: right\">Ers\u00e4ttare Individn\u00e4mnden<\/p>\n<p>&nbsp;<\/p>\n<p style=\"text-align: right\"><strong>Irena Popovska<\/strong><\/p>\n<p style=\"text-align: right\">Ers\u00e4ttare Valn\u00e4mnden<\/p>\n<p>&nbsp;<\/p>\n<p style=\"text-align: right\"><strong>Benny Roth<\/strong><\/p>\n<p style=\"text-align: right\">Ers\u00e4ttare Tingsryds Energi AB<\/p>\n","protected":false},"excerpt":{"rendered":"<p>Jan Popovski 1:e vice ordf\u00f6rande Kommunfullm\u00e4ktige Ordf\u00f6rande Valn\u00e4mnden Ledamot Bildningsn\u00e4mnden &nbsp; &nbsp; &nbsp; &nbsp; Birgitta Arvidsson Ledamot Kommunfullm\u00e4ktige Ledamot Kommunstyrelsen Ordf\u00f6rande V\u00e5rd- och omsorgsn\u00e4mnden &nbsp; &nbsp; &nbsp; &nbsp; Anders Gustavsson Ledamot Kommunfullm\u00e4ktige &nbsp; &nbsp; &nbsp; &nbsp; &nbsp; &nbsp; &nbsp; Annika Gustafsson Ers\u00e4ttare Kommunfullm\u00e4ktige Ers\u00e4ttare V\u00e5rd- och omsorgsn\u00e4mnden &nbsp; &nbsp; &nbsp; &nbsp; Bo Arvidsson Ordf\u00f6rande Tingsryds <a class=\"read-more-link\" href=\"https:\/\/wp.kristdemokraterna.se\/tingsryd\/foretradare-2010-2014\/\">Read More<\/a><\/p>\n","protected":false},"author":631,"featured_media":0,"parent":0,"menu_order":4,"comment_status":"closed","ping_status":"closed","template":"","meta":{"_acf_changed":false,"footnotes":""},"class_list":["post-91","page","type-page","status-publish","hentry"],"acf":[],"yoast_head":"<!-- This site is optimized with the Yoast SEO plugin v27.4 - https:\/\/yoast.com\/product\/yoast-seo-wordpress\/ -->\n<title>V\u00e5ra politiker - Kristdemokraterna i Tingsryd<\/title>\n<meta name=\"robots\" content=\"index, follow, max-snippet:-1, max-image-preview:large, max-video-preview:-1\" \/>\n<link rel=\"canonical\" href=\"https:\/\/wp.kristdemokraterna.se\/tingsryd\/foretradare-2010-2014\/\" \/>\n<meta property=\"og:locale\" content=\"sv_SE\" \/>\n<meta property=\"og:type\" content=\"article\" \/>\n<meta property=\"og:title\" content=\"V\u00e5ra politiker - Kristdemokraterna i Tingsryd\" \/>\n<meta property=\"og:description\" content=\"Jan Popovski 1:e vice ordf\u00f6rande Kommunfullm\u00e4ktige Ordf\u00f6rande Valn\u00e4mnden Ledamot Bildningsn\u00e4mnden &nbsp; &nbsp; &nbsp; &nbsp; Birgitta Arvidsson Ledamot Kommunfullm\u00e4ktige Ledamot Kommunstyrelsen Ordf\u00f6rande V\u00e5rd- och omsorgsn\u00e4mnden &nbsp; &nbsp; &nbsp; &nbsp; Anders Gustavsson Ledamot Kommunfullm\u00e4ktige &nbsp; &nbsp; &nbsp; &nbsp; &nbsp; &nbsp; &nbsp; Annika Gustafsson Ers\u00e4ttare Kommunfullm\u00e4ktige Ers\u00e4ttare V\u00e5rd- och omsorgsn\u00e4mnden &nbsp; &nbsp; &nbsp; &nbsp; Bo Arvidsson Ordf\u00f6rande Tingsryds Read More\" \/>\n<meta property=\"og:url\" content=\"https:\/\/wp.kristdemokraterna.se\/tingsryd\/foretradare-2010-2014\/\" \/>\n<meta property=\"og:site_name\" content=\"Kristdemokraterna i Tingsryd\" \/>\n<meta property=\"article:modified_time\" content=\"2025-03-09T16:15:42+00:00\" \/>\n<meta property=\"og:image\" content=\"https:\/\/wp.kristdemokraterna.se\/tingsryd\/files\/2022\/06\/jonce-jan-popovski-768x1024.jpg\" \/>\n\t<meta property=\"og:image:width\" content=\"768\" \/>\n\t<meta property=\"og:image:height\" content=\"1024\" \/>\n\t<meta property=\"og:image:type\" content=\"image\/jpeg\" \/>\n<meta name=\"twitter:card\" content=\"summary_large_image\" \/>\n<meta name=\"twitter:label1\" content=\"Ber\u00e4knad l\u00e4stid\" \/>\n\t<meta name=\"twitter:data1\" content=\"2 minuter\" \/>\n<script type=\"application\/ld+json\" class=\"yoast-schema-graph\">{\"@context\":\"https:\\\/\\\/schema.org\",\"@graph\":[{\"@type\":\"WebPage\",\"@id\":\"https:\\\/\\\/wp.kristdemokraterna.se\\\/tingsryd\\\/foretradare-2010-2014\\\/\",\"url\":\"https:\\\/\\\/wp.kristdemokraterna.se\\\/tingsryd\\\/foretradare-2010-2014\\\/\",\"name\":\"V\u00e5ra politiker - Kristdemokraterna i Tingsryd\",\"isPartOf\":{\"@id\":\"https:\\\/\\\/wp.kristdemokraterna.se\\\/tingsryd\\\/#website\"},\"primaryImageOfPage\":{\"@id\":\"https:\\\/\\\/wp.kristdemokraterna.se\\\/tingsryd\\\/foretradare-2010-2014\\\/#primaryimage\"},\"image\":{\"@id\":\"https:\\\/\\\/wp.kristdemokraterna.se\\\/tingsryd\\\/foretradare-2010-2014\\\/#primaryimage\"},\"thumbnailUrl\":\"http:\\\/\\\/wp.kristdemokraterna.se\\\/tingsryd\\\/files\\\/2022\\\/06\\\/jonce-jan-popovski-225x300.jpg\",\"datePublished\":\"2014-05-23T22:27:37+00:00\",\"dateModified\":\"2025-03-09T16:15:42+00:00\",\"breadcrumb\":{\"@id\":\"https:\\\/\\\/wp.kristdemokraterna.se\\\/tingsryd\\\/foretradare-2010-2014\\\/#breadcrumb\"},\"inLanguage\":\"sv-SE\",\"potentialAction\":[{\"@type\":\"ReadAction\",\"target\":[\"https:\\\/\\\/wp.kristdemokraterna.se\\\/tingsryd\\\/foretradare-2010-2014\\\/\"]}]},{\"@type\":\"ImageObject\",\"inLanguage\":\"sv-SE\",\"@id\":\"https:\\\/\\\/wp.kristdemokraterna.se\\\/tingsryd\\\/foretradare-2010-2014\\\/#primaryimage\",\"url\":\"http:\\\/\\\/wp.kristdemokraterna.se\\\/tingsryd\\\/files\\\/2022\\\/06\\\/jonce-jan-popovski-225x300.jpg\",\"contentUrl\":\"http:\\\/\\\/wp.kristdemokraterna.se\\\/tingsryd\\\/files\\\/2022\\\/06\\\/jonce-jan-popovski-225x300.jpg\"},{\"@type\":\"BreadcrumbList\",\"@id\":\"https:\\\/\\\/wp.kristdemokraterna.se\\\/tingsryd\\\/foretradare-2010-2014\\\/#breadcrumb\",\"itemListElement\":[{\"@type\":\"ListItem\",\"position\":1,\"name\":\"Hem\",\"item\":\"https:\\\/\\\/wp.kristdemokraterna.se\\\/tingsryd\\\/\"},{\"@type\":\"ListItem\",\"position\":2,\"name\":\"V\u00e5ra politiker\"}]},{\"@type\":\"WebSite\",\"@id\":\"https:\\\/\\\/wp.kristdemokraterna.se\\\/tingsryd\\\/#website\",\"url\":\"https:\\\/\\\/wp.kristdemokraterna.se\\\/tingsryd\\\/\",\"name\":\"Kristdemokraterna i Tingsryd\",\"description\":\"\",\"inLanguage\":\"sv-SE\"}]}<\/script>\n<!-- \/ Yoast SEO plugin. -->","yoast_head_json":{"title":"V\u00e5ra politiker - Kristdemokraterna i Tingsryd","robots":{"index":"index","follow":"follow","max-snippet":"max-snippet:-1","max-image-preview":"max-image-preview:large","max-video-preview":"max-video-preview:-1"},"canonical":"https:\/\/wp.kristdemokraterna.se\/tingsryd\/foretradare-2010-2014\/","og_locale":"sv_SE","og_type":"article","og_title":"V\u00e5ra politiker - Kristdemokraterna i Tingsryd","og_description":"Jan Popovski 1:e vice ordf\u00f6rande Kommunfullm\u00e4ktige Ordf\u00f6rande Valn\u00e4mnden Ledamot Bildningsn\u00e4mnden &nbsp; &nbsp; &nbsp; &nbsp; Birgitta Arvidsson Ledamot Kommunfullm\u00e4ktige Ledamot Kommunstyrelsen Ordf\u00f6rande V\u00e5rd- och omsorgsn\u00e4mnden &nbsp; &nbsp; &nbsp; &nbsp; Anders Gustavsson Ledamot Kommunfullm\u00e4ktige &nbsp; &nbsp; &nbsp; &nbsp; &nbsp; &nbsp; &nbsp; Annika Gustafsson Ers\u00e4ttare Kommunfullm\u00e4ktige Ers\u00e4ttare V\u00e5rd- och omsorgsn\u00e4mnden &nbsp; &nbsp; &nbsp; &nbsp; Bo Arvidsson Ordf\u00f6rande Tingsryds Read More","og_url":"https:\/\/wp.kristdemokraterna.se\/tingsryd\/foretradare-2010-2014\/","og_site_name":"Kristdemokraterna i Tingsryd","article_modified_time":"2025-03-09T16:15:42+00:00","og_image":[{"width":768,"height":1024,"url":"https:\/\/wp.kristdemokraterna.se\/tingsryd\/files\/2022\/06\/jonce-jan-popovski-768x1024.jpg","type":"image\/jpeg"}],"twitter_card":"summary_large_image","twitter_misc":{"Ber\u00e4knad l\u00e4stid":"2 minuter"},"schema":{"@context":"https:\/\/schema.org","@graph":[{"@type":"WebPage","@id":"https:\/\/wp.kristdemokraterna.se\/tingsryd\/foretradare-2010-2014\/","url":"https:\/\/wp.kristdemokraterna.se\/tingsryd\/foretradare-2010-2014\/","name":"V\u00e5ra politiker - Kristdemokraterna i Tingsryd","isPartOf":{"@id":"https:\/\/wp.kristdemokraterna.se\/tingsryd\/#website"},"primaryImageOfPage":{"@id":"https:\/\/wp.kristdemokraterna.se\/tingsryd\/foretradare-2010-2014\/#primaryimage"},"image":{"@id":"https:\/\/wp.kristdemokraterna.se\/tingsryd\/foretradare-2010-2014\/#primaryimage"},"thumbnailUrl":"http:\/\/wp.kristdemokraterna.se\/tingsryd\/files\/2022\/06\/jonce-jan-popovski-225x300.jpg","datePublished":"2014-05-23T22:27:37+00:00","dateModified":"2025-03-09T16:15:42+00:00","breadcrumb":{"@id":"https:\/\/wp.kristdemokraterna.se\/tingsryd\/foretradare-2010-2014\/#breadcrumb"},"inLanguage":"sv-SE","potentialAction":[{"@type":"ReadAction","target":["https:\/\/wp.kristdemokraterna.se\/tingsryd\/foretradare-2010-2014\/"]}]},{"@type":"ImageObject","inLanguage":"sv-SE","@id":"https:\/\/wp.kristdemokraterna.se\/tingsryd\/foretradare-2010-2014\/#primaryimage","url":"http:\/\/wp.kristdemokraterna.se\/tingsryd\/files\/2022\/06\/jonce-jan-popovski-225x300.jpg","contentUrl":"http:\/\/wp.kristdemokraterna.se\/tingsryd\/files\/2022\/06\/jonce-jan-popovski-225x300.jpg"},{"@type":"BreadcrumbList","@id":"https:\/\/wp.kristdemokraterna.se\/tingsryd\/foretradare-2010-2014\/#breadcrumb","itemListElement":[{"@type":"ListItem","position":1,"name":"Hem","item":"https:\/\/wp.kristdemokraterna.se\/tingsryd\/"},{"@type":"ListItem","position":2,"name":"V\u00e5ra politiker"}]},{"@type":"WebSite","@id":"https:\/\/wp.kristdemokraterna.se\/tingsryd\/#website","url":"https:\/\/wp.kristdemokraterna.se\/tingsryd\/","name":"Kristdemokraterna i Tingsryd","description":"","inLanguage":"sv-SE"}]}},"_links":{"self":[{"href":"https:\/\/wp.kristdemokraterna.se\/tingsryd\/wp-json\/wp\/v2\/pages\/91","targetHints":{"allow":["GET"]}}],"collection":[{"href":"https:\/\/wp.kristdemokraterna.se\/tingsryd\/wp-json\/wp\/v2\/pages"}],"about":[{"href":"https:\/\/wp.kristdemokraterna.se\/tingsryd\/wp-json\/wp\/v2\/types\/page"}],"author":[{"embeddable":true,"href":"https:\/\/wp.kristdemokraterna.se\/tingsryd\/wp-json\/wp\/v2\/users\/631"}],"replies":[{"embeddable":true,"href":"https:\/\/wp.kristdemokraterna.se\/tingsryd\/wp-json\/wp\/v2\/comments?post=91"}],"version-history":[{"count":49,"href":"https:\/\/wp.kristdemokraterna.se\/tingsryd\/wp-json\/wp\/v2\/pages\/91\/revisions"}],"predecessor-version":[{"id":722,"href":"https:\/\/wp.kristdemokraterna.se\/tingsryd\/wp-json\/wp\/v2\/pages\/91\/revisions\/722"}],"wp:attachment":[{"href":"https:\/\/wp.kristdemokraterna.se\/tingsryd\/wp-json\/wp\/v2\/media?parent=91"}],"curies":[{"name":"wp","href":"https:\/\/api.w.org\/{rel}","templated":true}]}}