{"id":848,"date":"2025-08-21T21:11:35","date_gmt":"2025-08-21T19:11:35","guid":{"rendered":"https:\/\/wp.kristdemokraterna.se\/tranas\/?page_id=848"},"modified":"2025-08-31T14:37:01","modified_gmt":"2025-08-31T12:37:01","slug":"vitsippepriset-2025","status":"publish","type":"page","link":"https:\/\/wp.kristdemokraterna.se\/tranas\/textsida-med-vanster-sidebar\/vitsippepriset-2025\/","title":{"rendered":"Vitsippepriset 2025"},"content":{"rendered":"<p>Vitsippspriset 2025 gick till initiativtagarna av Allas Barnbarn i Tran\u00e5s f\u00f6r deras engagemang och uppstarten av organisationen i Tran\u00e5s.<\/p>\n<p style=\"text-align: left\"><a href=\"http:\/\/wp.kristdemokraterna.se\/tranas\/files\/2025\/08\/tranas-vitsippepris-2025.jpg\"><img loading=\"lazy\" decoding=\"async\" class=\"alignnone wp-image-851\" src=\"http:\/\/wp.kristdemokraterna.se\/tranas\/files\/2025\/08\/tranas-vitsippepris-2025.jpg\" alt=\"\" width=\"515\" height=\"700\" srcset=\"https:\/\/wp.kristdemokraterna.se\/tranas\/files\/2025\/08\/tranas-vitsippepris-2025.jpg 736w, https:\/\/wp.kristdemokraterna.se\/tranas\/files\/2025\/08\/tranas-vitsippepris-2025-221x300.jpg 221w, https:\/\/wp.kristdemokraterna.se\/tranas\/files\/2025\/08\/tranas-vitsippepris-2025-147x200.jpg 147w, https:\/\/wp.kristdemokraterna.se\/tranas\/files\/2025\/08\/tranas-vitsippepris-2025-370x503.jpg 370w, https:\/\/wp.kristdemokraterna.se\/tranas\/files\/2025\/08\/tranas-vitsippepris-2025-450x611.jpg 450w, https:\/\/wp.kristdemokraterna.se\/tranas\/files\/2025\/08\/tranas-vitsippepris-2025-280x380.jpg 280w, https:\/\/wp.kristdemokraterna.se\/tranas\/files\/2025\/08\/tranas-vitsippepris-2025-340x462.jpg 340w, https:\/\/wp.kristdemokraterna.se\/tranas\/files\/2025\/08\/tranas-vitsippepris-2025-41x56.jpg 41w\" sizes=\"auto, (max-width: 515px) 100vw, 515px\" \/><\/a><br \/>\nMats Antonsson, Marianne Lundblad, Birthe Afvander och Lena Holmstedt.<br \/>\n<a href=\"http:\/\/wp.kristdemokraterna.se\/tranas\/files\/2025\/08\/vitsippepriset-2025.jpg\"><img loading=\"lazy\" decoding=\"async\" class=\"alignnone wp-image-850\" src=\"http:\/\/wp.kristdemokraterna.se\/tranas\/files\/2025\/08\/vitsippepriset-2025.jpg\" alt=\"\" width=\"524\" height=\"712\" srcset=\"https:\/\/wp.kristdemokraterna.se\/tranas\/files\/2025\/08\/vitsippepriset-2025.jpg 736w, https:\/\/wp.kristdemokraterna.se\/tranas\/files\/2025\/08\/vitsippepriset-2025-221x300.jpg 221w, https:\/\/wp.kristdemokraterna.se\/tranas\/files\/2025\/08\/vitsippepriset-2025-147x200.jpg 147w, https:\/\/wp.kristdemokraterna.se\/tranas\/files\/2025\/08\/vitsippepriset-2025-370x503.jpg 370w, https:\/\/wp.kristdemokraterna.se\/tranas\/files\/2025\/08\/vitsippepriset-2025-450x611.jpg 450w, https:\/\/wp.kristdemokraterna.se\/tranas\/files\/2025\/08\/vitsippepriset-2025-280x380.jpg 280w, https:\/\/wp.kristdemokraterna.se\/tranas\/files\/2025\/08\/vitsippepriset-2025-340x462.jpg 340w, https:\/\/wp.kristdemokraterna.se\/tranas\/files\/2025\/08\/vitsippepriset-2025-41x56.jpg 41w\" sizes=\"auto, (max-width: 524px) 100vw, 524px\" \/><\/a><a href=\"http:\/\/wp.kristdemokraterna.se\/tranas\/files\/2025\/08\/vitsippspris-2025-allas-barnbarn.jpg\"><img loading=\"lazy\" decoding=\"async\" class=\"alignnone wp-image-917\" src=\"http:\/\/wp.kristdemokraterna.se\/tranas\/files\/2025\/08\/vitsippspris-2025-allas-barnbarn-724x1024.jpg\" alt=\"\" width=\"568\" height=\"803\" srcset=\"https:\/\/wp.kristdemokraterna.se\/tranas\/files\/2025\/08\/vitsippspris-2025-allas-barnbarn-724x1024.jpg 724w, https:\/\/wp.kristdemokraterna.se\/tranas\/files\/2025\/08\/vitsippspris-2025-allas-barnbarn-212x300.jpg 212w, https:\/\/wp.kristdemokraterna.se\/tranas\/files\/2025\/08\/vitsippspris-2025-allas-barnbarn-768x1086.jpg 768w, https:\/\/wp.kristdemokraterna.se\/tranas\/files\/2025\/08\/vitsippspris-2025-allas-barnbarn-1086x1536.jpg 1086w, https:\/\/wp.kristdemokraterna.se\/tranas\/files\/2025\/08\/vitsippspris-2025-allas-barnbarn-1448x2048.jpg 1448w, https:\/\/wp.kristdemokraterna.se\/tranas\/files\/2025\/08\/vitsippspris-2025-allas-barnbarn-141x200.jpg 141w, https:\/\/wp.kristdemokraterna.se\/tranas\/files\/2025\/08\/vitsippspris-2025-allas-barnbarn-370x523.jpg 370w, https:\/\/wp.kristdemokraterna.se\/tranas\/files\/2025\/08\/vitsippspris-2025-allas-barnbarn-770x1089.jpg 770w, https:\/\/wp.kristdemokraterna.se\/tranas\/files\/2025\/08\/vitsippspris-2025-allas-barnbarn-450x636.jpg 450w, https:\/\/wp.kristdemokraterna.se\/tranas\/files\/2025\/08\/vitsippspris-2025-allas-barnbarn-280x396.jpg 280w, https:\/\/wp.kristdemokraterna.se\/tranas\/files\/2025\/08\/vitsippspris-2025-allas-barnbarn-340x481.jpg 340w, https:\/\/wp.kristdemokraterna.se\/tranas\/files\/2025\/08\/vitsippspris-2025-allas-barnbarn-40x56.jpg 40w, https:\/\/wp.kristdemokraterna.se\/tranas\/files\/2025\/08\/vitsippspris-2025-allas-barnbarn.jpg 1654w\" sizes=\"auto, (max-width: 568px) 100vw, 568px\" \/><\/a><\/p>\n<p>&nbsp;<\/p>\n","protected":false},"excerpt":{"rendered":"<p>Vitsippspriset 2025 gick till initiativtagarna av Allas Barnbarn i Tran\u00e5s f\u00f6r deras engagemang och uppstarten av organisationen i Tran\u00e5s. Mats Antonsson, Marianne Lundblad, Birthe Afvander och Lena Holmstedt. &nbsp;<\/p>\n","protected":false},"author":469,"featured_media":0,"parent":269,"menu_order":3,"comment_status":"closed","ping_status":"closed","template":"","meta":{"_acf_changed":false,"footnotes":""},"class_list":["post-848","page","type-page","status-publish","hentry"],"acf":[],"yoast_head":"<!-- This site is optimized with the Yoast SEO plugin v27.4 - https:\/\/yoast.com\/product\/yoast-seo-wordpress\/ -->\n<title>Vitsippepriset 2025 - Kristdemokraterna | Tran\u00e5s<\/title>\n<meta name=\"robots\" content=\"index, follow, max-snippet:-1, max-image-preview:large, max-video-preview:-1\" \/>\n<link rel=\"canonical\" href=\"https:\/\/wp.kristdemokraterna.se\/tranas\/textsida-med-vanster-sidebar\/vitsippepriset-2025\/\" \/>\n<meta property=\"og:locale\" content=\"sv_SE\" \/>\n<meta property=\"og:type\" content=\"article\" \/>\n<meta property=\"og:title\" content=\"Vitsippepriset 2025 - Kristdemokraterna | Tran\u00e5s\" \/>\n<meta property=\"og:description\" content=\"Vitsippspriset 2025 gick till initiativtagarna av Allas Barnbarn i Tran\u00e5s f\u00f6r deras engagemang och uppstarten av organisationen i Tran\u00e5s. Mats Antonsson, Marianne Lundblad, Birthe Afvander och Lena Holmstedt. &nbsp;\" \/>\n<meta property=\"og:url\" content=\"https:\/\/wp.kristdemokraterna.se\/tranas\/textsida-med-vanster-sidebar\/vitsippepriset-2025\/\" \/>\n<meta property=\"og:site_name\" content=\"Kristdemokraterna | Tran\u00e5s\" \/>\n<meta property=\"article:modified_time\" content=\"2025-08-31T12:37:01+00:00\" \/>\n<meta property=\"og:image\" content=\"https:\/\/wp.kristdemokraterna.se\/tranas\/files\/2025\/08\/tranas-vitsippepris-2025.jpg\" \/>\n\t<meta property=\"og:image:width\" content=\"736\" \/>\n\t<meta property=\"og:image:height\" content=\"1000\" \/>\n\t<meta property=\"og:image:type\" content=\"image\/jpeg\" \/>\n<meta name=\"twitter:card\" content=\"summary_large_image\" \/>\n<meta name=\"twitter:label1\" content=\"Ber\u00e4knad l\u00e4stid\" \/>\n\t<meta name=\"twitter:data1\" content=\"1 minut\" \/>\n<script type=\"application\/ld+json\" class=\"yoast-schema-graph\">{\"@context\":\"https:\\\/\\\/schema.org\",\"@graph\":[{\"@type\":\"WebPage\",\"@id\":\"https:\\\/\\\/wp.kristdemokraterna.se\\\/tranas\\\/textsida-med-vanster-sidebar\\\/vitsippepriset-2025\\\/\",\"url\":\"https:\\\/\\\/wp.kristdemokraterna.se\\\/tranas\\\/textsida-med-vanster-sidebar\\\/vitsippepriset-2025\\\/\",\"name\":\"Vitsippepriset 2025 - Kristdemokraterna | Tran\u00e5s\",\"isPartOf\":{\"@id\":\"https:\\\/\\\/wp.kristdemokraterna.se\\\/tranas\\\/#website\"},\"primaryImageOfPage\":{\"@id\":\"https:\\\/\\\/wp.kristdemokraterna.se\\\/tranas\\\/textsida-med-vanster-sidebar\\\/vitsippepriset-2025\\\/#primaryimage\"},\"image\":{\"@id\":\"https:\\\/\\\/wp.kristdemokraterna.se\\\/tranas\\\/textsida-med-vanster-sidebar\\\/vitsippepriset-2025\\\/#primaryimage\"},\"thumbnailUrl\":\"http:\\\/\\\/wp.kristdemokraterna.se\\\/tranas\\\/files\\\/2025\\\/08\\\/tranas-vitsippepris-2025.jpg\",\"datePublished\":\"2025-08-21T19:11:35+00:00\",\"dateModified\":\"2025-08-31T12:37:01+00:00\",\"breadcrumb\":{\"@id\":\"https:\\\/\\\/wp.kristdemokraterna.se\\\/tranas\\\/textsida-med-vanster-sidebar\\\/vitsippepriset-2025\\\/#breadcrumb\"},\"inLanguage\":\"sv-SE\",\"potentialAction\":[{\"@type\":\"ReadAction\",\"target\":[\"https:\\\/\\\/wp.kristdemokraterna.se\\\/tranas\\\/textsida-med-vanster-sidebar\\\/vitsippepriset-2025\\\/\"]}]},{\"@type\":\"ImageObject\",\"inLanguage\":\"sv-SE\",\"@id\":\"https:\\\/\\\/wp.kristdemokraterna.se\\\/tranas\\\/textsida-med-vanster-sidebar\\\/vitsippepriset-2025\\\/#primaryimage\",\"url\":\"http:\\\/\\\/wp.kristdemokraterna.se\\\/tranas\\\/files\\\/2025\\\/08\\\/tranas-vitsippepris-2025.jpg\",\"contentUrl\":\"http:\\\/\\\/wp.kristdemokraterna.se\\\/tranas\\\/files\\\/2025\\\/08\\\/tranas-vitsippepris-2025.jpg\"},{\"@type\":\"BreadcrumbList\",\"@id\":\"https:\\\/\\\/wp.kristdemokraterna.se\\\/tranas\\\/textsida-med-vanster-sidebar\\\/vitsippepriset-2025\\\/#breadcrumb\",\"itemListElement\":[{\"@type\":\"ListItem\",\"position\":1,\"name\":\"Hem\",\"item\":\"https:\\\/\\\/wp.kristdemokraterna.se\\\/tranas\\\/\"},{\"@type\":\"ListItem\",\"position\":2,\"name\":\"V\u00e5r partiavdelning\",\"item\":\"https:\\\/\\\/wp.kristdemokraterna.se\\\/tranas\\\/textsida-med-vanster-sidebar\\\/\"},{\"@type\":\"ListItem\",\"position\":3,\"name\":\"Vitsippepriset 2025\"}]},{\"@type\":\"WebSite\",\"@id\":\"https:\\\/\\\/wp.kristdemokraterna.se\\\/tranas\\\/#website\",\"url\":\"https:\\\/\\\/wp.kristdemokraterna.se\\\/tranas\\\/\",\"name\":\"Kristdemokraterna | Tran\u00e5s\",\"description\":\"Kristdemokraterna i Tran\u00e5s webbplats\",\"inLanguage\":\"sv-SE\"}]}<\/script>\n<!-- \/ Yoast SEO plugin. -->","yoast_head_json":{"title":"Vitsippepriset 2025 - Kristdemokraterna | Tran\u00e5s","robots":{"index":"index","follow":"follow","max-snippet":"max-snippet:-1","max-image-preview":"max-image-preview:large","max-video-preview":"max-video-preview:-1"},"canonical":"https:\/\/wp.kristdemokraterna.se\/tranas\/textsida-med-vanster-sidebar\/vitsippepriset-2025\/","og_locale":"sv_SE","og_type":"article","og_title":"Vitsippepriset 2025 - Kristdemokraterna | Tran\u00e5s","og_description":"Vitsippspriset 2025 gick till initiativtagarna av Allas Barnbarn i Tran\u00e5s f\u00f6r deras engagemang och uppstarten av organisationen i Tran\u00e5s. Mats Antonsson, Marianne Lundblad, Birthe Afvander och Lena Holmstedt. &nbsp;","og_url":"https:\/\/wp.kristdemokraterna.se\/tranas\/textsida-med-vanster-sidebar\/vitsippepriset-2025\/","og_site_name":"Kristdemokraterna | Tran\u00e5s","article_modified_time":"2025-08-31T12:37:01+00:00","og_image":[{"width":736,"height":1000,"url":"https:\/\/wp.kristdemokraterna.se\/tranas\/files\/2025\/08\/tranas-vitsippepris-2025.jpg","type":"image\/jpeg"}],"twitter_card":"summary_large_image","twitter_misc":{"Ber\u00e4knad l\u00e4stid":"1 minut"},"schema":{"@context":"https:\/\/schema.org","@graph":[{"@type":"WebPage","@id":"https:\/\/wp.kristdemokraterna.se\/tranas\/textsida-med-vanster-sidebar\/vitsippepriset-2025\/","url":"https:\/\/wp.kristdemokraterna.se\/tranas\/textsida-med-vanster-sidebar\/vitsippepriset-2025\/","name":"Vitsippepriset 2025 - Kristdemokraterna | Tran\u00e5s","isPartOf":{"@id":"https:\/\/wp.kristdemokraterna.se\/tranas\/#website"},"primaryImageOfPage":{"@id":"https:\/\/wp.kristdemokraterna.se\/tranas\/textsida-med-vanster-sidebar\/vitsippepriset-2025\/#primaryimage"},"image":{"@id":"https:\/\/wp.kristdemokraterna.se\/tranas\/textsida-med-vanster-sidebar\/vitsippepriset-2025\/#primaryimage"},"thumbnailUrl":"http:\/\/wp.kristdemokraterna.se\/tranas\/files\/2025\/08\/tranas-vitsippepris-2025.jpg","datePublished":"2025-08-21T19:11:35+00:00","dateModified":"2025-08-31T12:37:01+00:00","breadcrumb":{"@id":"https:\/\/wp.kristdemokraterna.se\/tranas\/textsida-med-vanster-sidebar\/vitsippepriset-2025\/#breadcrumb"},"inLanguage":"sv-SE","potentialAction":[{"@type":"ReadAction","target":["https:\/\/wp.kristdemokraterna.se\/tranas\/textsida-med-vanster-sidebar\/vitsippepriset-2025\/"]}]},{"@type":"ImageObject","inLanguage":"sv-SE","@id":"https:\/\/wp.kristdemokraterna.se\/tranas\/textsida-med-vanster-sidebar\/vitsippepriset-2025\/#primaryimage","url":"http:\/\/wp.kristdemokraterna.se\/tranas\/files\/2025\/08\/tranas-vitsippepris-2025.jpg","contentUrl":"http:\/\/wp.kristdemokraterna.se\/tranas\/files\/2025\/08\/tranas-vitsippepris-2025.jpg"},{"@type":"BreadcrumbList","@id":"https:\/\/wp.kristdemokraterna.se\/tranas\/textsida-med-vanster-sidebar\/vitsippepriset-2025\/#breadcrumb","itemListElement":[{"@type":"ListItem","position":1,"name":"Hem","item":"https:\/\/wp.kristdemokraterna.se\/tranas\/"},{"@type":"ListItem","position":2,"name":"V\u00e5r partiavdelning","item":"https:\/\/wp.kristdemokraterna.se\/tranas\/textsida-med-vanster-sidebar\/"},{"@type":"ListItem","position":3,"name":"Vitsippepriset 2025"}]},{"@type":"WebSite","@id":"https:\/\/wp.kristdemokraterna.se\/tranas\/#website","url":"https:\/\/wp.kristdemokraterna.se\/tranas\/","name":"Kristdemokraterna | Tran\u00e5s","description":"Kristdemokraterna i Tran\u00e5s webbplats","inLanguage":"sv-SE"}]}},"_links":{"self":[{"href":"https:\/\/wp.kristdemokraterna.se\/tranas\/wp-json\/wp\/v2\/pages\/848","targetHints":{"allow":["GET"]}}],"collection":[{"href":"https:\/\/wp.kristdemokraterna.se\/tranas\/wp-json\/wp\/v2\/pages"}],"about":[{"href":"https:\/\/wp.kristdemokraterna.se\/tranas\/wp-json\/wp\/v2\/types\/page"}],"author":[{"embeddable":true,"href":"https:\/\/wp.kristdemokraterna.se\/tranas\/wp-json\/wp\/v2\/users\/469"}],"replies":[{"embeddable":true,"href":"https:\/\/wp.kristdemokraterna.se\/tranas\/wp-json\/wp\/v2\/comments?post=848"}],"version-history":[{"count":6,"href":"https:\/\/wp.kristdemokraterna.se\/tranas\/wp-json\/wp\/v2\/pages\/848\/revisions"}],"predecessor-version":[{"id":919,"href":"https:\/\/wp.kristdemokraterna.se\/tranas\/wp-json\/wp\/v2\/pages\/848\/revisions\/919"}],"up":[{"embeddable":true,"href":"https:\/\/wp.kristdemokraterna.se\/tranas\/wp-json\/wp\/v2\/pages\/269"}],"wp:attachment":[{"href":"https:\/\/wp.kristdemokraterna.se\/tranas\/wp-json\/wp\/v2\/media?parent=848"}],"curies":[{"name":"wp","href":"https:\/\/api.w.org\/{rel}","templated":true}]}}