{"id":352,"date":"2017-12-01T09:56:02","date_gmt":"2017-12-01T08:56:02","guid":{"rendered":"http:\/\/wp.kristdemokraterna.se\/trollhattan3\/?page_id=352"},"modified":"2018-05-15T01:59:15","modified_gmt":"2018-05-14T23:59:15","slug":"kontakta-oss","status":"publish","type":"page","link":"https:\/\/wp.kristdemokraterna.se\/trollhattan\/kontakta-oss\/","title":{"rendered":"Kontakta oss!"},"content":{"rendered":"<p><strong>Postadress<\/strong><\/p>\n<p>Box 278, 461 26 Trollh\u00e4ttan<\/p>\n<p><strong>Bes\u00f6ksadress<\/strong><\/p>\n<p>Drottninggatan 10<\/p>\n<p><strong>e-post<\/strong><\/p>\n<p><a href=\"mailto:trollhattan@kristdemokraterna.se\">trollhattan@kristdemokraterna.se<\/a><\/p>\n","protected":false},"excerpt":{"rendered":"<p>Postadress Box 278, 461 26 Trollh\u00e4ttan Bes\u00f6ksadress Drottninggatan 10 e-post trollhattan@kristdemokraterna.se<\/p>\n","protected":false},"author":767,"featured_media":0,"parent":0,"menu_order":0,"comment_status":"closed","ping_status":"closed","template":"page-full.php","meta":{"_acf_changed":false,"footnotes":""},"class_list":["post-352","page","type-page","status-publish","hentry"],"acf":[],"yoast_head":"<!-- This site is optimized with the Yoast SEO plugin v27.5 - https:\/\/yoast.com\/product\/yoast-seo-wordpress\/ -->\n<title>Kontakta oss! - Kristdemokraterna i Trollh\u00e4ttan<\/title>\n<meta name=\"robots\" content=\"index, follow, max-snippet:-1, max-image-preview:large, max-video-preview:-1\" \/>\n<link rel=\"canonical\" href=\"https:\/\/wp.kristdemokraterna.se\/trollhattan\/kontakta-oss\/\" \/>\n<meta property=\"og:locale\" content=\"sv_SE\" \/>\n<meta property=\"og:type\" content=\"article\" \/>\n<meta property=\"og:title\" content=\"Kontakta oss! - Kristdemokraterna i Trollh\u00e4ttan\" \/>\n<meta property=\"og:description\" content=\"Postadress Box 278, 461 26 Trollh\u00e4ttan Bes\u00f6ksadress Drottninggatan 10 e-post trollhattan@kristdemokraterna.se\" \/>\n<meta property=\"og:url\" content=\"https:\/\/wp.kristdemokraterna.se\/trollhattan\/kontakta-oss\/\" \/>\n<meta property=\"og:site_name\" content=\"Kristdemokraterna i Trollh\u00e4ttan\" \/>\n<meta property=\"article:modified_time\" content=\"2018-05-14T23:59:15+00:00\" \/>\n<meta name=\"twitter:card\" content=\"summary_large_image\" \/>\n<script type=\"application\/ld+json\" class=\"yoast-schema-graph\">{\"@context\":\"https:\\\/\\\/schema.org\",\"@graph\":[{\"@type\":\"WebPage\",\"@id\":\"https:\\\/\\\/wp.kristdemokraterna.se\\\/trollhattan\\\/kontakta-oss\\\/\",\"url\":\"https:\\\/\\\/wp.kristdemokraterna.se\\\/trollhattan\\\/kontakta-oss\\\/\",\"name\":\"Kontakta oss! - Kristdemokraterna i Trollh\u00e4ttan\",\"isPartOf\":{\"@id\":\"https:\\\/\\\/wp.kristdemokraterna.se\\\/trollhattan\\\/#website\"},\"datePublished\":\"2017-12-01T08:56:02+00:00\",\"dateModified\":\"2018-05-14T23:59:15+00:00\",\"breadcrumb\":{\"@id\":\"https:\\\/\\\/wp.kristdemokraterna.se\\\/trollhattan\\\/kontakta-oss\\\/#breadcrumb\"},\"inLanguage\":\"sv-SE\",\"potentialAction\":[{\"@type\":\"ReadAction\",\"target\":[\"https:\\\/\\\/wp.kristdemokraterna.se\\\/trollhattan\\\/kontakta-oss\\\/\"]}]},{\"@type\":\"BreadcrumbList\",\"@id\":\"https:\\\/\\\/wp.kristdemokraterna.se\\\/trollhattan\\\/kontakta-oss\\\/#breadcrumb\",\"itemListElement\":[{\"@type\":\"ListItem\",\"position\":1,\"name\":\"Hem\",\"item\":\"https:\\\/\\\/wp.kristdemokraterna.se\\\/trollhattan\\\/\"},{\"@type\":\"ListItem\",\"position\":2,\"name\":\"Kontakta oss!\"}]},{\"@type\":\"WebSite\",\"@id\":\"https:\\\/\\\/wp.kristdemokraterna.se\\\/trollhattan\\\/#website\",\"url\":\"https:\\\/\\\/wp.kristdemokraterna.se\\\/trollhattan\\\/\",\"name\":\"Kristdemokraterna i Trollh\u00e4ttan\",\"description\":\"F\u00f6r ett tryggare Sverige\",\"inLanguage\":\"sv-SE\"}]}<\/script>\n<!-- \/ Yoast SEO plugin. -->","yoast_head_json":{"title":"Kontakta oss! - Kristdemokraterna i Trollh\u00e4ttan","robots":{"index":"index","follow":"follow","max-snippet":"max-snippet:-1","max-image-preview":"max-image-preview:large","max-video-preview":"max-video-preview:-1"},"canonical":"https:\/\/wp.kristdemokraterna.se\/trollhattan\/kontakta-oss\/","og_locale":"sv_SE","og_type":"article","og_title":"Kontakta oss! - Kristdemokraterna i Trollh\u00e4ttan","og_description":"Postadress Box 278, 461 26 Trollh\u00e4ttan Bes\u00f6ksadress Drottninggatan 10 e-post trollhattan@kristdemokraterna.se","og_url":"https:\/\/wp.kristdemokraterna.se\/trollhattan\/kontakta-oss\/","og_site_name":"Kristdemokraterna i Trollh\u00e4ttan","article_modified_time":"2018-05-14T23:59:15+00:00","twitter_card":"summary_large_image","schema":{"@context":"https:\/\/schema.org","@graph":[{"@type":"WebPage","@id":"https:\/\/wp.kristdemokraterna.se\/trollhattan\/kontakta-oss\/","url":"https:\/\/wp.kristdemokraterna.se\/trollhattan\/kontakta-oss\/","name":"Kontakta oss! - Kristdemokraterna i Trollh\u00e4ttan","isPartOf":{"@id":"https:\/\/wp.kristdemokraterna.se\/trollhattan\/#website"},"datePublished":"2017-12-01T08:56:02+00:00","dateModified":"2018-05-14T23:59:15+00:00","breadcrumb":{"@id":"https:\/\/wp.kristdemokraterna.se\/trollhattan\/kontakta-oss\/#breadcrumb"},"inLanguage":"sv-SE","potentialAction":[{"@type":"ReadAction","target":["https:\/\/wp.kristdemokraterna.se\/trollhattan\/kontakta-oss\/"]}]},{"@type":"BreadcrumbList","@id":"https:\/\/wp.kristdemokraterna.se\/trollhattan\/kontakta-oss\/#breadcrumb","itemListElement":[{"@type":"ListItem","position":1,"name":"Hem","item":"https:\/\/wp.kristdemokraterna.se\/trollhattan\/"},{"@type":"ListItem","position":2,"name":"Kontakta oss!"}]},{"@type":"WebSite","@id":"https:\/\/wp.kristdemokraterna.se\/trollhattan\/#website","url":"https:\/\/wp.kristdemokraterna.se\/trollhattan\/","name":"Kristdemokraterna i Trollh\u00e4ttan","description":"F\u00f6r ett tryggare Sverige","inLanguage":"sv-SE"}]}},"_links":{"self":[{"href":"https:\/\/wp.kristdemokraterna.se\/trollhattan\/wp-json\/wp\/v2\/pages\/352","targetHints":{"allow":["GET"]}}],"collection":[{"href":"https:\/\/wp.kristdemokraterna.se\/trollhattan\/wp-json\/wp\/v2\/pages"}],"about":[{"href":"https:\/\/wp.kristdemokraterna.se\/trollhattan\/wp-json\/wp\/v2\/types\/page"}],"author":[{"embeddable":true,"href":"https:\/\/wp.kristdemokraterna.se\/trollhattan\/wp-json\/wp\/v2\/users\/767"}],"replies":[{"embeddable":true,"href":"https:\/\/wp.kristdemokraterna.se\/trollhattan\/wp-json\/wp\/v2\/comments?post=352"}],"version-history":[{"count":2,"href":"https:\/\/wp.kristdemokraterna.se\/trollhattan\/wp-json\/wp\/v2\/pages\/352\/revisions"}],"predecessor-version":[{"id":438,"href":"https:\/\/wp.kristdemokraterna.se\/trollhattan\/wp-json\/wp\/v2\/pages\/352\/revisions\/438"}],"wp:attachment":[{"href":"https:\/\/wp.kristdemokraterna.se\/trollhattan\/wp-json\/wp\/v2\/media?parent=352"}],"curies":[{"name":"wp","href":"https:\/\/api.w.org\/{rel}","templated":true}]}}