{"id":182,"date":"2018-07-30T14:59:15","date_gmt":"2018-07-30T12:59:15","guid":{"rendered":"http:\/\/wp.kristdemokraterna.se\/trosa\/?page_id=182"},"modified":"2026-03-06T16:15:00","modified_gmt":"2026-03-06T15:15:00","slug":"valsedel","status":"publish","type":"page","link":"https:\/\/wp.kristdemokraterna.se\/trosa\/om-oss\/valsedel\/","title":{"rendered":"Valsedel"},"content":{"rendered":"<p><strong>Valsedel 2026 KD Trosa<\/strong><\/p>\n<p>1. Anders Tholerud, kommunpolitiker, Trosa<\/p>\n<p>2. Sanni Schager, 64, f\u00f6retagare, V\u00e4sterljung<\/p>\n<p>3. Mats Johansson, 66,Tekniker, Trosa<\/p>\n<p>4. Marian Loley, 72, kommun- och regionpolitiker Vagnh\u00e4rad<\/p>\n<p>5. Miriam Tingl\u00f6f, 46, informat\u00f6r, Vagnh\u00e4rad<\/p>\n<p>6. Niklas St\u00e5lebring, 34, socialpedagog, Vagnh\u00e4rad<\/p>\n<p>7. Stina von der Esch, 61, egenf\u00f6retagare, V\u00e4sterljung<\/p>\n<p>8. Arne Karlsson, 72, lantbrukare, V\u00e4sterljung<\/p>\n<p>9. Kenneth Tingl\u00f6f, 81, Trosa<\/p>\n<p>10. Jessica Loley, 42, egenf\u00f6retagare, Trosa<\/p>\n<p>11. Eva Karltorp, 66, l\u00e4kare, Trosa<\/p>\n<h3>F\u00f6r att se kandidater till riksdagen och landstinget tryck <a href=\"https:\/\/wp.kristdemokraterna.se\/sormland\/kandidatlistorna-for-valet-2018\/\">h\u00e4r!<\/a><\/h3>\n","protected":false},"excerpt":{"rendered":"<p>Valsedel 2026 KD Trosa 1. Anders Tholerud, kommunpolitiker, Trosa 2. Sanni Schager, 64, f\u00f6retagare, V\u00e4sterljung 3. Mats Johansson, 66,Tekniker, Trosa 4. Marian Loley, 72, kommun- och regionpolitiker Vagnh\u00e4rad 5. Miriam Tingl\u00f6f, 46, informat\u00f6r, Vagnh\u00e4rad 6. Niklas St\u00e5lebring, 34, socialpedagog, Vagnh\u00e4rad 7. Stina von der Esch, 61, egenf\u00f6retagare, V\u00e4sterljung 8. Arne Karlsson, 72, lantbrukare, V\u00e4sterljung 9. <a class=\"read-more-link\" href=\"https:\/\/wp.kristdemokraterna.se\/trosa\/om-oss\/valsedel\/\">Read More<\/a><\/p>\n","protected":false},"author":811,"featured_media":0,"parent":34,"menu_order":3,"comment_status":"closed","ping_status":"closed","template":"","meta":{"_acf_changed":false,"footnotes":""},"class_list":["post-182","page","type-page","status-publish","hentry"],"acf":[],"yoast_head":"<!-- This site is optimized with the Yoast SEO plugin v27.3 - https:\/\/yoast.com\/product\/yoast-seo-wordpress\/ -->\n<title>Valsedel - Trosa<\/title>\n<meta name=\"robots\" content=\"index, follow, max-snippet:-1, max-image-preview:large, max-video-preview:-1\" \/>\n<link rel=\"canonical\" href=\"https:\/\/wp.kristdemokraterna.se\/trosa\/om-oss\/valsedel\/\" \/>\n<meta property=\"og:locale\" content=\"sv_SE\" \/>\n<meta property=\"og:type\" content=\"article\" \/>\n<meta property=\"og:title\" content=\"Valsedel - Trosa\" \/>\n<meta property=\"og:description\" content=\"Valsedel 2026 KD Trosa 1. Anders Tholerud, kommunpolitiker, Trosa 2. Sanni Schager, 64, f\u00f6retagare, V\u00e4sterljung 3. Mats Johansson, 66,Tekniker, Trosa 4. Marian Loley, 72, kommun- och regionpolitiker Vagnh\u00e4rad 5. Miriam Tingl\u00f6f, 46, informat\u00f6r, Vagnh\u00e4rad 6. Niklas St\u00e5lebring, 34, socialpedagog, Vagnh\u00e4rad 7. Stina von der Esch, 61, egenf\u00f6retagare, V\u00e4sterljung 8. Arne Karlsson, 72, lantbrukare, V\u00e4sterljung 9. Read More\" \/>\n<meta property=\"og:url\" content=\"https:\/\/wp.kristdemokraterna.se\/trosa\/om-oss\/valsedel\/\" \/>\n<meta property=\"og:site_name\" content=\"Trosa\" \/>\n<meta property=\"article:modified_time\" content=\"2026-03-06T15:15:00+00:00\" \/>\n<meta name=\"twitter:card\" content=\"summary_large_image\" \/>\n<meta name=\"twitter:label1\" content=\"Ber\u00e4knad l\u00e4stid\" \/>\n\t<meta name=\"twitter:data1\" content=\"1 minut\" \/>\n<script type=\"application\/ld+json\" class=\"yoast-schema-graph\">{\"@context\":\"https:\\\/\\\/schema.org\",\"@graph\":[{\"@type\":\"WebPage\",\"@id\":\"https:\\\/\\\/wp.kristdemokraterna.se\\\/trosa\\\/om-oss\\\/valsedel\\\/\",\"url\":\"https:\\\/\\\/wp.kristdemokraterna.se\\\/trosa\\\/om-oss\\\/valsedel\\\/\",\"name\":\"Valsedel - Trosa\",\"isPartOf\":{\"@id\":\"https:\\\/\\\/wp.kristdemokraterna.se\\\/trosa\\\/#website\"},\"datePublished\":\"2018-07-30T12:59:15+00:00\",\"dateModified\":\"2026-03-06T15:15:00+00:00\",\"breadcrumb\":{\"@id\":\"https:\\\/\\\/wp.kristdemokraterna.se\\\/trosa\\\/om-oss\\\/valsedel\\\/#breadcrumb\"},\"inLanguage\":\"sv-SE\",\"potentialAction\":[{\"@type\":\"ReadAction\",\"target\":[\"https:\\\/\\\/wp.kristdemokraterna.se\\\/trosa\\\/om-oss\\\/valsedel\\\/\"]}]},{\"@type\":\"BreadcrumbList\",\"@id\":\"https:\\\/\\\/wp.kristdemokraterna.se\\\/trosa\\\/om-oss\\\/valsedel\\\/#breadcrumb\",\"itemListElement\":[{\"@type\":\"ListItem\",\"position\":1,\"name\":\"Hem\",\"item\":\"https:\\\/\\\/wp.kristdemokraterna.se\\\/trosa\\\/\"},{\"@type\":\"ListItem\",\"position\":2,\"name\":\"Om oss\",\"item\":\"https:\\\/\\\/wp.kristdemokraterna.se\\\/trosa\\\/om-oss\\\/\"},{\"@type\":\"ListItem\",\"position\":3,\"name\":\"Valsedel\"}]},{\"@type\":\"WebSite\",\"@id\":\"https:\\\/\\\/wp.kristdemokraterna.se\\\/trosa\\\/#website\",\"url\":\"https:\\\/\\\/wp.kristdemokraterna.se\\\/trosa\\\/\",\"name\":\"Trosa\",\"description\":\"\",\"inLanguage\":\"sv-SE\"}]}<\/script>\n<!-- \/ Yoast SEO plugin. -->","yoast_head_json":{"title":"Valsedel - Trosa","robots":{"index":"index","follow":"follow","max-snippet":"max-snippet:-1","max-image-preview":"max-image-preview:large","max-video-preview":"max-video-preview:-1"},"canonical":"https:\/\/wp.kristdemokraterna.se\/trosa\/om-oss\/valsedel\/","og_locale":"sv_SE","og_type":"article","og_title":"Valsedel - Trosa","og_description":"Valsedel 2026 KD Trosa 1. Anders Tholerud, kommunpolitiker, Trosa 2. Sanni Schager, 64, f\u00f6retagare, V\u00e4sterljung 3. Mats Johansson, 66,Tekniker, Trosa 4. Marian Loley, 72, kommun- och regionpolitiker Vagnh\u00e4rad 5. Miriam Tingl\u00f6f, 46, informat\u00f6r, Vagnh\u00e4rad 6. Niklas St\u00e5lebring, 34, socialpedagog, Vagnh\u00e4rad 7. Stina von der Esch, 61, egenf\u00f6retagare, V\u00e4sterljung 8. Arne Karlsson, 72, lantbrukare, V\u00e4sterljung 9. Read More","og_url":"https:\/\/wp.kristdemokraterna.se\/trosa\/om-oss\/valsedel\/","og_site_name":"Trosa","article_modified_time":"2026-03-06T15:15:00+00:00","twitter_card":"summary_large_image","twitter_misc":{"Ber\u00e4knad l\u00e4stid":"1 minut"},"schema":{"@context":"https:\/\/schema.org","@graph":[{"@type":"WebPage","@id":"https:\/\/wp.kristdemokraterna.se\/trosa\/om-oss\/valsedel\/","url":"https:\/\/wp.kristdemokraterna.se\/trosa\/om-oss\/valsedel\/","name":"Valsedel - Trosa","isPartOf":{"@id":"https:\/\/wp.kristdemokraterna.se\/trosa\/#website"},"datePublished":"2018-07-30T12:59:15+00:00","dateModified":"2026-03-06T15:15:00+00:00","breadcrumb":{"@id":"https:\/\/wp.kristdemokraterna.se\/trosa\/om-oss\/valsedel\/#breadcrumb"},"inLanguage":"sv-SE","potentialAction":[{"@type":"ReadAction","target":["https:\/\/wp.kristdemokraterna.se\/trosa\/om-oss\/valsedel\/"]}]},{"@type":"BreadcrumbList","@id":"https:\/\/wp.kristdemokraterna.se\/trosa\/om-oss\/valsedel\/#breadcrumb","itemListElement":[{"@type":"ListItem","position":1,"name":"Hem","item":"https:\/\/wp.kristdemokraterna.se\/trosa\/"},{"@type":"ListItem","position":2,"name":"Om oss","item":"https:\/\/wp.kristdemokraterna.se\/trosa\/om-oss\/"},{"@type":"ListItem","position":3,"name":"Valsedel"}]},{"@type":"WebSite","@id":"https:\/\/wp.kristdemokraterna.se\/trosa\/#website","url":"https:\/\/wp.kristdemokraterna.se\/trosa\/","name":"Trosa","description":"","inLanguage":"sv-SE"}]}},"_links":{"self":[{"href":"https:\/\/wp.kristdemokraterna.se\/trosa\/wp-json\/wp\/v2\/pages\/182","targetHints":{"allow":["GET"]}}],"collection":[{"href":"https:\/\/wp.kristdemokraterna.se\/trosa\/wp-json\/wp\/v2\/pages"}],"about":[{"href":"https:\/\/wp.kristdemokraterna.se\/trosa\/wp-json\/wp\/v2\/types\/page"}],"author":[{"embeddable":true,"href":"https:\/\/wp.kristdemokraterna.se\/trosa\/wp-json\/wp\/v2\/users\/811"}],"replies":[{"embeddable":true,"href":"https:\/\/wp.kristdemokraterna.se\/trosa\/wp-json\/wp\/v2\/comments?post=182"}],"version-history":[{"count":6,"href":"https:\/\/wp.kristdemokraterna.se\/trosa\/wp-json\/wp\/v2\/pages\/182\/revisions"}],"predecessor-version":[{"id":295,"href":"https:\/\/wp.kristdemokraterna.se\/trosa\/wp-json\/wp\/v2\/pages\/182\/revisions\/295"}],"up":[{"embeddable":true,"href":"https:\/\/wp.kristdemokraterna.se\/trosa\/wp-json\/wp\/v2\/pages\/34"}],"wp:attachment":[{"href":"https:\/\/wp.kristdemokraterna.se\/trosa\/wp-json\/wp\/v2\/media?parent=182"}],"curies":[{"name":"wp","href":"https:\/\/api.w.org\/{rel}","templated":true}]}}