{"id":34,"date":"2013-08-27T22:36:10","date_gmt":"2013-08-27T20:36:10","guid":{"rendered":"http:\/\/wp.kristdemokraterna.se\/trosa\/?page_id=34"},"modified":"2013-08-28T18:57:13","modified_gmt":"2013-08-28T16:57:13","slug":"om-oss","status":"publish","type":"page","link":"https:\/\/wp.kristdemokraterna.se\/trosa\/om-oss\/","title":{"rendered":"Om oss"},"content":{"rendered":"<p>Vi som Kristdemokrater i Trosa kommun vill vara den sociala r\u00f6sten i Alliansen.<\/p>\n<p>Vi har ett stort hj\u00e4rta f\u00f6r de svagare i samh\u00e4llet, de som kan ha sv\u00e5rt att f\u00f6ra sin egen talan. Fr\u00e4mst barnen och de \u00e4ldre.<\/p>\n<p>F\u00f6r oss \u00e4r det viktigt att vara \u00e4rliga och att alltid st\u00e5 f\u00f6r det vi s\u00e4ger.<br \/>\nTomma l\u00f6ften \u00e4r inte v\u00e5r grej. Vi lovar helt enkelt inte mer \u00e4n vi kan h\u00e5lla!<\/p>\n<p>&nbsp;<\/p>\n","protected":false},"excerpt":{"rendered":"<p>Vi som Kristdemokrater i Trosa kommun vill vara den sociala r\u00f6sten i Alliansen. Vi har ett stort hj\u00e4rta f\u00f6r de svagare i samh\u00e4llet, de som kan ha sv\u00e5rt att f\u00f6ra sin egen talan. Fr\u00e4mst barnen och de \u00e4ldre. F\u00f6r oss \u00e4r det viktigt att vara \u00e4rliga och att alltid st\u00e5 f\u00f6r det vi s\u00e4ger. Tomma <a class=\"read-more-link\" href=\"https:\/\/wp.kristdemokraterna.se\/trosa\/om-oss\/\">Read More<\/a><\/p>\n","protected":false},"author":406,"featured_media":0,"parent":0,"menu_order":2,"comment_status":"open","ping_status":"closed","template":"","meta":{"_acf_changed":false,"footnotes":""},"class_list":["post-34","page","type-page","status-publish","hentry"],"acf":[],"yoast_head":"<!-- This site is optimized with the Yoast SEO plugin v27.4 - https:\/\/yoast.com\/product\/yoast-seo-wordpress\/ -->\n<title>Om oss - Trosa<\/title>\n<meta name=\"robots\" content=\"index, follow, max-snippet:-1, max-image-preview:large, max-video-preview:-1\" \/>\n<link rel=\"canonical\" href=\"https:\/\/wp.kristdemokraterna.se\/trosa\/om-oss\/\" \/>\n<meta property=\"og:locale\" content=\"sv_SE\" \/>\n<meta property=\"og:type\" content=\"article\" \/>\n<meta property=\"og:title\" content=\"Om oss - Trosa\" \/>\n<meta property=\"og:description\" content=\"Vi som Kristdemokrater i Trosa kommun vill vara den sociala r\u00f6sten i Alliansen. Vi har ett stort hj\u00e4rta f\u00f6r de svagare i samh\u00e4llet, de som kan ha sv\u00e5rt att f\u00f6ra sin egen talan. Fr\u00e4mst barnen och de \u00e4ldre. F\u00f6r oss \u00e4r det viktigt att vara \u00e4rliga och att alltid st\u00e5 f\u00f6r det vi s\u00e4ger. Tomma Read More\" \/>\n<meta property=\"og:url\" content=\"https:\/\/wp.kristdemokraterna.se\/trosa\/om-oss\/\" \/>\n<meta property=\"og:site_name\" content=\"Trosa\" \/>\n<meta property=\"article:modified_time\" content=\"2013-08-28T16:57:13+00:00\" \/>\n<meta name=\"twitter:card\" content=\"summary_large_image\" \/>\n<script type=\"application\/ld+json\" class=\"yoast-schema-graph\">{\"@context\":\"https:\\\/\\\/schema.org\",\"@graph\":[{\"@type\":\"WebPage\",\"@id\":\"https:\\\/\\\/wp.kristdemokraterna.se\\\/trosa\\\/om-oss\\\/\",\"url\":\"https:\\\/\\\/wp.kristdemokraterna.se\\\/trosa\\\/om-oss\\\/\",\"name\":\"Om oss - Trosa\",\"isPartOf\":{\"@id\":\"https:\\\/\\\/wp.kristdemokraterna.se\\\/trosa\\\/#website\"},\"datePublished\":\"2013-08-27T20:36:10+00:00\",\"dateModified\":\"2013-08-28T16:57:13+00:00\",\"breadcrumb\":{\"@id\":\"https:\\\/\\\/wp.kristdemokraterna.se\\\/trosa\\\/om-oss\\\/#breadcrumb\"},\"inLanguage\":\"sv-SE\",\"potentialAction\":[{\"@type\":\"ReadAction\",\"target\":[\"https:\\\/\\\/wp.kristdemokraterna.se\\\/trosa\\\/om-oss\\\/\"]}]},{\"@type\":\"BreadcrumbList\",\"@id\":\"https:\\\/\\\/wp.kristdemokraterna.se\\\/trosa\\\/om-oss\\\/#breadcrumb\",\"itemListElement\":[{\"@type\":\"ListItem\",\"position\":1,\"name\":\"Hem\",\"item\":\"https:\\\/\\\/wp.kristdemokraterna.se\\\/trosa\\\/\"},{\"@type\":\"ListItem\",\"position\":2,\"name\":\"Om oss\"}]},{\"@type\":\"WebSite\",\"@id\":\"https:\\\/\\\/wp.kristdemokraterna.se\\\/trosa\\\/#website\",\"url\":\"https:\\\/\\\/wp.kristdemokraterna.se\\\/trosa\\\/\",\"name\":\"Trosa\",\"description\":\"\",\"inLanguage\":\"sv-SE\"}]}<\/script>\n<!-- \/ Yoast SEO plugin. -->","yoast_head_json":{"title":"Om oss - Trosa","robots":{"index":"index","follow":"follow","max-snippet":"max-snippet:-1","max-image-preview":"max-image-preview:large","max-video-preview":"max-video-preview:-1"},"canonical":"https:\/\/wp.kristdemokraterna.se\/trosa\/om-oss\/","og_locale":"sv_SE","og_type":"article","og_title":"Om oss - Trosa","og_description":"Vi som Kristdemokrater i Trosa kommun vill vara den sociala r\u00f6sten i Alliansen. Vi har ett stort hj\u00e4rta f\u00f6r de svagare i samh\u00e4llet, de som kan ha sv\u00e5rt att f\u00f6ra sin egen talan. Fr\u00e4mst barnen och de \u00e4ldre. F\u00f6r oss \u00e4r det viktigt att vara \u00e4rliga och att alltid st\u00e5 f\u00f6r det vi s\u00e4ger. Tomma Read More","og_url":"https:\/\/wp.kristdemokraterna.se\/trosa\/om-oss\/","og_site_name":"Trosa","article_modified_time":"2013-08-28T16:57:13+00:00","twitter_card":"summary_large_image","schema":{"@context":"https:\/\/schema.org","@graph":[{"@type":"WebPage","@id":"https:\/\/wp.kristdemokraterna.se\/trosa\/om-oss\/","url":"https:\/\/wp.kristdemokraterna.se\/trosa\/om-oss\/","name":"Om oss - Trosa","isPartOf":{"@id":"https:\/\/wp.kristdemokraterna.se\/trosa\/#website"},"datePublished":"2013-08-27T20:36:10+00:00","dateModified":"2013-08-28T16:57:13+00:00","breadcrumb":{"@id":"https:\/\/wp.kristdemokraterna.se\/trosa\/om-oss\/#breadcrumb"},"inLanguage":"sv-SE","potentialAction":[{"@type":"ReadAction","target":["https:\/\/wp.kristdemokraterna.se\/trosa\/om-oss\/"]}]},{"@type":"BreadcrumbList","@id":"https:\/\/wp.kristdemokraterna.se\/trosa\/om-oss\/#breadcrumb","itemListElement":[{"@type":"ListItem","position":1,"name":"Hem","item":"https:\/\/wp.kristdemokraterna.se\/trosa\/"},{"@type":"ListItem","position":2,"name":"Om oss"}]},{"@type":"WebSite","@id":"https:\/\/wp.kristdemokraterna.se\/trosa\/#website","url":"https:\/\/wp.kristdemokraterna.se\/trosa\/","name":"Trosa","description":"","inLanguage":"sv-SE"}]}},"_links":{"self":[{"href":"https:\/\/wp.kristdemokraterna.se\/trosa\/wp-json\/wp\/v2\/pages\/34","targetHints":{"allow":["GET"]}}],"collection":[{"href":"https:\/\/wp.kristdemokraterna.se\/trosa\/wp-json\/wp\/v2\/pages"}],"about":[{"href":"https:\/\/wp.kristdemokraterna.se\/trosa\/wp-json\/wp\/v2\/types\/page"}],"author":[{"embeddable":true,"href":"https:\/\/wp.kristdemokraterna.se\/trosa\/wp-json\/wp\/v2\/users\/406"}],"replies":[{"embeddable":true,"href":"https:\/\/wp.kristdemokraterna.se\/trosa\/wp-json\/wp\/v2\/comments?post=34"}],"version-history":[{"count":9,"href":"https:\/\/wp.kristdemokraterna.se\/trosa\/wp-json\/wp\/v2\/pages\/34\/revisions"}],"predecessor-version":[{"id":92,"href":"https:\/\/wp.kristdemokraterna.se\/trosa\/wp-json\/wp\/v2\/pages\/34\/revisions\/92"}],"wp:attachment":[{"href":"https:\/\/wp.kristdemokraterna.se\/trosa\/wp-json\/wp\/v2\/media?parent=34"}],"curies":[{"name":"wp","href":"https:\/\/api.w.org\/{rel}","templated":true}]}}

<p>Vi som Kristdemokrater i Trosa kommun vill vara den sociala rösten i Alliansen.</p>
<p>Vi har ett stort hjärta för de svagare i samhället, de som kan ha svårt att föra sin egen talan. Främst barnen och de äldre.</p>
<p>För oss är det viktigt att vara ärliga och att alltid stå för det vi säger.<br />
Tomma löften är inte vår grej. Vi lovar helt enkelt inte mer än vi kan hålla!</p>
<p>&nbsp;</p>

<p>Vi som Kristdemokrater i Trosa kommun vill vara den sociala rösten i Alliansen. Vi har ett stort hjärta för de svagare i samhället, de som kan ha svårt att föra sin egen talan. Främst barnen och de äldre. För oss är det viktigt att vara ärliga och att alltid stå för det vi säger. Tomma <a class="read-more-link" href="https://wp.kristdemokraterna.se/trosa/om-oss/">Read More</a></p>

<!-- This site is optimized with the Yoast SEO plugin v27.4 - https://yoast.com/product/yoast-seo-wordpress/ -->
<title>Om oss - Trosa</title>
<meta name="robots" content="index, follow, max-snippet:-1, max-image-preview:large, max-video-preview:-1" />
<link rel="canonical" href="https://wp.kristdemokraterna.se/trosa/om-oss/" />
<meta property="og:locale" content="sv_SE" />
<meta property="og:type" content="article" />
<meta property="og:title" content="Om oss - Trosa" />
<meta property="og:description" content="Vi som Kristdemokrater i Trosa kommun vill vara den sociala rösten i Alliansen. Vi har ett stort hjärta för de svagare i samhället, de som kan ha svårt att föra sin egen talan. Främst barnen och de äldre. För oss är det viktigt att vara ärliga och att alltid stå för det vi säger. Tomma Read More" />
<meta property="og:url" content="https://wp.kristdemokraterna.se/trosa/om-oss/" />
<meta property="og:site_name" content="Trosa" />
<meta property="article:modified_time" content="2013-08-28T16:57:13+00:00" />
<meta name="twitter:card" content="summary_large_image" />
<script type="application/ld+json" class="yoast-schema-graph">{"@context":"https:\/\/schema.org","@graph":[{"@type":"WebPage","@id":"https:\/\/wp.kristdemokraterna.se\/trosa\/om-oss\/","url":"https:\/\/wp.kristdemokraterna.se\/trosa\/om-oss\/","name":"Om oss - Trosa","isPartOf":{"@id":"https:\/\/wp.kristdemokraterna.se\/trosa\/#website"},"datePublished":"2013-08-27T20:36:10+00:00","dateModified":"2013-08-28T16:57:13+00:00","breadcrumb":{"@id":"https:\/\/wp.kristdemokraterna.se\/trosa\/om-oss\/#breadcrumb"},"inLanguage":"sv-SE","potentialAction":[{"@type":"ReadAction","target":["https:\/\/wp.kristdemokraterna.se\/trosa\/om-oss\/"]}]},{"@type":"BreadcrumbList","@id":"https:\/\/wp.kristdemokraterna.se\/trosa\/om-oss\/#breadcrumb","itemListElement":[{"@type":"ListItem","position":1,"name":"Hem","item":"https:\/\/wp.kristdemokraterna.se\/trosa\/"},{"@type":"ListItem","position":2,"name":"Om oss"}]},{"@type":"WebSite","@id":"https:\/\/wp.kristdemokraterna.se\/trosa\/#website","url":"https:\/\/wp.kristdemokraterna.se\/trosa\/","name":"Trosa","description":"","inLanguage":"sv-SE"}]}</script>
<!-- / Yoast SEO plugin. -->

Vi som Kristdemokrater i Trosa kommun vill vara den sociala rösten i Alliansen. Vi har ett stort hjärta för de svagare i samhället, de som kan ha svårt att föra sin egen talan. Främst barnen och de äldre. För oss är det viktigt att vara ärliga och att alltid stå för det vi säger. Tomma Read More
