{"id":1703,"date":"2024-05-29T13:33:30","date_gmt":"2024-05-29T11:33:30","guid":{"rendered":"https:\/\/wp.kristdemokraterna.se\/tyreso\/?page_id=1703"},"modified":"2024-05-29T13:35:30","modified_gmt":"2024-05-29T11:35:30","slug":"samhallsbyggnads-och-hallbarhetsnamnd","status":"publish","type":"page","link":"https:\/\/wp.kristdemokraterna.se\/tyreso\/vara-uppdrag\/namnder-och-styrelser\/samhallsbyggnads-och-hallbarhetsnamnd\/","title":{"rendered":"Samh\u00e4llsbyggnads- och h\u00e5llbarhetsn\u00e4mnd"},"content":{"rendered":"<p>Samh\u00e4llsbyggnads- och h\u00e5llbarhetsn\u00e4mnden har 9 ledam\u00f6ter och 9 ers\u00e4ttare.<\/p>\n<h3>2:e vice ordf\u00f6rande<\/h3>\n<div id=\"attachment_1416\" style=\"width: 282px\" class=\"wp-caption alignnone\"><a href=\"http:\/\/wp.kristdemokraterna.se\/tyreso\/files\/2022\/04\/ulf-perbo-mars-2022-scaled.jpg\"><img loading=\"lazy\" decoding=\"async\" aria-describedby=\"caption-attachment-1416\" class=\" wp-image-1416\" src=\"http:\/\/wp.kristdemokraterna.se\/tyreso\/files\/2022\/04\/ulf-perbo-mars-2022-scaled.jpg\" alt=\"\" width=\"272\" height=\"340\" srcset=\"https:\/\/wp.kristdemokraterna.se\/tyreso\/files\/2022\/04\/ulf-perbo-mars-2022-scaled.jpg 2048w, https:\/\/wp.kristdemokraterna.se\/tyreso\/files\/2022\/04\/ulf-perbo-mars-2022-240x300.jpg 240w, https:\/\/wp.kristdemokraterna.se\/tyreso\/files\/2022\/04\/ulf-perbo-mars-2022-819x1024.jpg 819w, https:\/\/wp.kristdemokraterna.se\/tyreso\/files\/2022\/04\/ulf-perbo-mars-2022-768x960.jpg 768w, https:\/\/wp.kristdemokraterna.se\/tyreso\/files\/2022\/04\/ulf-perbo-mars-2022-1229x1536.jpg 1229w, https:\/\/wp.kristdemokraterna.se\/tyreso\/files\/2022\/04\/ulf-perbo-mars-2022-1638x2048.jpg 1638w, https:\/\/wp.kristdemokraterna.se\/tyreso\/files\/2022\/04\/ulf-perbo-mars-2022-160x200.jpg 160w, https:\/\/wp.kristdemokraterna.se\/tyreso\/files\/2022\/04\/ulf-perbo-mars-2022-370x463.jpg 370w, https:\/\/wp.kristdemokraterna.se\/tyreso\/files\/2022\/04\/ulf-perbo-mars-2022-770x963.jpg 770w, https:\/\/wp.kristdemokraterna.se\/tyreso\/files\/2022\/04\/ulf-perbo-mars-2022-450x563.jpg 450w, https:\/\/wp.kristdemokraterna.se\/tyreso\/files\/2022\/04\/ulf-perbo-mars-2022-280x350.jpg 280w, https:\/\/wp.kristdemokraterna.se\/tyreso\/files\/2022\/04\/ulf-perbo-mars-2022-340x425.jpg 340w, https:\/\/wp.kristdemokraterna.se\/tyreso\/files\/2022\/04\/ulf-perbo-mars-2022-45x56.jpg 45w\" sizes=\"auto, (max-width: 272px) 100vw, 272px\" \/><\/a><p id=\"caption-attachment-1416\" class=\"wp-caption-text\">Ulf Perbo<br \/>Tel: 070-9946363<br \/>Epost: ulf@perbo.nu<\/p><\/div>\n","protected":false},"excerpt":{"rendered":"<p>Samh\u00e4llsbyggnads- och h\u00e5llbarhetsn\u00e4mnden har 9 ledam\u00f6ter och 9 ers\u00e4ttare. 2:e vice ordf\u00f6rande<\/p>\n","protected":false},"author":644,"featured_media":0,"parent":806,"menu_order":1,"comment_status":"closed","ping_status":"closed","template":"","meta":{"_acf_changed":false,"footnotes":""},"class_list":["post-1703","page","type-page","status-publish","hentry"],"acf":[],"yoast_head":"<!-- This site is optimized with the Yoast SEO plugin v27.5 - https:\/\/yoast.com\/product\/yoast-seo-wordpress\/ -->\n<title>Samh\u00e4llsbyggnads- och h\u00e5llbarhetsn\u00e4mnd - Kristdemokraterna Tyres\u00f6<\/title>\n<meta name=\"robots\" content=\"index, follow, max-snippet:-1, max-image-preview:large, max-video-preview:-1\" \/>\n<link rel=\"canonical\" href=\"https:\/\/wp.kristdemokraterna.se\/tyreso\/vara-uppdrag\/namnder-och-styrelser\/samhallsbyggnads-och-hallbarhetsnamnd\/\" \/>\n<meta property=\"og:locale\" content=\"sv_SE\" \/>\n<meta property=\"og:type\" content=\"article\" \/>\n<meta property=\"og:title\" content=\"Samh\u00e4llsbyggnads- och h\u00e5llbarhetsn\u00e4mnd - Kristdemokraterna Tyres\u00f6\" \/>\n<meta property=\"og:description\" content=\"Samh\u00e4llsbyggnads- och h\u00e5llbarhetsn\u00e4mnden har 9 ledam\u00f6ter och 9 ers\u00e4ttare. 2:e vice ordf\u00f6rande\" \/>\n<meta property=\"og:url\" content=\"https:\/\/wp.kristdemokraterna.se\/tyreso\/vara-uppdrag\/namnder-och-styrelser\/samhallsbyggnads-och-hallbarhetsnamnd\/\" \/>\n<meta property=\"og:site_name\" content=\"Kristdemokraterna Tyres\u00f6\" \/>\n<meta property=\"article:modified_time\" content=\"2024-05-29T11:35:30+00:00\" \/>\n<meta property=\"og:image\" content=\"http:\/\/wp.kristdemokraterna.se\/tyreso\/files\/2022\/04\/ulf-perbo-mars-2022-scaled.jpg\" \/>\n<meta name=\"twitter:card\" content=\"summary_large_image\" \/>\n<meta name=\"twitter:label1\" content=\"Ber\u00e4knad l\u00e4stid\" \/>\n\t<meta name=\"twitter:data1\" content=\"1 minut\" \/>\n<script type=\"application\/ld+json\" class=\"yoast-schema-graph\">{\"@context\":\"https:\\\/\\\/schema.org\",\"@graph\":[{\"@type\":\"WebPage\",\"@id\":\"https:\\\/\\\/wp.kristdemokraterna.se\\\/tyreso\\\/vara-uppdrag\\\/namnder-och-styrelser\\\/samhallsbyggnads-och-hallbarhetsnamnd\\\/\",\"url\":\"https:\\\/\\\/wp.kristdemokraterna.se\\\/tyreso\\\/vara-uppdrag\\\/namnder-och-styrelser\\\/samhallsbyggnads-och-hallbarhetsnamnd\\\/\",\"name\":\"Samh\u00e4llsbyggnads- och h\u00e5llbarhetsn\u00e4mnd - Kristdemokraterna Tyres\u00f6\",\"isPartOf\":{\"@id\":\"https:\\\/\\\/wp.kristdemokraterna.se\\\/tyreso\\\/#website\"},\"primaryImageOfPage\":{\"@id\":\"https:\\\/\\\/wp.kristdemokraterna.se\\\/tyreso\\\/vara-uppdrag\\\/namnder-och-styrelser\\\/samhallsbyggnads-och-hallbarhetsnamnd\\\/#primaryimage\"},\"image\":{\"@id\":\"https:\\\/\\\/wp.kristdemokraterna.se\\\/tyreso\\\/vara-uppdrag\\\/namnder-och-styrelser\\\/samhallsbyggnads-och-hallbarhetsnamnd\\\/#primaryimage\"},\"thumbnailUrl\":\"http:\\\/\\\/wp.kristdemokraterna.se\\\/tyreso\\\/files\\\/2022\\\/04\\\/ulf-perbo-mars-2022-scaled.jpg\",\"datePublished\":\"2024-05-29T11:33:30+00:00\",\"dateModified\":\"2024-05-29T11:35:30+00:00\",\"breadcrumb\":{\"@id\":\"https:\\\/\\\/wp.kristdemokraterna.se\\\/tyreso\\\/vara-uppdrag\\\/namnder-och-styrelser\\\/samhallsbyggnads-och-hallbarhetsnamnd\\\/#breadcrumb\"},\"inLanguage\":\"sv-SE\",\"potentialAction\":[{\"@type\":\"ReadAction\",\"target\":[\"https:\\\/\\\/wp.kristdemokraterna.se\\\/tyreso\\\/vara-uppdrag\\\/namnder-och-styrelser\\\/samhallsbyggnads-och-hallbarhetsnamnd\\\/\"]}]},{\"@type\":\"ImageObject\",\"inLanguage\":\"sv-SE\",\"@id\":\"https:\\\/\\\/wp.kristdemokraterna.se\\\/tyreso\\\/vara-uppdrag\\\/namnder-och-styrelser\\\/samhallsbyggnads-och-hallbarhetsnamnd\\\/#primaryimage\",\"url\":\"http:\\\/\\\/wp.kristdemokraterna.se\\\/tyreso\\\/files\\\/2022\\\/04\\\/ulf-perbo-mars-2022-scaled.jpg\",\"contentUrl\":\"http:\\\/\\\/wp.kristdemokraterna.se\\\/tyreso\\\/files\\\/2022\\\/04\\\/ulf-perbo-mars-2022-scaled.jpg\"},{\"@type\":\"BreadcrumbList\",\"@id\":\"https:\\\/\\\/wp.kristdemokraterna.se\\\/tyreso\\\/vara-uppdrag\\\/namnder-och-styrelser\\\/samhallsbyggnads-och-hallbarhetsnamnd\\\/#breadcrumb\",\"itemListElement\":[{\"@type\":\"ListItem\",\"position\":1,\"name\":\"Hem\",\"item\":\"https:\\\/\\\/wp.kristdemokraterna.se\\\/tyreso\\\/\"},{\"@type\":\"ListItem\",\"position\":2,\"name\":\"V\u00e5ra uppdrag\",\"item\":\"https:\\\/\\\/wp.kristdemokraterna.se\\\/tyreso\\\/vara-uppdrag\\\/\"},{\"@type\":\"ListItem\",\"position\":3,\"name\":\"N\u00e4mnder\",\"item\":\"https:\\\/\\\/wp.kristdemokraterna.se\\\/tyreso\\\/vara-uppdrag\\\/namnder-och-styrelser\\\/\"},{\"@type\":\"ListItem\",\"position\":4,\"name\":\"Samh\u00e4llsbyggnads- och h\u00e5llbarhetsn\u00e4mnd\"}]},{\"@type\":\"WebSite\",\"@id\":\"https:\\\/\\\/wp.kristdemokraterna.se\\\/tyreso\\\/#website\",\"url\":\"https:\\\/\\\/wp.kristdemokraterna.se\\\/tyreso\\\/\",\"name\":\"Kristdemokraterna Tyres\u00f6\",\"description\":\"\",\"inLanguage\":\"sv-SE\"}]}<\/script>\n<!-- \/ Yoast SEO plugin. -->","yoast_head_json":{"title":"Samh\u00e4llsbyggnads- och h\u00e5llbarhetsn\u00e4mnd - Kristdemokraterna Tyres\u00f6","robots":{"index":"index","follow":"follow","max-snippet":"max-snippet:-1","max-image-preview":"max-image-preview:large","max-video-preview":"max-video-preview:-1"},"canonical":"https:\/\/wp.kristdemokraterna.se\/tyreso\/vara-uppdrag\/namnder-och-styrelser\/samhallsbyggnads-och-hallbarhetsnamnd\/","og_locale":"sv_SE","og_type":"article","og_title":"Samh\u00e4llsbyggnads- och h\u00e5llbarhetsn\u00e4mnd - Kristdemokraterna Tyres\u00f6","og_description":"Samh\u00e4llsbyggnads- och h\u00e5llbarhetsn\u00e4mnden har 9 ledam\u00f6ter och 9 ers\u00e4ttare. 2:e vice ordf\u00f6rande","og_url":"https:\/\/wp.kristdemokraterna.se\/tyreso\/vara-uppdrag\/namnder-och-styrelser\/samhallsbyggnads-och-hallbarhetsnamnd\/","og_site_name":"Kristdemokraterna Tyres\u00f6","article_modified_time":"2024-05-29T11:35:30+00:00","og_image":[{"url":"http:\/\/wp.kristdemokraterna.se\/tyreso\/files\/2022\/04\/ulf-perbo-mars-2022-scaled.jpg","type":"","width":"","height":""}],"twitter_card":"summary_large_image","twitter_misc":{"Ber\u00e4knad l\u00e4stid":"1 minut"},"schema":{"@context":"https:\/\/schema.org","@graph":[{"@type":"WebPage","@id":"https:\/\/wp.kristdemokraterna.se\/tyreso\/vara-uppdrag\/namnder-och-styrelser\/samhallsbyggnads-och-hallbarhetsnamnd\/","url":"https:\/\/wp.kristdemokraterna.se\/tyreso\/vara-uppdrag\/namnder-och-styrelser\/samhallsbyggnads-och-hallbarhetsnamnd\/","name":"Samh\u00e4llsbyggnads- och h\u00e5llbarhetsn\u00e4mnd - Kristdemokraterna Tyres\u00f6","isPartOf":{"@id":"https:\/\/wp.kristdemokraterna.se\/tyreso\/#website"},"primaryImageOfPage":{"@id":"https:\/\/wp.kristdemokraterna.se\/tyreso\/vara-uppdrag\/namnder-och-styrelser\/samhallsbyggnads-och-hallbarhetsnamnd\/#primaryimage"},"image":{"@id":"https:\/\/wp.kristdemokraterna.se\/tyreso\/vara-uppdrag\/namnder-och-styrelser\/samhallsbyggnads-och-hallbarhetsnamnd\/#primaryimage"},"thumbnailUrl":"http:\/\/wp.kristdemokraterna.se\/tyreso\/files\/2022\/04\/ulf-perbo-mars-2022-scaled.jpg","datePublished":"2024-05-29T11:33:30+00:00","dateModified":"2024-05-29T11:35:30+00:00","breadcrumb":{"@id":"https:\/\/wp.kristdemokraterna.se\/tyreso\/vara-uppdrag\/namnder-och-styrelser\/samhallsbyggnads-och-hallbarhetsnamnd\/#breadcrumb"},"inLanguage":"sv-SE","potentialAction":[{"@type":"ReadAction","target":["https:\/\/wp.kristdemokraterna.se\/tyreso\/vara-uppdrag\/namnder-och-styrelser\/samhallsbyggnads-och-hallbarhetsnamnd\/"]}]},{"@type":"ImageObject","inLanguage":"sv-SE","@id":"https:\/\/wp.kristdemokraterna.se\/tyreso\/vara-uppdrag\/namnder-och-styrelser\/samhallsbyggnads-och-hallbarhetsnamnd\/#primaryimage","url":"http:\/\/wp.kristdemokraterna.se\/tyreso\/files\/2022\/04\/ulf-perbo-mars-2022-scaled.jpg","contentUrl":"http:\/\/wp.kristdemokraterna.se\/tyreso\/files\/2022\/04\/ulf-perbo-mars-2022-scaled.jpg"},{"@type":"BreadcrumbList","@id":"https:\/\/wp.kristdemokraterna.se\/tyreso\/vara-uppdrag\/namnder-och-styrelser\/samhallsbyggnads-och-hallbarhetsnamnd\/#breadcrumb","itemListElement":[{"@type":"ListItem","position":1,"name":"Hem","item":"https:\/\/wp.kristdemokraterna.se\/tyreso\/"},{"@type":"ListItem","position":2,"name":"V\u00e5ra uppdrag","item":"https:\/\/wp.kristdemokraterna.se\/tyreso\/vara-uppdrag\/"},{"@type":"ListItem","position":3,"name":"N\u00e4mnder","item":"https:\/\/wp.kristdemokraterna.se\/tyreso\/vara-uppdrag\/namnder-och-styrelser\/"},{"@type":"ListItem","position":4,"name":"Samh\u00e4llsbyggnads- och h\u00e5llbarhetsn\u00e4mnd"}]},{"@type":"WebSite","@id":"https:\/\/wp.kristdemokraterna.se\/tyreso\/#website","url":"https:\/\/wp.kristdemokraterna.se\/tyreso\/","name":"Kristdemokraterna Tyres\u00f6","description":"","inLanguage":"sv-SE"}]}},"_links":{"self":[{"href":"https:\/\/wp.kristdemokraterna.se\/tyreso\/wp-json\/wp\/v2\/pages\/1703","targetHints":{"allow":["GET"]}}],"collection":[{"href":"https:\/\/wp.kristdemokraterna.se\/tyreso\/wp-json\/wp\/v2\/pages"}],"about":[{"href":"https:\/\/wp.kristdemokraterna.se\/tyreso\/wp-json\/wp\/v2\/types\/page"}],"author":[{"embeddable":true,"href":"https:\/\/wp.kristdemokraterna.se\/tyreso\/wp-json\/wp\/v2\/users\/644"}],"replies":[{"embeddable":true,"href":"https:\/\/wp.kristdemokraterna.se\/tyreso\/wp-json\/wp\/v2\/comments?post=1703"}],"version-history":[{"count":1,"href":"https:\/\/wp.kristdemokraterna.se\/tyreso\/wp-json\/wp\/v2\/pages\/1703\/revisions"}],"predecessor-version":[{"id":1705,"href":"https:\/\/wp.kristdemokraterna.se\/tyreso\/wp-json\/wp\/v2\/pages\/1703\/revisions\/1705"}],"up":[{"embeddable":true,"href":"https:\/\/wp.kristdemokraterna.se\/tyreso\/wp-json\/wp\/v2\/pages\/806"}],"wp:attachment":[{"href":"https:\/\/wp.kristdemokraterna.se\/tyreso\/wp-json\/wp\/v2\/media?parent=1703"}],"curies":[{"name":"wp","href":"https:\/\/api.w.org\/{rel}","templated":true}]}}

Samhällsbyggnads- och hållbarhetsnämnd

<p>Samhällsbyggnads- och hållbarhetsnämnden har 9 ledamöter och 9 ersättare.</p>
<h3>2:e vice ordförande</h3>
<div id="attachment_1416" style="width: 282px" class="wp-caption alignnone"><a href="http://wp.kristdemokraterna.se/tyreso/files/2022/04/ulf-perbo-mars-2022-scaled.jpg"><img loading="lazy" decoding="async" aria-describedby="caption-attachment-1416" class=" wp-image-1416" src="http://wp.kristdemokraterna.se/tyreso/files/2022/04/ulf-perbo-mars-2022-scaled.jpg" alt="" width="272" height="340" srcset="https://wp.kristdemokraterna.se/tyreso/files/2022/04/ulf-perbo-mars-2022-scaled.jpg 2048w, https://wp.kristdemokraterna.se/tyreso/files/2022/04/ulf-perbo-mars-2022-240x300.jpg 240w, https://wp.kristdemokraterna.se/tyreso/files/2022/04/ulf-perbo-mars-2022-819x1024.jpg 819w, https://wp.kristdemokraterna.se/tyreso/files/2022/04/ulf-perbo-mars-2022-768x960.jpg 768w, https://wp.kristdemokraterna.se/tyreso/files/2022/04/ulf-perbo-mars-2022-1229x1536.jpg 1229w, https://wp.kristdemokraterna.se/tyreso/files/2022/04/ulf-perbo-mars-2022-1638x2048.jpg 1638w, https://wp.kristdemokraterna.se/tyreso/files/2022/04/ulf-perbo-mars-2022-160x200.jpg 160w, https://wp.kristdemokraterna.se/tyreso/files/2022/04/ulf-perbo-mars-2022-370x463.jpg 370w, https://wp.kristdemokraterna.se/tyreso/files/2022/04/ulf-perbo-mars-2022-770x963.jpg 770w, https://wp.kristdemokraterna.se/tyreso/files/2022/04/ulf-perbo-mars-2022-450x563.jpg 450w, https://wp.kristdemokraterna.se/tyreso/files/2022/04/ulf-perbo-mars-2022-280x350.jpg 280w, https://wp.kristdemokraterna.se/tyreso/files/2022/04/ulf-perbo-mars-2022-340x425.jpg 340w, https://wp.kristdemokraterna.se/tyreso/files/2022/04/ulf-perbo-mars-2022-45x56.jpg 45w" sizes="auto, (max-width: 272px) 100vw, 272px" /></a><p id="caption-attachment-1416" class="wp-caption-text">Ulf Perbo<br />Tel: 070-9946363<br />Epost: ulf@perbo.nu</p></div>

<p>Samhällsbyggnads- och hållbarhetsnämnden har 9 ledamöter och 9 ersättare. 2:e vice ordförande</p>

<!-- This site is optimized with the Yoast SEO plugin v27.5 - https://yoast.com/product/yoast-seo-wordpress/ -->
<title>Samhällsbyggnads- och hållbarhetsnämnd - Kristdemokraterna Tyresö</title>
<meta name="robots" content="index, follow, max-snippet:-1, max-image-preview:large, max-video-preview:-1" />
<link rel="canonical" href="https://wp.kristdemokraterna.se/tyreso/vara-uppdrag/namnder-och-styrelser/samhallsbyggnads-och-hallbarhetsnamnd/" />
<meta property="og:locale" content="sv_SE" />
<meta property="og:type" content="article" />
<meta property="og:title" content="Samhällsbyggnads- och hållbarhetsnämnd - Kristdemokraterna Tyresö" />
<meta property="og:description" content="Samhällsbyggnads- och hållbarhetsnämnden har 9 ledamöter och 9 ersättare. 2:e vice ordförande" />
<meta property="og:url" content="https://wp.kristdemokraterna.se/tyreso/vara-uppdrag/namnder-och-styrelser/samhallsbyggnads-och-hallbarhetsnamnd/" />
<meta property="og:site_name" content="Kristdemokraterna Tyresö" />
<meta property="article:modified_time" content="2024-05-29T11:35:30+00:00" />
<meta property="og:image" content="http://wp.kristdemokraterna.se/tyreso/files/2022/04/ulf-perbo-mars-2022-scaled.jpg" />
<meta name="twitter:card" content="summary_large_image" />
<meta name="twitter:label1" content="Beräknad lästid" />
	<meta name="twitter:data1" content="1 minut" />
<script type="application/ld+json" class="yoast-schema-graph">{"@context":"https:\/\/schema.org","@graph":[{"@type":"WebPage","@id":"https:\/\/wp.kristdemokraterna.se\/tyreso\/vara-uppdrag\/namnder-och-styrelser\/samhallsbyggnads-och-hallbarhetsnamnd\/","url":"https:\/\/wp.kristdemokraterna.se\/tyreso\/vara-uppdrag\/namnder-och-styrelser\/samhallsbyggnads-och-hallbarhetsnamnd\/","name":"Samhällsbyggnads- och hållbarhetsnämnd - Kristdemokraterna Tyresö","isPartOf":{"@id":"https:\/\/wp.kristdemokraterna.se\/tyreso\/#website"},"primaryImageOfPage":{"@id":"https:\/\/wp.kristdemokraterna.se\/tyreso\/vara-uppdrag\/namnder-och-styrelser\/samhallsbyggnads-och-hallbarhetsnamnd\/#primaryimage"},"image":{"@id":"https:\/\/wp.kristdemokraterna.se\/tyreso\/vara-uppdrag\/namnder-och-styrelser\/samhallsbyggnads-och-hallbarhetsnamnd\/#primaryimage"},"thumbnailUrl":"http:\/\/wp.kristdemokraterna.se\/tyreso\/files\/2022\/04\/ulf-perbo-mars-2022-scaled.jpg","datePublished":"2024-05-29T11:33:30+00:00","dateModified":"2024-05-29T11:35:30+00:00","breadcrumb":{"@id":"https:\/\/wp.kristdemokraterna.se\/tyreso\/vara-uppdrag\/namnder-och-styrelser\/samhallsbyggnads-och-hallbarhetsnamnd\/#breadcrumb"},"inLanguage":"sv-SE","potentialAction":[{"@type":"ReadAction","target":["https:\/\/wp.kristdemokraterna.se\/tyreso\/vara-uppdrag\/namnder-och-styrelser\/samhallsbyggnads-och-hallbarhetsnamnd\/"]}]},{"@type":"ImageObject","inLanguage":"sv-SE","@id":"https:\/\/wp.kristdemokraterna.se\/tyreso\/vara-uppdrag\/namnder-och-styrelser\/samhallsbyggnads-och-hallbarhetsnamnd\/#primaryimage","url":"http:\/\/wp.kristdemokraterna.se\/tyreso\/files\/2022\/04\/ulf-perbo-mars-2022-scaled.jpg","contentUrl":"http:\/\/wp.kristdemokraterna.se\/tyreso\/files\/2022\/04\/ulf-perbo-mars-2022-scaled.jpg"},{"@type":"BreadcrumbList","@id":"https:\/\/wp.kristdemokraterna.se\/tyreso\/vara-uppdrag\/namnder-och-styrelser\/samhallsbyggnads-och-hallbarhetsnamnd\/#breadcrumb","itemListElement":[{"@type":"ListItem","position":1,"name":"Hem","item":"https:\/\/wp.kristdemokraterna.se\/tyreso\/"},{"@type":"ListItem","position":2,"name":"Våra uppdrag","item":"https:\/\/wp.kristdemokraterna.se\/tyreso\/vara-uppdrag\/"},{"@type":"ListItem","position":3,"name":"Nämnder","item":"https:\/\/wp.kristdemokraterna.se\/tyreso\/vara-uppdrag\/namnder-och-styrelser\/"},{"@type":"ListItem","position":4,"name":"Samhällsbyggnads- och hållbarhetsnämnd"}]},{"@type":"WebSite","@id":"https:\/\/wp.kristdemokraterna.se\/tyreso\/#website","url":"https:\/\/wp.kristdemokraterna.se\/tyreso\/","name":"Kristdemokraterna Tyresö","description":"","inLanguage":"sv-SE"}]}</script>
<!-- / Yoast SEO plugin. -->

Samhällsbyggnads- och hållbarhetsnämnd - Kristdemokraterna Tyresö

Samhällsbyggnads- och hållbarhetsnämnden har 9 ledamöter och 9 ersättare. 2:e vice ordförande

Kristdemokraterna Tyresö

Våra uppdrag

Nämnder
