{"id":298,"date":"2014-12-31T17:34:33","date_gmt":"2014-12-31T16:34:33","guid":{"rendered":"http:\/\/wp.kristdemokraterna.se\/tyreso\/?page_id=298"},"modified":"2024-05-29T12:36:33","modified_gmt":"2024-05-29T10:36:33","slug":"kommunledningsutskottet","status":"publish","type":"page","link":"https:\/\/wp.kristdemokraterna.se\/tyreso\/vara-uppdrag\/namnder-och-styrelser\/kommunstyrelse\/kommunledningsutskottet\/","title":{"rendered":"Kommunstyrelsens arbetsutskott"},"content":{"rendered":"<p>Kommunstyrelsens arbetsutskott har 9 ledam\u00f6ter och 9 ers\u00e4ttare.<\/p>\n<h3>Ers\u00e4ttare<\/h3>\n<div id=\"attachment_1416\" style=\"width: 298px\" class=\"wp-caption alignnone\"><a href=\"http:\/\/wp.kristdemokraterna.se\/tyreso\/files\/2022\/04\/ulf-perbo-mars-2022-scaled.jpg\"><img loading=\"lazy\" decoding=\"async\" aria-describedby=\"caption-attachment-1416\" class=\" wp-image-1416\" src=\"http:\/\/wp.kristdemokraterna.se\/tyreso\/files\/2022\/04\/ulf-perbo-mars-2022-scaled.jpg\" alt=\"\" width=\"288\" height=\"360\" srcset=\"https:\/\/wp.kristdemokraterna.se\/tyreso\/files\/2022\/04\/ulf-perbo-mars-2022-scaled.jpg 2048w, https:\/\/wp.kristdemokraterna.se\/tyreso\/files\/2022\/04\/ulf-perbo-mars-2022-240x300.jpg 240w, https:\/\/wp.kristdemokraterna.se\/tyreso\/files\/2022\/04\/ulf-perbo-mars-2022-819x1024.jpg 819w, https:\/\/wp.kristdemokraterna.se\/tyreso\/files\/2022\/04\/ulf-perbo-mars-2022-768x960.jpg 768w, https:\/\/wp.kristdemokraterna.se\/tyreso\/files\/2022\/04\/ulf-perbo-mars-2022-1229x1536.jpg 1229w, https:\/\/wp.kristdemokraterna.se\/tyreso\/files\/2022\/04\/ulf-perbo-mars-2022-1638x2048.jpg 1638w, https:\/\/wp.kristdemokraterna.se\/tyreso\/files\/2022\/04\/ulf-perbo-mars-2022-160x200.jpg 160w, https:\/\/wp.kristdemokraterna.se\/tyreso\/files\/2022\/04\/ulf-perbo-mars-2022-370x463.jpg 370w, https:\/\/wp.kristdemokraterna.se\/tyreso\/files\/2022\/04\/ulf-perbo-mars-2022-770x963.jpg 770w, https:\/\/wp.kristdemokraterna.se\/tyreso\/files\/2022\/04\/ulf-perbo-mars-2022-450x563.jpg 450w, https:\/\/wp.kristdemokraterna.se\/tyreso\/files\/2022\/04\/ulf-perbo-mars-2022-280x350.jpg 280w, https:\/\/wp.kristdemokraterna.se\/tyreso\/files\/2022\/04\/ulf-perbo-mars-2022-340x425.jpg 340w, https:\/\/wp.kristdemokraterna.se\/tyreso\/files\/2022\/04\/ulf-perbo-mars-2022-45x56.jpg 45w\" sizes=\"auto, (max-width: 288px) 100vw, 288px\" \/><\/a><p id=\"caption-attachment-1416\" class=\"wp-caption-text\">Ulf Perbo<br \/>Tel: 070-9946363<br \/>Epost: ulf@perbo.nu<\/p><\/div>\n","protected":false},"excerpt":{"rendered":"<p>Kommunstyrelsens arbetsutskott har 9 ledam\u00f6ter och 9 ers\u00e4ttare. Ers\u00e4ttare<\/p>\n","protected":false},"author":644,"featured_media":125,"parent":122,"menu_order":0,"comment_status":"closed","ping_status":"closed","template":"","meta":{"_acf_changed":false,"footnotes":""},"class_list":["post-298","page","type-page","status-publish","hentry"],"acf":[],"yoast_head":"<!-- This site is optimized with the Yoast SEO plugin v27.3 - https:\/\/yoast.com\/product\/yoast-seo-wordpress\/ -->\n<title>Kommunstyrelsens arbetsutskott - Kristdemokraterna Tyres\u00f6<\/title>\n<meta name=\"robots\" content=\"index, follow, max-snippet:-1, max-image-preview:large, max-video-preview:-1\" \/>\n<link rel=\"canonical\" href=\"https:\/\/wp.kristdemokraterna.se\/tyreso\/vara-uppdrag\/namnder-och-styrelser\/kommunstyrelse\/kommunledningsutskottet\/\" \/>\n<meta property=\"og:locale\" content=\"sv_SE\" \/>\n<meta property=\"og:type\" content=\"article\" \/>\n<meta property=\"og:title\" content=\"Kommunstyrelsens arbetsutskott - Kristdemokraterna Tyres\u00f6\" \/>\n<meta property=\"og:description\" content=\"Kommunstyrelsens arbetsutskott har 9 ledam\u00f6ter och 9 ers\u00e4ttare. Ers\u00e4ttare\" \/>\n<meta property=\"og:url\" content=\"https:\/\/wp.kristdemokraterna.se\/tyreso\/vara-uppdrag\/namnder-och-styrelser\/kommunstyrelse\/kommunledningsutskottet\/\" \/>\n<meta property=\"og:site_name\" content=\"Kristdemokraterna Tyres\u00f6\" \/>\n<meta property=\"article:modified_time\" content=\"2024-05-29T10:36:33+00:00\" \/>\n<meta property=\"og:image\" content=\"http:\/\/wp.kristdemokraterna.se\/tyreso\/files\/2014\/06\/leif2.jpg\" \/>\n\t<meta property=\"og:image:width\" content=\"1836\" \/>\n\t<meta property=\"og:image:height\" content=\"1836\" \/>\n\t<meta property=\"og:image:type\" content=\"image\/jpeg\" \/>\n<meta name=\"twitter:card\" content=\"summary_large_image\" \/>\n<meta name=\"twitter:label1\" content=\"Ber\u00e4knad l\u00e4stid\" \/>\n\t<meta name=\"twitter:data1\" content=\"1 minut\" \/>\n<script type=\"application\/ld+json\" class=\"yoast-schema-graph\">{\"@context\":\"https:\\\/\\\/schema.org\",\"@graph\":[{\"@type\":\"WebPage\",\"@id\":\"https:\\\/\\\/wp.kristdemokraterna.se\\\/tyreso\\\/vara-uppdrag\\\/namnder-och-styrelser\\\/kommunstyrelse\\\/kommunledningsutskottet\\\/\",\"url\":\"https:\\\/\\\/wp.kristdemokraterna.se\\\/tyreso\\\/vara-uppdrag\\\/namnder-och-styrelser\\\/kommunstyrelse\\\/kommunledningsutskottet\\\/\",\"name\":\"Kommunstyrelsens arbetsutskott - Kristdemokraterna Tyres\u00f6\",\"isPartOf\":{\"@id\":\"https:\\\/\\\/wp.kristdemokraterna.se\\\/tyreso\\\/#website\"},\"primaryImageOfPage\":{\"@id\":\"https:\\\/\\\/wp.kristdemokraterna.se\\\/tyreso\\\/vara-uppdrag\\\/namnder-och-styrelser\\\/kommunstyrelse\\\/kommunledningsutskottet\\\/#primaryimage\"},\"image\":{\"@id\":\"https:\\\/\\\/wp.kristdemokraterna.se\\\/tyreso\\\/vara-uppdrag\\\/namnder-och-styrelser\\\/kommunstyrelse\\\/kommunledningsutskottet\\\/#primaryimage\"},\"thumbnailUrl\":\"https:\\\/\\\/wp.kristdemokraterna.se\\\/tyreso\\\/files\\\/2014\\\/06\\\/leif2.jpg\",\"datePublished\":\"2014-12-31T16:34:33+00:00\",\"dateModified\":\"2024-05-29T10:36:33+00:00\",\"breadcrumb\":{\"@id\":\"https:\\\/\\\/wp.kristdemokraterna.se\\\/tyreso\\\/vara-uppdrag\\\/namnder-och-styrelser\\\/kommunstyrelse\\\/kommunledningsutskottet\\\/#breadcrumb\"},\"inLanguage\":\"sv-SE\",\"potentialAction\":[{\"@type\":\"ReadAction\",\"target\":[\"https:\\\/\\\/wp.kristdemokraterna.se\\\/tyreso\\\/vara-uppdrag\\\/namnder-och-styrelser\\\/kommunstyrelse\\\/kommunledningsutskottet\\\/\"]}]},{\"@type\":\"ImageObject\",\"inLanguage\":\"sv-SE\",\"@id\":\"https:\\\/\\\/wp.kristdemokraterna.se\\\/tyreso\\\/vara-uppdrag\\\/namnder-och-styrelser\\\/kommunstyrelse\\\/kommunledningsutskottet\\\/#primaryimage\",\"url\":\"https:\\\/\\\/wp.kristdemokraterna.se\\\/tyreso\\\/files\\\/2014\\\/06\\\/leif2.jpg\",\"contentUrl\":\"https:\\\/\\\/wp.kristdemokraterna.se\\\/tyreso\\\/files\\\/2014\\\/06\\\/leif2.jpg\",\"width\":1836,\"height\":1836,\"caption\":\"Leif Kennerberg Tel: 070-2589103 Epost: leif@kristdemokraterna.se\"},{\"@type\":\"BreadcrumbList\",\"@id\":\"https:\\\/\\\/wp.kristdemokraterna.se\\\/tyreso\\\/vara-uppdrag\\\/namnder-och-styrelser\\\/kommunstyrelse\\\/kommunledningsutskottet\\\/#breadcrumb\",\"itemListElement\":[{\"@type\":\"ListItem\",\"position\":1,\"name\":\"Hem\",\"item\":\"https:\\\/\\\/wp.kristdemokraterna.se\\\/tyreso\\\/\"},{\"@type\":\"ListItem\",\"position\":2,\"name\":\"V\u00e5ra uppdrag\",\"item\":\"https:\\\/\\\/wp.kristdemokraterna.se\\\/tyreso\\\/vara-uppdrag\\\/\"},{\"@type\":\"ListItem\",\"position\":3,\"name\":\"N\u00e4mnder\",\"item\":\"https:\\\/\\\/wp.kristdemokraterna.se\\\/tyreso\\\/vara-uppdrag\\\/namnder-och-styrelser\\\/\"},{\"@type\":\"ListItem\",\"position\":4,\"name\":\"Kommunstyrelse\",\"item\":\"https:\\\/\\\/wp.kristdemokraterna.se\\\/tyreso\\\/vara-uppdrag\\\/namnder-och-styrelser\\\/kommunstyrelse\\\/\"},{\"@type\":\"ListItem\",\"position\":5,\"name\":\"Kommunstyrelsens arbetsutskott\"}]},{\"@type\":\"WebSite\",\"@id\":\"https:\\\/\\\/wp.kristdemokraterna.se\\\/tyreso\\\/#website\",\"url\":\"https:\\\/\\\/wp.kristdemokraterna.se\\\/tyreso\\\/\",\"name\":\"Kristdemokraterna Tyres\u00f6\",\"description\":\"\",\"inLanguage\":\"sv-SE\"}]}<\/script>\n<!-- \/ Yoast SEO plugin. -->","yoast_head_json":{"title":"Kommunstyrelsens arbetsutskott - Kristdemokraterna Tyres\u00f6","robots":{"index":"index","follow":"follow","max-snippet":"max-snippet:-1","max-image-preview":"max-image-preview:large","max-video-preview":"max-video-preview:-1"},"canonical":"https:\/\/wp.kristdemokraterna.se\/tyreso\/vara-uppdrag\/namnder-och-styrelser\/kommunstyrelse\/kommunledningsutskottet\/","og_locale":"sv_SE","og_type":"article","og_title":"Kommunstyrelsens arbetsutskott - Kristdemokraterna Tyres\u00f6","og_description":"Kommunstyrelsens arbetsutskott har 9 ledam\u00f6ter och 9 ers\u00e4ttare. Ers\u00e4ttare","og_url":"https:\/\/wp.kristdemokraterna.se\/tyreso\/vara-uppdrag\/namnder-och-styrelser\/kommunstyrelse\/kommunledningsutskottet\/","og_site_name":"Kristdemokraterna Tyres\u00f6","article_modified_time":"2024-05-29T10:36:33+00:00","og_image":[{"width":1836,"height":1836,"url":"http:\/\/wp.kristdemokraterna.se\/tyreso\/files\/2014\/06\/leif2.jpg","type":"image\/jpeg"}],"twitter_card":"summary_large_image","twitter_misc":{"Ber\u00e4knad l\u00e4stid":"1 minut"},"schema":{"@context":"https:\/\/schema.org","@graph":[{"@type":"WebPage","@id":"https:\/\/wp.kristdemokraterna.se\/tyreso\/vara-uppdrag\/namnder-och-styrelser\/kommunstyrelse\/kommunledningsutskottet\/","url":"https:\/\/wp.kristdemokraterna.se\/tyreso\/vara-uppdrag\/namnder-och-styrelser\/kommunstyrelse\/kommunledningsutskottet\/","name":"Kommunstyrelsens arbetsutskott - Kristdemokraterna Tyres\u00f6","isPartOf":{"@id":"https:\/\/wp.kristdemokraterna.se\/tyreso\/#website"},"primaryImageOfPage":{"@id":"https:\/\/wp.kristdemokraterna.se\/tyreso\/vara-uppdrag\/namnder-och-styrelser\/kommunstyrelse\/kommunledningsutskottet\/#primaryimage"},"image":{"@id":"https:\/\/wp.kristdemokraterna.se\/tyreso\/vara-uppdrag\/namnder-och-styrelser\/kommunstyrelse\/kommunledningsutskottet\/#primaryimage"},"thumbnailUrl":"https:\/\/wp.kristdemokraterna.se\/tyreso\/files\/2014\/06\/leif2.jpg","datePublished":"2014-12-31T16:34:33+00:00","dateModified":"2024-05-29T10:36:33+00:00","breadcrumb":{"@id":"https:\/\/wp.kristdemokraterna.se\/tyreso\/vara-uppdrag\/namnder-och-styrelser\/kommunstyrelse\/kommunledningsutskottet\/#breadcrumb"},"inLanguage":"sv-SE","potentialAction":[{"@type":"ReadAction","target":["https:\/\/wp.kristdemokraterna.se\/tyreso\/vara-uppdrag\/namnder-och-styrelser\/kommunstyrelse\/kommunledningsutskottet\/"]}]},{"@type":"ImageObject","inLanguage":"sv-SE","@id":"https:\/\/wp.kristdemokraterna.se\/tyreso\/vara-uppdrag\/namnder-och-styrelser\/kommunstyrelse\/kommunledningsutskottet\/#primaryimage","url":"https:\/\/wp.kristdemokraterna.se\/tyreso\/files\/2014\/06\/leif2.jpg","contentUrl":"https:\/\/wp.kristdemokraterna.se\/tyreso\/files\/2014\/06\/leif2.jpg","width":1836,"height":1836,"caption":"Leif Kennerberg Tel: 070-2589103 Epost: leif@kristdemokraterna.se"},{"@type":"BreadcrumbList","@id":"https:\/\/wp.kristdemokraterna.se\/tyreso\/vara-uppdrag\/namnder-och-styrelser\/kommunstyrelse\/kommunledningsutskottet\/#breadcrumb","itemListElement":[{"@type":"ListItem","position":1,"name":"Hem","item":"https:\/\/wp.kristdemokraterna.se\/tyreso\/"},{"@type":"ListItem","position":2,"name":"V\u00e5ra uppdrag","item":"https:\/\/wp.kristdemokraterna.se\/tyreso\/vara-uppdrag\/"},{"@type":"ListItem","position":3,"name":"N\u00e4mnder","item":"https:\/\/wp.kristdemokraterna.se\/tyreso\/vara-uppdrag\/namnder-och-styrelser\/"},{"@type":"ListItem","position":4,"name":"Kommunstyrelse","item":"https:\/\/wp.kristdemokraterna.se\/tyreso\/vara-uppdrag\/namnder-och-styrelser\/kommunstyrelse\/"},{"@type":"ListItem","position":5,"name":"Kommunstyrelsens arbetsutskott"}]},{"@type":"WebSite","@id":"https:\/\/wp.kristdemokraterna.se\/tyreso\/#website","url":"https:\/\/wp.kristdemokraterna.se\/tyreso\/","name":"Kristdemokraterna Tyres\u00f6","description":"","inLanguage":"sv-SE"}]}},"_links":{"self":[{"href":"https:\/\/wp.kristdemokraterna.se\/tyreso\/wp-json\/wp\/v2\/pages\/298","targetHints":{"allow":["GET"]}}],"collection":[{"href":"https:\/\/wp.kristdemokraterna.se\/tyreso\/wp-json\/wp\/v2\/pages"}],"about":[{"href":"https:\/\/wp.kristdemokraterna.se\/tyreso\/wp-json\/wp\/v2\/types\/page"}],"author":[{"embeddable":true,"href":"https:\/\/wp.kristdemokraterna.se\/tyreso\/wp-json\/wp\/v2\/users\/644"}],"replies":[{"embeddable":true,"href":"https:\/\/wp.kristdemokraterna.se\/tyreso\/wp-json\/wp\/v2\/comments?post=298"}],"version-history":[{"count":10,"href":"https:\/\/wp.kristdemokraterna.se\/tyreso\/wp-json\/wp\/v2\/pages\/298\/revisions"}],"predecessor-version":[{"id":1682,"href":"https:\/\/wp.kristdemokraterna.se\/tyreso\/wp-json\/wp\/v2\/pages\/298\/revisions\/1682"}],"up":[{"embeddable":true,"href":"https:\/\/wp.kristdemokraterna.se\/tyreso\/wp-json\/wp\/v2\/pages\/122"}],"wp:featuredmedia":[{"embeddable":true,"href":"https:\/\/wp.kristdemokraterna.se\/tyreso\/wp-json\/wp\/v2\/media\/125"}],"wp:attachment":[{"href":"https:\/\/wp.kristdemokraterna.se\/tyreso\/wp-json\/wp\/v2\/media?parent=298"}],"curies":[{"name":"wp","href":"https:\/\/api.w.org\/{rel}","templated":true}]}}