{"id":45,"date":"2014-06-02T15:51:05","date_gmt":"2014-06-02T13:51:05","guid":{"rendered":"http:\/\/wp.kristdemokraterna.se\/tyreso\/?page_id=45"},"modified":"2026-02-12T06:57:40","modified_gmt":"2026-02-12T05:57:40","slug":"kristdemokrati","status":"publish","type":"page","link":"https:\/\/wp.kristdemokraterna.se\/tyreso\/kristdemokrati\/","title":{"rendered":"Kristdemokrati"},"content":{"rendered":"<p><strong>Kristdemokrati &#8211; vad \u00e4r det? <\/strong><\/p>\n<p>Kristdemokratins s\u00e4tt att utforma politiken \u00e4r v\u00e4rdeorienterat \u2013 i motsats till de mer systemorienterade ideologierna som t ex kommunism och socialism. Den kristna etiken \u2013 uppfattningen om hur vi m\u00e4nniskor b\u00f6r handla \u2013 \u00e4r grunden f\u00f6r de kristdemokratiska id\u00e9erna och den kristdemokratiska politiken.<\/p>\n<p>Vi v\u00e4xer, utvecklas och mognar i gemenskap med men inte p\u00e5 bekostnad av andra m\u00e4nniskor. D\u00e4rf\u00f6r betonar kristdemokraterna familjens stora v\u00e4rde, oavsett om den best\u00e5r av en eller tv\u00e5 f\u00f6r\u00e4ldrar och barn, i motsats till liberalismen som mer betonar den enskilda individen. Enligt kristdemokratisk uppfattning har vi var och en ett stort ansvar f\u00f6r b\u00e5de andra m\u00e4nniskor och f\u00f6r den materiella milj\u00f6n och naturresurserna. Varje \u00e5tg\u00e4rd idag p\u00e5verkar b\u00e5de v\u00e5r samtid och v\u00e5ra efterkommande. Ekonomisk tillv\u00e4xt f\u00e5r inte ske p\u00e5 bekostnad av andra m\u00e4nniskor eller milj\u00f6n.<\/p>\n<p>Det kristdemokratiska samh\u00e4llsarbetet bygger p\u00e5 en m\u00e4nniskosyn d\u00e4r varje m\u00e4nniska \u00e4r unik och har ett lika v\u00e4rde oavsett om hon \u00e4r ung eller gammal, kvinna eller man, frisk eller handikappad, av svenskt eller utl\u00e4ndskt ursprung. Delaktighet, inflytande och ansvar \u00e4r f\u00f6ruts\u00e4ttningar f\u00f6r ett bra samh\u00e4lle. Den enskilda m\u00e4nniskan har r\u00e4tt till delaktighet i de beslut som r\u00f6r den egna personen. Vid all kommunal planering och verksamhet m\u00e5ste medborgarna och deras \u00f6nskem\u00e5l s\u00e4ttas i centrum. Den kommunala organisationen \u00e4r till f\u00f6r medborgarna. Inte tv\u00e4rtom. Besluten skall fattas s\u00e5 n\u00e4ra Tyres\u00f6borna som det \u00e4r m\u00f6jligt och effektivt. Kristdemokratin str\u00e4var efter ett samh\u00e4lle d\u00e4r fler \u00e4r med och best\u00e4mmer. Dialogen \u00e4r viktig vid all planering och allt beslutsfattande i kommunen. Vi \u00f6nskar att m\u00e5nga fler engagerar sig i v\u00e5rt arbete f\u00f6r att forma Tyres\u00f6s framtid.<\/p>\n<p>I Kristdemokraterna Tyres\u00f6, lokalavdelning i Kristdemokratiska partiet, kan alla Tyres\u00f6bor som omfattar de kristdemokratiska id\u00e9erna bli medlem i. Du kan l\u00e4sa mer om de kristdemokratiska v\u00e4rderingarna p\u00e5 partiets <a title=\"Kristdemokraterna\" href=\"https:\/\/kristdemokraterna.se\/VarPolitik\/Var-ideologi\/\" target=\"_blank\">hemsida<\/a><\/p>\n","protected":false},"excerpt":{"rendered":"<p>Kristdemokrati &#8211; vad \u00e4r det? Kristdemokratins s\u00e4tt att utforma politiken \u00e4r v\u00e4rdeorienterat \u2013 i motsats till de mer systemorienterade ideologierna som t ex kommunism och socialism. Den kristna etiken \u2013 uppfattningen om hur vi m\u00e4nniskor b\u00f6r handla \u2013 \u00e4r grunden f\u00f6r de kristdemokratiska id\u00e9erna och den kristdemokratiska politiken. Vi v\u00e4xer, utvecklas och mognar i gemenskap <a class=\"read-more-link\" href=\"https:\/\/wp.kristdemokraterna.se\/tyreso\/kristdemokrati\/\">Read More<\/a><\/p>\n","protected":false},"author":644,"featured_media":0,"parent":0,"menu_order":5,"comment_status":"closed","ping_status":"closed","template":"","meta":{"_acf_changed":false,"footnotes":""},"class_list":["post-45","page","type-page","status-publish","hentry"],"acf":[],"yoast_head":"<!-- This site is optimized with the Yoast SEO plugin v27.3 - https:\/\/yoast.com\/product\/yoast-seo-wordpress\/ -->\n<title>Kristdemokrati - Kristdemokraterna Tyres\u00f6<\/title>\n<meta name=\"robots\" content=\"index, follow, max-snippet:-1, max-image-preview:large, max-video-preview:-1\" \/>\n<link rel=\"canonical\" href=\"https:\/\/wp.kristdemokraterna.se\/tyreso\/kristdemokrati\/\" \/>\n<meta property=\"og:locale\" content=\"sv_SE\" \/>\n<meta property=\"og:type\" content=\"article\" \/>\n<meta property=\"og:title\" content=\"Kristdemokrati - Kristdemokraterna Tyres\u00f6\" \/>\n<meta property=\"og:description\" content=\"Kristdemokrati &#8211; vad \u00e4r det? Kristdemokratins s\u00e4tt att utforma politiken \u00e4r v\u00e4rdeorienterat \u2013 i motsats till de mer systemorienterade ideologierna som t ex kommunism och socialism. Den kristna etiken \u2013 uppfattningen om hur vi m\u00e4nniskor b\u00f6r handla \u2013 \u00e4r grunden f\u00f6r de kristdemokratiska id\u00e9erna och den kristdemokratiska politiken. Vi v\u00e4xer, utvecklas och mognar i gemenskap Read More\" \/>\n<meta property=\"og:url\" content=\"https:\/\/wp.kristdemokraterna.se\/tyreso\/kristdemokrati\/\" \/>\n<meta property=\"og:site_name\" content=\"Kristdemokraterna Tyres\u00f6\" \/>\n<meta property=\"article:modified_time\" content=\"2026-02-12T05:57:40+00:00\" \/>\n<meta name=\"twitter:card\" content=\"summary_large_image\" \/>\n<meta name=\"twitter:label1\" content=\"Ber\u00e4knad l\u00e4stid\" \/>\n\t<meta name=\"twitter:data1\" content=\"2 minuter\" \/>\n<script type=\"application\/ld+json\" class=\"yoast-schema-graph\">{\"@context\":\"https:\\\/\\\/schema.org\",\"@graph\":[{\"@type\":\"WebPage\",\"@id\":\"https:\\\/\\\/wp.kristdemokraterna.se\\\/tyreso\\\/kristdemokrati\\\/\",\"url\":\"https:\\\/\\\/wp.kristdemokraterna.se\\\/tyreso\\\/kristdemokrati\\\/\",\"name\":\"Kristdemokrati - Kristdemokraterna Tyres\u00f6\",\"isPartOf\":{\"@id\":\"https:\\\/\\\/wp.kristdemokraterna.se\\\/tyreso\\\/#website\"},\"datePublished\":\"2014-06-02T13:51:05+00:00\",\"dateModified\":\"2026-02-12T05:57:40+00:00\",\"breadcrumb\":{\"@id\":\"https:\\\/\\\/wp.kristdemokraterna.se\\\/tyreso\\\/kristdemokrati\\\/#breadcrumb\"},\"inLanguage\":\"sv-SE\",\"potentialAction\":[{\"@type\":\"ReadAction\",\"target\":[\"https:\\\/\\\/wp.kristdemokraterna.se\\\/tyreso\\\/kristdemokrati\\\/\"]}]},{\"@type\":\"BreadcrumbList\",\"@id\":\"https:\\\/\\\/wp.kristdemokraterna.se\\\/tyreso\\\/kristdemokrati\\\/#breadcrumb\",\"itemListElement\":[{\"@type\":\"ListItem\",\"position\":1,\"name\":\"Hem\",\"item\":\"https:\\\/\\\/wp.kristdemokraterna.se\\\/tyreso\\\/\"},{\"@type\":\"ListItem\",\"position\":2,\"name\":\"Kristdemokrati\"}]},{\"@type\":\"WebSite\",\"@id\":\"https:\\\/\\\/wp.kristdemokraterna.se\\\/tyreso\\\/#website\",\"url\":\"https:\\\/\\\/wp.kristdemokraterna.se\\\/tyreso\\\/\",\"name\":\"Kristdemokraterna Tyres\u00f6\",\"description\":\"\",\"inLanguage\":\"sv-SE\"}]}<\/script>\n<!-- \/ Yoast SEO plugin. -->","yoast_head_json":{"title":"Kristdemokrati - Kristdemokraterna Tyres\u00f6","robots":{"index":"index","follow":"follow","max-snippet":"max-snippet:-1","max-image-preview":"max-image-preview:large","max-video-preview":"max-video-preview:-1"},"canonical":"https:\/\/wp.kristdemokraterna.se\/tyreso\/kristdemokrati\/","og_locale":"sv_SE","og_type":"article","og_title":"Kristdemokrati - Kristdemokraterna Tyres\u00f6","og_description":"Kristdemokrati &#8211; vad \u00e4r det? Kristdemokratins s\u00e4tt att utforma politiken \u00e4r v\u00e4rdeorienterat \u2013 i motsats till de mer systemorienterade ideologierna som t ex kommunism och socialism. Den kristna etiken \u2013 uppfattningen om hur vi m\u00e4nniskor b\u00f6r handla \u2013 \u00e4r grunden f\u00f6r de kristdemokratiska id\u00e9erna och den kristdemokratiska politiken. Vi v\u00e4xer, utvecklas och mognar i gemenskap Read More","og_url":"https:\/\/wp.kristdemokraterna.se\/tyreso\/kristdemokrati\/","og_site_name":"Kristdemokraterna Tyres\u00f6","article_modified_time":"2026-02-12T05:57:40+00:00","twitter_card":"summary_large_image","twitter_misc":{"Ber\u00e4knad l\u00e4stid":"2 minuter"},"schema":{"@context":"https:\/\/schema.org","@graph":[{"@type":"WebPage","@id":"https:\/\/wp.kristdemokraterna.se\/tyreso\/kristdemokrati\/","url":"https:\/\/wp.kristdemokraterna.se\/tyreso\/kristdemokrati\/","name":"Kristdemokrati - Kristdemokraterna Tyres\u00f6","isPartOf":{"@id":"https:\/\/wp.kristdemokraterna.se\/tyreso\/#website"},"datePublished":"2014-06-02T13:51:05+00:00","dateModified":"2026-02-12T05:57:40+00:00","breadcrumb":{"@id":"https:\/\/wp.kristdemokraterna.se\/tyreso\/kristdemokrati\/#breadcrumb"},"inLanguage":"sv-SE","potentialAction":[{"@type":"ReadAction","target":["https:\/\/wp.kristdemokraterna.se\/tyreso\/kristdemokrati\/"]}]},{"@type":"BreadcrumbList","@id":"https:\/\/wp.kristdemokraterna.se\/tyreso\/kristdemokrati\/#breadcrumb","itemListElement":[{"@type":"ListItem","position":1,"name":"Hem","item":"https:\/\/wp.kristdemokraterna.se\/tyreso\/"},{"@type":"ListItem","position":2,"name":"Kristdemokrati"}]},{"@type":"WebSite","@id":"https:\/\/wp.kristdemokraterna.se\/tyreso\/#website","url":"https:\/\/wp.kristdemokraterna.se\/tyreso\/","name":"Kristdemokraterna Tyres\u00f6","description":"","inLanguage":"sv-SE"}]}},"_links":{"self":[{"href":"https:\/\/wp.kristdemokraterna.se\/tyreso\/wp-json\/wp\/v2\/pages\/45","targetHints":{"allow":["GET"]}}],"collection":[{"href":"https:\/\/wp.kristdemokraterna.se\/tyreso\/wp-json\/wp\/v2\/pages"}],"about":[{"href":"https:\/\/wp.kristdemokraterna.se\/tyreso\/wp-json\/wp\/v2\/types\/page"}],"author":[{"embeddable":true,"href":"https:\/\/wp.kristdemokraterna.se\/tyreso\/wp-json\/wp\/v2\/users\/644"}],"replies":[{"embeddable":true,"href":"https:\/\/wp.kristdemokraterna.se\/tyreso\/wp-json\/wp\/v2\/comments?post=45"}],"version-history":[{"count":4,"href":"https:\/\/wp.kristdemokraterna.se\/tyreso\/wp-json\/wp\/v2\/pages\/45\/revisions"}],"predecessor-version":[{"id":53,"href":"https:\/\/wp.kristdemokraterna.se\/tyreso\/wp-json\/wp\/v2\/pages\/45\/revisions\/53"}],"wp:attachment":[{"href":"https:\/\/wp.kristdemokraterna.se\/tyreso\/wp-json\/wp\/v2\/media?parent=45"}],"curies":[{"name":"wp","href":"https:\/\/api.w.org\/{rel}","templated":true}]}}