{"id":48,"date":"2014-06-02T15:54:04","date_gmt":"2014-06-02T13:54:04","guid":{"rendered":"http:\/\/wp.kristdemokraterna.se\/tyreso\/?page_id=48"},"modified":"2026-04-17T17:51:11","modified_gmt":"2026-04-17T15:51:11","slug":"styrelse","status":"publish","type":"page","link":"https:\/\/wp.kristdemokraterna.se\/tyreso\/styrelse\/","title":{"rendered":"Styrelse partiavdelning"},"content":{"rendered":"<h3>Ordf\u00f6rande<\/h3>\n<div id=\"attachment_1416\" style=\"width: 282px\" class=\"wp-caption alignnone\"><a href=\"http:\/\/wp.kristdemokraterna.se\/tyreso\/files\/2022\/04\/ulf-perbo-mars-2022-scaled.jpg\"><img loading=\"lazy\" decoding=\"async\" aria-describedby=\"caption-attachment-1416\" class=\" wp-image-1416\" src=\"http:\/\/wp.kristdemokraterna.se\/tyreso\/files\/2022\/04\/ulf-perbo-mars-2022-scaled.jpg\" alt=\"\" width=\"272\" height=\"340\" srcset=\"https:\/\/wp.kristdemokraterna.se\/tyreso\/files\/2022\/04\/ulf-perbo-mars-2022-scaled.jpg 2048w, https:\/\/wp.kristdemokraterna.se\/tyreso\/files\/2022\/04\/ulf-perbo-mars-2022-240x300.jpg 240w, https:\/\/wp.kristdemokraterna.se\/tyreso\/files\/2022\/04\/ulf-perbo-mars-2022-819x1024.jpg 819w, https:\/\/wp.kristdemokraterna.se\/tyreso\/files\/2022\/04\/ulf-perbo-mars-2022-768x960.jpg 768w, https:\/\/wp.kristdemokraterna.se\/tyreso\/files\/2022\/04\/ulf-perbo-mars-2022-1229x1536.jpg 1229w, https:\/\/wp.kristdemokraterna.se\/tyreso\/files\/2022\/04\/ulf-perbo-mars-2022-1638x2048.jpg 1638w, https:\/\/wp.kristdemokraterna.se\/tyreso\/files\/2022\/04\/ulf-perbo-mars-2022-160x200.jpg 160w, https:\/\/wp.kristdemokraterna.se\/tyreso\/files\/2022\/04\/ulf-perbo-mars-2022-370x463.jpg 370w, https:\/\/wp.kristdemokraterna.se\/tyreso\/files\/2022\/04\/ulf-perbo-mars-2022-770x963.jpg 770w, https:\/\/wp.kristdemokraterna.se\/tyreso\/files\/2022\/04\/ulf-perbo-mars-2022-450x563.jpg 450w, https:\/\/wp.kristdemokraterna.se\/tyreso\/files\/2022\/04\/ulf-perbo-mars-2022-280x350.jpg 280w, https:\/\/wp.kristdemokraterna.se\/tyreso\/files\/2022\/04\/ulf-perbo-mars-2022-340x425.jpg 340w, https:\/\/wp.kristdemokraterna.se\/tyreso\/files\/2022\/04\/ulf-perbo-mars-2022-45x56.jpg 45w\" sizes=\"auto, (max-width: 272px) 100vw, 272px\" \/><\/a><p id=\"caption-attachment-1416\" class=\"wp-caption-text\">Ulf Perbo<br \/>Tel: 070-9946363<br \/>Epost: ulf@perbo.nu<\/p><\/div>\n<h3>Vice ordf\u00f6rande<\/h3>\n<div id=\"attachment_1516\" style=\"width: 284px\" class=\"wp-caption alignnone\"><a href=\"http:\/\/wp.kristdemokraterna.se\/tyreso\/files\/2023\/01\/per-linden-scaled.jpg\"><img loading=\"lazy\" decoding=\"async\" aria-describedby=\"caption-attachment-1516\" class=\" wp-image-1516\" src=\"http:\/\/wp.kristdemokraterna.se\/tyreso\/files\/2023\/01\/per-linden-scaled.jpg\" alt=\"\" width=\"274\" height=\"343\" srcset=\"https:\/\/wp.kristdemokraterna.se\/tyreso\/files\/2023\/01\/per-linden-scaled.jpg 2048w, https:\/\/wp.kristdemokraterna.se\/tyreso\/files\/2023\/01\/per-linden-240x300.jpg 240w, https:\/\/wp.kristdemokraterna.se\/tyreso\/files\/2023\/01\/per-linden-819x1024.jpg 819w, https:\/\/wp.kristdemokraterna.se\/tyreso\/files\/2023\/01\/per-linden-768x960.jpg 768w, https:\/\/wp.kristdemokraterna.se\/tyreso\/files\/2023\/01\/per-linden-1229x1536.jpg 1229w, https:\/\/wp.kristdemokraterna.se\/tyreso\/files\/2023\/01\/per-linden-1638x2048.jpg 1638w, https:\/\/wp.kristdemokraterna.se\/tyreso\/files\/2023\/01\/per-linden-160x200.jpg 160w, https:\/\/wp.kristdemokraterna.se\/tyreso\/files\/2023\/01\/per-linden-370x463.jpg 370w, https:\/\/wp.kristdemokraterna.se\/tyreso\/files\/2023\/01\/per-linden-770x963.jpg 770w, https:\/\/wp.kristdemokraterna.se\/tyreso\/files\/2023\/01\/per-linden-450x563.jpg 450w, https:\/\/wp.kristdemokraterna.se\/tyreso\/files\/2023\/01\/per-linden-280x350.jpg 280w, https:\/\/wp.kristdemokraterna.se\/tyreso\/files\/2023\/01\/per-linden-340x425.jpg 340w, https:\/\/wp.kristdemokraterna.se\/tyreso\/files\/2023\/01\/per-linden-45x56.jpg 45w\" sizes=\"auto, (max-width: 274px) 100vw, 274px\" \/><\/a><p id=\"caption-attachment-1516\" class=\"wp-caption-text\">Per Lind\u00e9n<br \/>Tel: 08-52721937<br \/>per.linden@cgi.com<\/p><\/div>\n<h3>Ledam\u00f6ter<\/h3>\n<div class=\"mceTemp\"><\/div>\n<div id=\"attachment_1907\" style=\"width: 278px\" class=\"wp-caption alignnone\"><a href=\"http:\/\/wp.kristdemokraterna.se\/tyreso\/files\/2026\/04\/20260417_001-scaled.jpg\"><img loading=\"lazy\" decoding=\"async\" aria-describedby=\"caption-attachment-1907\" class=\" wp-image-1907\" src=\"http:\/\/wp.kristdemokraterna.se\/tyreso\/files\/2026\/04\/20260417_001-scaled.jpg\" alt=\"\" width=\"268\" height=\"311\" srcset=\"https:\/\/wp.kristdemokraterna.se\/tyreso\/files\/2026\/04\/20260417_001-scaled.jpg 2210w, https:\/\/wp.kristdemokraterna.se\/tyreso\/files\/2026\/04\/20260417_001-259x300.jpg 259w, https:\/\/wp.kristdemokraterna.se\/tyreso\/files\/2026\/04\/20260417_001-884x1024.jpg 884w, https:\/\/wp.kristdemokraterna.se\/tyreso\/files\/2026\/04\/20260417_001-768x890.jpg 768w, https:\/\/wp.kristdemokraterna.se\/tyreso\/files\/2026\/04\/20260417_001-1326x1536.jpg 1326w, https:\/\/wp.kristdemokraterna.se\/tyreso\/files\/2026\/04\/20260417_001-1768x2048.jpg 1768w, https:\/\/wp.kristdemokraterna.se\/tyreso\/files\/2026\/04\/20260417_001-173x200.jpg 173w, https:\/\/wp.kristdemokraterna.se\/tyreso\/files\/2026\/04\/20260417_001-370x429.jpg 370w, https:\/\/wp.kristdemokraterna.se\/tyreso\/files\/2026\/04\/20260417_001-770x892.jpg 770w, https:\/\/wp.kristdemokraterna.se\/tyreso\/files\/2026\/04\/20260417_001-450x521.jpg 450w, https:\/\/wp.kristdemokraterna.se\/tyreso\/files\/2026\/04\/20260417_001-280x324.jpg 280w, https:\/\/wp.kristdemokraterna.se\/tyreso\/files\/2026\/04\/20260417_001-340x394.jpg 340w, https:\/\/wp.kristdemokraterna.se\/tyreso\/files\/2026\/04\/20260417_001-48x56.jpg 48w\" sizes=\"auto, (max-width: 268px) 100vw, 268px\" \/><\/a><p id=\"caption-attachment-1907\" class=\"wp-caption-text\">Alexander Jansson<br \/>Tel: 076-2574237<br \/>alexanderlovejansson@gmail.com<\/p><\/div>\n<div id=\"attachment_112\" style=\"width: 282px\" class=\"wp-caption alignnone\"><a href=\"http:\/\/wp.kristdemokraterna.se\/tyreso\/files\/2014\/06\/rode.jpg\"><img loading=\"lazy\" decoding=\"async\" aria-describedby=\"caption-attachment-112\" class=\" wp-image-112\" src=\"http:\/\/wp.kristdemokraterna.se\/tyreso\/files\/2014\/06\/rode.jpg\" alt=\"\" width=\"272\" height=\"272\" srcset=\"https:\/\/wp.kristdemokraterna.se\/tyreso\/files\/2014\/06\/rode.jpg 2437w, https:\/\/wp.kristdemokraterna.se\/tyreso\/files\/2014\/06\/rode-150x150.jpg 150w, https:\/\/wp.kristdemokraterna.se\/tyreso\/files\/2014\/06\/rode-300x300.jpg 300w, https:\/\/wp.kristdemokraterna.se\/tyreso\/files\/2014\/06\/rode-1024x1024.jpg 1024w\" sizes=\"auto, (max-width: 272px) 100vw, 272px\" \/><\/a><p id=\"caption-attachment-112\" class=\"wp-caption-text\">Rode Kennerberg<br \/>Tel: 070-2589049<br \/>Epost: rode@kennerberg.se<\/p><\/div>\n<p>&nbsp;<\/p>\n<div id=\"attachment_1413\" style=\"width: 285px\" class=\"wp-caption alignnone\"><a href=\"http:\/\/wp.kristdemokraterna.se\/tyreso\/files\/2022\/04\/cecilia-skold-scaled.jpg\"><img loading=\"lazy\" decoding=\"async\" aria-describedby=\"caption-attachment-1413\" class=\" wp-image-1413\" src=\"http:\/\/wp.kristdemokraterna.se\/tyreso\/files\/2022\/04\/cecilia-skold-scaled.jpg\" alt=\"\" width=\"275\" height=\"318\" srcset=\"https:\/\/wp.kristdemokraterna.se\/tyreso\/files\/2022\/04\/cecilia-skold-scaled.jpg 2214w, https:\/\/wp.kristdemokraterna.se\/tyreso\/files\/2022\/04\/cecilia-skold-259x300.jpg 259w, https:\/\/wp.kristdemokraterna.se\/tyreso\/files\/2022\/04\/cecilia-skold-885x1024.jpg 885w, https:\/\/wp.kristdemokraterna.se\/tyreso\/files\/2022\/04\/cecilia-skold-768x888.jpg 768w, https:\/\/wp.kristdemokraterna.se\/tyreso\/files\/2022\/04\/cecilia-skold-1328x1536.jpg 1328w, https:\/\/wp.kristdemokraterna.se\/tyreso\/files\/2022\/04\/cecilia-skold-1771x2048.jpg 1771w, https:\/\/wp.kristdemokraterna.se\/tyreso\/files\/2022\/04\/cecilia-skold-173x200.jpg 173w, https:\/\/wp.kristdemokraterna.se\/tyreso\/files\/2022\/04\/cecilia-skold-370x428.jpg 370w, https:\/\/wp.kristdemokraterna.se\/tyreso\/files\/2022\/04\/cecilia-skold-770x891.jpg 770w, https:\/\/wp.kristdemokraterna.se\/tyreso\/files\/2022\/04\/cecilia-skold-450x520.jpg 450w, https:\/\/wp.kristdemokraterna.se\/tyreso\/files\/2022\/04\/cecilia-skold-280x324.jpg 280w, https:\/\/wp.kristdemokraterna.se\/tyreso\/files\/2022\/04\/cecilia-skold-340x393.jpg 340w, https:\/\/wp.kristdemokraterna.se\/tyreso\/files\/2022\/04\/cecilia-skold-48x56.jpg 48w\" sizes=\"auto, (max-width: 275px) 100vw, 275px\" \/><\/a><p id=\"caption-attachment-1413\" class=\"wp-caption-text\">Cecilia Sk\u00f6ld<br \/>Tel: 073-7776702<br \/>E-post: Cecilia.Skold2015@gmail.com<\/p><\/div>\n<h3>Ers\u00e4ttare<\/h3>\n<div id=\"attachment_1875\" style=\"width: 287px\" class=\"wp-caption alignnone\"><a href=\"http:\/\/wp.kristdemokraterna.se\/tyreso\/files\/2026\/01\/erik-scaled.jpg\"><img loading=\"lazy\" decoding=\"async\" aria-describedby=\"caption-attachment-1875\" class=\" wp-image-1875\" src=\"http:\/\/wp.kristdemokraterna.se\/tyreso\/files\/2026\/01\/erik-scaled.jpg\" alt=\"\" width=\"277\" height=\"323\" srcset=\"https:\/\/wp.kristdemokraterna.se\/tyreso\/files\/2026\/01\/erik-scaled.jpg 2190w, https:\/\/wp.kristdemokraterna.se\/tyreso\/files\/2026\/01\/erik-257x300.jpg 257w, https:\/\/wp.kristdemokraterna.se\/tyreso\/files\/2026\/01\/erik-876x1024.jpg 876w, https:\/\/wp.kristdemokraterna.se\/tyreso\/files\/2026\/01\/erik-768x898.jpg 768w, https:\/\/wp.kristdemokraterna.se\/tyreso\/files\/2026\/01\/erik-1314x1536.jpg 1314w, https:\/\/wp.kristdemokraterna.se\/tyreso\/files\/2026\/01\/erik-1752x2048.jpg 1752w, https:\/\/wp.kristdemokraterna.se\/tyreso\/files\/2026\/01\/erik-171x200.jpg 171w, https:\/\/wp.kristdemokraterna.se\/tyreso\/files\/2026\/01\/erik-370x432.jpg 370w, https:\/\/wp.kristdemokraterna.se\/tyreso\/files\/2026\/01\/erik-770x900.jpg 770w, https:\/\/wp.kristdemokraterna.se\/tyreso\/files\/2026\/01\/erik-450x526.jpg 450w, https:\/\/wp.kristdemokraterna.se\/tyreso\/files\/2026\/01\/erik-280x327.jpg 280w, https:\/\/wp.kristdemokraterna.se\/tyreso\/files\/2026\/01\/erik-340x397.jpg 340w, https:\/\/wp.kristdemokraterna.se\/tyreso\/files\/2026\/01\/erik-48x56.jpg 48w\" sizes=\"auto, (max-width: 277px) 100vw, 277px\" \/><\/a><p id=\"caption-attachment-1875\" class=\"wp-caption-text\">Erik Kainulainen<br \/>076-7624047<br \/>erkki16@hotmail.com<\/p><\/div>\n<div class=\"mceTemp\"><\/div>\n<div id=\"attachment_1514\" style=\"width: 285px\" class=\"wp-caption alignnone\"><a href=\"http:\/\/wp.kristdemokraterna.se\/tyreso\/files\/2023\/01\/9-janis-salts-color22-scaled.jpg\"><img loading=\"lazy\" decoding=\"async\" aria-describedby=\"caption-attachment-1514\" class=\" wp-image-1514\" src=\"http:\/\/wp.kristdemokraterna.se\/tyreso\/files\/2023\/01\/9-janis-salts-color22-scaled.jpg\" alt=\"\" width=\"275\" height=\"344\" srcset=\"https:\/\/wp.kristdemokraterna.se\/tyreso\/files\/2023\/01\/9-janis-salts-color22-scaled.jpg 2048w, https:\/\/wp.kristdemokraterna.se\/tyreso\/files\/2023\/01\/9-janis-salts-color22-240x300.jpg 240w, https:\/\/wp.kristdemokraterna.se\/tyreso\/files\/2023\/01\/9-janis-salts-color22-819x1024.jpg 819w, https:\/\/wp.kristdemokraterna.se\/tyreso\/files\/2023\/01\/9-janis-salts-color22-768x960.jpg 768w, https:\/\/wp.kristdemokraterna.se\/tyreso\/files\/2023\/01\/9-janis-salts-color22-1229x1536.jpg 1229w, https:\/\/wp.kristdemokraterna.se\/tyreso\/files\/2023\/01\/9-janis-salts-color22-1639x2048.jpg 1639w, https:\/\/wp.kristdemokraterna.se\/tyreso\/files\/2023\/01\/9-janis-salts-color22-160x200.jpg 160w, https:\/\/wp.kristdemokraterna.se\/tyreso\/files\/2023\/01\/9-janis-salts-color22-370x462.jpg 370w, https:\/\/wp.kristdemokraterna.se\/tyreso\/files\/2023\/01\/9-janis-salts-color22-770x962.jpg 770w, https:\/\/wp.kristdemokraterna.se\/tyreso\/files\/2023\/01\/9-janis-salts-color22-450x562.jpg 450w, https:\/\/wp.kristdemokraterna.se\/tyreso\/files\/2023\/01\/9-janis-salts-color22-280x350.jpg 280w, https:\/\/wp.kristdemokraterna.se\/tyreso\/files\/2023\/01\/9-janis-salts-color22-340x425.jpg 340w, https:\/\/wp.kristdemokraterna.se\/tyreso\/files\/2023\/01\/9-janis-salts-color22-45x56.jpg 45w\" sizes=\"auto, (max-width: 275px) 100vw, 275px\" \/><\/a><p id=\"caption-attachment-1514\" class=\"wp-caption-text\">Janis Salts<br \/>Tel: 070-7728068<br \/>Epost: saltsjanis@gmail.com<\/p><\/div>\n<h3>Sekreterare och kass\u00f6r, ej styrelseledamot<\/h3>\n<div id=\"attachment_125\" style=\"width: 282px\" class=\"wp-caption alignnone\"><a href=\"http:\/\/wp.kristdemokraterna.se\/tyreso\/files\/2014\/06\/leif2.jpg\"><img loading=\"lazy\" decoding=\"async\" aria-describedby=\"caption-attachment-125\" class=\" wp-image-125\" src=\"http:\/\/wp.kristdemokraterna.se\/tyreso\/files\/2014\/06\/leif2.jpg\" alt=\"\" width=\"272\" height=\"272\" srcset=\"https:\/\/wp.kristdemokraterna.se\/tyreso\/files\/2014\/06\/leif2.jpg 1836w, https:\/\/wp.kristdemokraterna.se\/tyreso\/files\/2014\/06\/leif2-150x150.jpg 150w, https:\/\/wp.kristdemokraterna.se\/tyreso\/files\/2014\/06\/leif2-300x300.jpg 300w, https:\/\/wp.kristdemokraterna.se\/tyreso\/files\/2014\/06\/leif2-1024x1024.jpg 1024w\" sizes=\"auto, (max-width: 272px) 100vw, 272px\" \/><\/a><p id=\"caption-attachment-125\" class=\"wp-caption-text\">Leif Kennerberg<br \/>Tel: 070-2589103<br \/>Epost: leif@kristdemokraterna.se<\/p><\/div>\n","protected":false},"excerpt":{"rendered":"<p>Ordf\u00f6rande Vice ordf\u00f6rande Ledam\u00f6ter &nbsp; Ers\u00e4ttare Sekreterare och kass\u00f6r, ej styrelseledamot<\/p>\n","protected":false},"author":644,"featured_media":0,"parent":0,"menu_order":8,"comment_status":"closed","ping_status":"closed","template":"","meta":{"_acf_changed":false,"footnotes":""},"class_list":["post-48","page","type-page","status-publish","hentry"],"acf":[],"yoast_head":"<!-- This site is optimized with the Yoast SEO plugin v27.4 - https:\/\/yoast.com\/product\/yoast-seo-wordpress\/ -->\n<title>Styrelse partiavdelning - Kristdemokraterna Tyres\u00f6<\/title>\n<meta name=\"robots\" content=\"index, follow, max-snippet:-1, max-image-preview:large, max-video-preview:-1\" \/>\n<link rel=\"canonical\" href=\"https:\/\/wp.kristdemokraterna.se\/tyreso\/styrelse\/\" \/>\n<meta property=\"og:locale\" content=\"sv_SE\" \/>\n<meta property=\"og:type\" content=\"article\" \/>\n<meta property=\"og:title\" content=\"Styrelse partiavdelning - Kristdemokraterna Tyres\u00f6\" \/>\n<meta property=\"og:description\" content=\"Ordf\u00f6rande Vice ordf\u00f6rande Ledam\u00f6ter &nbsp; Ers\u00e4ttare Sekreterare och kass\u00f6r, ej styrelseledamot\" \/>\n<meta property=\"og:url\" content=\"https:\/\/wp.kristdemokraterna.se\/tyreso\/styrelse\/\" \/>\n<meta property=\"og:site_name\" content=\"Kristdemokraterna Tyres\u00f6\" \/>\n<meta property=\"article:modified_time\" content=\"2026-04-17T15:51:11+00:00\" \/>\n<meta property=\"og:image\" content=\"https:\/\/wp.kristdemokraterna.se\/tyreso\/files\/2022\/04\/ulf-perbo-mars-2022-819x1024.jpg\" \/>\n\t<meta property=\"og:image:width\" content=\"819\" \/>\n\t<meta property=\"og:image:height\" content=\"1024\" \/>\n\t<meta property=\"og:image:type\" content=\"image\/jpeg\" \/>\n<meta name=\"twitter:card\" content=\"summary_large_image\" \/>\n<meta name=\"twitter:label1\" content=\"Ber\u00e4knad l\u00e4stid\" \/>\n\t<meta name=\"twitter:data1\" content=\"3 minuter\" \/>\n<script type=\"application\/ld+json\" class=\"yoast-schema-graph\">{\"@context\":\"https:\\\/\\\/schema.org\",\"@graph\":[{\"@type\":\"WebPage\",\"@id\":\"https:\\\/\\\/wp.kristdemokraterna.se\\\/tyreso\\\/styrelse\\\/\",\"url\":\"https:\\\/\\\/wp.kristdemokraterna.se\\\/tyreso\\\/styrelse\\\/\",\"name\":\"Styrelse partiavdelning - Kristdemokraterna Tyres\u00f6\",\"isPartOf\":{\"@id\":\"https:\\\/\\\/wp.kristdemokraterna.se\\\/tyreso\\\/#website\"},\"primaryImageOfPage\":{\"@id\":\"https:\\\/\\\/wp.kristdemokraterna.se\\\/tyreso\\\/styrelse\\\/#primaryimage\"},\"image\":{\"@id\":\"https:\\\/\\\/wp.kristdemokraterna.se\\\/tyreso\\\/styrelse\\\/#primaryimage\"},\"thumbnailUrl\":\"http:\\\/\\\/wp.kristdemokraterna.se\\\/tyreso\\\/files\\\/2022\\\/04\\\/ulf-perbo-mars-2022-scaled.jpg\",\"datePublished\":\"2014-06-02T13:54:04+00:00\",\"dateModified\":\"2026-04-17T15:51:11+00:00\",\"breadcrumb\":{\"@id\":\"https:\\\/\\\/wp.kristdemokraterna.se\\\/tyreso\\\/styrelse\\\/#breadcrumb\"},\"inLanguage\":\"sv-SE\",\"potentialAction\":[{\"@type\":\"ReadAction\",\"target\":[\"https:\\\/\\\/wp.kristdemokraterna.se\\\/tyreso\\\/styrelse\\\/\"]}]},{\"@type\":\"ImageObject\",\"inLanguage\":\"sv-SE\",\"@id\":\"https:\\\/\\\/wp.kristdemokraterna.se\\\/tyreso\\\/styrelse\\\/#primaryimage\",\"url\":\"http:\\\/\\\/wp.kristdemokraterna.se\\\/tyreso\\\/files\\\/2022\\\/04\\\/ulf-perbo-mars-2022-scaled.jpg\",\"contentUrl\":\"http:\\\/\\\/wp.kristdemokraterna.se\\\/tyreso\\\/files\\\/2022\\\/04\\\/ulf-perbo-mars-2022-scaled.jpg\"},{\"@type\":\"BreadcrumbList\",\"@id\":\"https:\\\/\\\/wp.kristdemokraterna.se\\\/tyreso\\\/styrelse\\\/#breadcrumb\",\"itemListElement\":[{\"@type\":\"ListItem\",\"position\":1,\"name\":\"Hem\",\"item\":\"https:\\\/\\\/wp.kristdemokraterna.se\\\/tyreso\\\/\"},{\"@type\":\"ListItem\",\"position\":2,\"name\":\"Styrelse partiavdelning\"}]},{\"@type\":\"WebSite\",\"@id\":\"https:\\\/\\\/wp.kristdemokraterna.se\\\/tyreso\\\/#website\",\"url\":\"https:\\\/\\\/wp.kristdemokraterna.se\\\/tyreso\\\/\",\"name\":\"Kristdemokraterna Tyres\u00f6\",\"description\":\"\",\"inLanguage\":\"sv-SE\"}]}<\/script>\n<!-- \/ Yoast SEO plugin. -->","yoast_head_json":{"title":"Styrelse partiavdelning - Kristdemokraterna Tyres\u00f6","robots":{"index":"index","follow":"follow","max-snippet":"max-snippet:-1","max-image-preview":"max-image-preview:large","max-video-preview":"max-video-preview:-1"},"canonical":"https:\/\/wp.kristdemokraterna.se\/tyreso\/styrelse\/","og_locale":"sv_SE","og_type":"article","og_title":"Styrelse partiavdelning - Kristdemokraterna Tyres\u00f6","og_description":"Ordf\u00f6rande Vice ordf\u00f6rande Ledam\u00f6ter &nbsp; Ers\u00e4ttare Sekreterare och kass\u00f6r, ej styrelseledamot","og_url":"https:\/\/wp.kristdemokraterna.se\/tyreso\/styrelse\/","og_site_name":"Kristdemokraterna Tyres\u00f6","article_modified_time":"2026-04-17T15:51:11+00:00","og_image":[{"width":819,"height":1024,"url":"https:\/\/wp.kristdemokraterna.se\/tyreso\/files\/2022\/04\/ulf-perbo-mars-2022-819x1024.jpg","type":"image\/jpeg"}],"twitter_card":"summary_large_image","twitter_misc":{"Ber\u00e4knad l\u00e4stid":"3 minuter"},"schema":{"@context":"https:\/\/schema.org","@graph":[{"@type":"WebPage","@id":"https:\/\/wp.kristdemokraterna.se\/tyreso\/styrelse\/","url":"https:\/\/wp.kristdemokraterna.se\/tyreso\/styrelse\/","name":"Styrelse partiavdelning - Kristdemokraterna Tyres\u00f6","isPartOf":{"@id":"https:\/\/wp.kristdemokraterna.se\/tyreso\/#website"},"primaryImageOfPage":{"@id":"https:\/\/wp.kristdemokraterna.se\/tyreso\/styrelse\/#primaryimage"},"image":{"@id":"https:\/\/wp.kristdemokraterna.se\/tyreso\/styrelse\/#primaryimage"},"thumbnailUrl":"http:\/\/wp.kristdemokraterna.se\/tyreso\/files\/2022\/04\/ulf-perbo-mars-2022-scaled.jpg","datePublished":"2014-06-02T13:54:04+00:00","dateModified":"2026-04-17T15:51:11+00:00","breadcrumb":{"@id":"https:\/\/wp.kristdemokraterna.se\/tyreso\/styrelse\/#breadcrumb"},"inLanguage":"sv-SE","potentialAction":[{"@type":"ReadAction","target":["https:\/\/wp.kristdemokraterna.se\/tyreso\/styrelse\/"]}]},{"@type":"ImageObject","inLanguage":"sv-SE","@id":"https:\/\/wp.kristdemokraterna.se\/tyreso\/styrelse\/#primaryimage","url":"http:\/\/wp.kristdemokraterna.se\/tyreso\/files\/2022\/04\/ulf-perbo-mars-2022-scaled.jpg","contentUrl":"http:\/\/wp.kristdemokraterna.se\/tyreso\/files\/2022\/04\/ulf-perbo-mars-2022-scaled.jpg"},{"@type":"BreadcrumbList","@id":"https:\/\/wp.kristdemokraterna.se\/tyreso\/styrelse\/#breadcrumb","itemListElement":[{"@type":"ListItem","position":1,"name":"Hem","item":"https:\/\/wp.kristdemokraterna.se\/tyreso\/"},{"@type":"ListItem","position":2,"name":"Styrelse partiavdelning"}]},{"@type":"WebSite","@id":"https:\/\/wp.kristdemokraterna.se\/tyreso\/#website","url":"https:\/\/wp.kristdemokraterna.se\/tyreso\/","name":"Kristdemokraterna Tyres\u00f6","description":"","inLanguage":"sv-SE"}]}},"_links":{"self":[{"href":"https:\/\/wp.kristdemokraterna.se\/tyreso\/wp-json\/wp\/v2\/pages\/48","targetHints":{"allow":["GET"]}}],"collection":[{"href":"https:\/\/wp.kristdemokraterna.se\/tyreso\/wp-json\/wp\/v2\/pages"}],"about":[{"href":"https:\/\/wp.kristdemokraterna.se\/tyreso\/wp-json\/wp\/v2\/types\/page"}],"author":[{"embeddable":true,"href":"https:\/\/wp.kristdemokraterna.se\/tyreso\/wp-json\/wp\/v2\/users\/644"}],"replies":[{"embeddable":true,"href":"https:\/\/wp.kristdemokraterna.se\/tyreso\/wp-json\/wp\/v2\/comments?post=48"}],"version-history":[{"count":41,"href":"https:\/\/wp.kristdemokraterna.se\/tyreso\/wp-json\/wp\/v2\/pages\/48\/revisions"}],"predecessor-version":[{"id":1908,"href":"https:\/\/wp.kristdemokraterna.se\/tyreso\/wp-json\/wp\/v2\/pages\/48\/revisions\/1908"}],"wp:attachment":[{"href":"https:\/\/wp.kristdemokraterna.se\/tyreso\/wp-json\/wp\/v2\/media?parent=48"}],"curies":[{"name":"wp","href":"https:\/\/api.w.org\/{rel}","templated":true}]}}