{"id":5,"date":"2014-05-20T16:28:41","date_gmt":"2014-05-20T14:28:41","guid":{"rendered":"http:\/\/wp.kristdemokraterna.se\/ulricehamn\/?page_id=5"},"modified":"2018-06-08T21:38:20","modified_gmt":"2018-06-08T19:38:20","slug":"vad-vill-vi","status":"publish","type":"page","link":"https:\/\/wp.kristdemokraterna.se\/ulricehamn\/vad-vill-vi\/","title":{"rendered":"Vad vill vi?"},"content":{"rendered":"<ul style=\"list-style-type: square\">\n<h3><span style=\"color:#005ea1\">Detta \u00e4r n\u00e5gra punkter vi vill jobba f\u00f6r i kommunen:<\/span><\/h3>\n<li>Att inf\u00f6ra en \u00e4ldreboendegaranti f\u00f6r alla \u00f6ver 85 \u00e5r, bygga fler \u00e4ldreboenden.<\/li>\n<li>En v\u00e4rdig \u00e4ldreomsorg med mer gener\u00f6s och snabb bist\u00e5ndsbed\u00f6mning.<\/li>\n<li>V\u00e5rdserviceteam och kontinuitet i hemtj\u00e4nsten f\u00f6r en tryggare \u00e5lderdom.<\/li>\n<li>Mindre barngrupper i f\u00f6rskolan och fler baromsorgsalternativ att v\u00e4lja mellan.<\/li>\n<li>Arbetsro f\u00f6r l\u00e4rare och elever i skolan, inf\u00f6ra tv\u00e5-l\u00e4rarsystem, fler spec. l\u00e4rare och mer \u00f6vrig skolpersonal.<\/li>\n<li>Att hitta flexibla l\u00f6sningar f\u00f6r att utveckla skolorna p\u00e5 landsbygden.<\/li>\n<li>Att m\u00f6jligg\u00f6ra m\u00e4nniskors vardagspussel i hela kommunen.<\/li>\n<li>Inf\u00f6r en barnomsorgspeng f\u00f6r omsorg av ens egna barn i hemmet p\u00e5 6000 kr\/m\u00e5n och barn mellan 1-3 \u00e5r. Den ska vara skattepliktg och pensiongrundande.<\/li>\n<li>Ett starkt civilsamh\u00e4lle d\u00e4r f\u00f6reningar och organisationer f\u00e5r mer ekonomiskt st\u00f6d.<\/li>\n<\/ul>\n","protected":false},"excerpt":{"rendered":"<p>Detta \u00e4r n\u00e5gra punkter vi vill jobba f\u00f6r i kommunen: Att inf\u00f6ra en \u00e4ldreboendegaranti f\u00f6r alla \u00f6ver 85 \u00e5r, bygga fler \u00e4ldreboenden. En v\u00e4rdig \u00e4ldreomsorg med mer gener\u00f6s och snabb bist\u00e5ndsbed\u00f6mning. V\u00e5rdserviceteam och kontinuitet i hemtj\u00e4nsten f\u00f6r en tryggare \u00e5lderdom. Mindre barngrupper i f\u00f6rskolan och fler baromsorgsalternativ att v\u00e4lja mellan. Arbetsro f\u00f6r l\u00e4rare och elever <a class=\"read-more-link\" href=\"https:\/\/wp.kristdemokraterna.se\/ulricehamn\/vad-vill-vi\/\">Read More<\/a><\/p>\n","protected":false},"author":609,"featured_media":0,"parent":0,"menu_order":11,"comment_status":"closed","ping_status":"closed","template":"","meta":{"_acf_changed":false,"footnotes":""},"class_list":["post-5","page","type-page","status-publish","hentry"],"acf":[],"yoast_head":"<!-- This site is optimized with the Yoast SEO plugin v27.5 - https:\/\/yoast.com\/product\/yoast-seo-wordpress\/ -->\n<title>Vad vill vi? - Ulricehamn<\/title>\n<meta name=\"robots\" content=\"index, follow, max-snippet:-1, max-image-preview:large, max-video-preview:-1\" \/>\n<link rel=\"canonical\" href=\"https:\/\/wp.kristdemokraterna.se\/ulricehamn\/vad-vill-vi\/\" \/>\n<meta property=\"og:locale\" content=\"sv_SE\" \/>\n<meta property=\"og:type\" content=\"article\" \/>\n<meta property=\"og:title\" content=\"Vad vill vi? - Ulricehamn\" \/>\n<meta property=\"og:description\" content=\"Detta \u00e4r n\u00e5gra punkter vi vill jobba f\u00f6r i kommunen: Att inf\u00f6ra en \u00e4ldreboendegaranti f\u00f6r alla \u00f6ver 85 \u00e5r, bygga fler \u00e4ldreboenden. En v\u00e4rdig \u00e4ldreomsorg med mer gener\u00f6s och snabb bist\u00e5ndsbed\u00f6mning. V\u00e5rdserviceteam och kontinuitet i hemtj\u00e4nsten f\u00f6r en tryggare \u00e5lderdom. Mindre barngrupper i f\u00f6rskolan och fler baromsorgsalternativ att v\u00e4lja mellan. Arbetsro f\u00f6r l\u00e4rare och elever Read More\" \/>\n<meta property=\"og:url\" content=\"https:\/\/wp.kristdemokraterna.se\/ulricehamn\/vad-vill-vi\/\" \/>\n<meta property=\"og:site_name\" content=\"Ulricehamn\" \/>\n<meta property=\"article:modified_time\" content=\"2018-06-08T19:38:20+00:00\" \/>\n<meta name=\"twitter:card\" content=\"summary_large_image\" \/>\n<meta name=\"twitter:label1\" content=\"Ber\u00e4knad l\u00e4stid\" \/>\n\t<meta name=\"twitter:data1\" content=\"1 minut\" \/>\n<script type=\"application\/ld+json\" class=\"yoast-schema-graph\">{\"@context\":\"https:\\\/\\\/schema.org\",\"@graph\":[{\"@type\":\"WebPage\",\"@id\":\"https:\\\/\\\/wp.kristdemokraterna.se\\\/ulricehamn\\\/vad-vill-vi\\\/\",\"url\":\"https:\\\/\\\/wp.kristdemokraterna.se\\\/ulricehamn\\\/vad-vill-vi\\\/\",\"name\":\"Vad vill vi? - Ulricehamn\",\"isPartOf\":{\"@id\":\"https:\\\/\\\/wp.kristdemokraterna.se\\\/ulricehamn\\\/#website\"},\"datePublished\":\"2014-05-20T14:28:41+00:00\",\"dateModified\":\"2018-06-08T19:38:20+00:00\",\"breadcrumb\":{\"@id\":\"https:\\\/\\\/wp.kristdemokraterna.se\\\/ulricehamn\\\/vad-vill-vi\\\/#breadcrumb\"},\"inLanguage\":\"sv-SE\",\"potentialAction\":[{\"@type\":\"ReadAction\",\"target\":[\"https:\\\/\\\/wp.kristdemokraterna.se\\\/ulricehamn\\\/vad-vill-vi\\\/\"]}]},{\"@type\":\"BreadcrumbList\",\"@id\":\"https:\\\/\\\/wp.kristdemokraterna.se\\\/ulricehamn\\\/vad-vill-vi\\\/#breadcrumb\",\"itemListElement\":[{\"@type\":\"ListItem\",\"position\":1,\"name\":\"Hem\",\"item\":\"https:\\\/\\\/wp.kristdemokraterna.se\\\/ulricehamn\\\/\"},{\"@type\":\"ListItem\",\"position\":2,\"name\":\"Vad vill vi?\"}]},{\"@type\":\"WebSite\",\"@id\":\"https:\\\/\\\/wp.kristdemokraterna.se\\\/ulricehamn\\\/#website\",\"url\":\"https:\\\/\\\/wp.kristdemokraterna.se\\\/ulricehamn\\\/\",\"name\":\"Ulricehamn\",\"description\":\"En till Kristdemokraterna webbplats\",\"inLanguage\":\"sv-SE\"}]}<\/script>\n<!-- \/ Yoast SEO plugin. -->","yoast_head_json":{"title":"Vad vill vi? - Ulricehamn","robots":{"index":"index","follow":"follow","max-snippet":"max-snippet:-1","max-image-preview":"max-image-preview:large","max-video-preview":"max-video-preview:-1"},"canonical":"https:\/\/wp.kristdemokraterna.se\/ulricehamn\/vad-vill-vi\/","og_locale":"sv_SE","og_type":"article","og_title":"Vad vill vi? - Ulricehamn","og_description":"Detta \u00e4r n\u00e5gra punkter vi vill jobba f\u00f6r i kommunen: Att inf\u00f6ra en \u00e4ldreboendegaranti f\u00f6r alla \u00f6ver 85 \u00e5r, bygga fler \u00e4ldreboenden. En v\u00e4rdig \u00e4ldreomsorg med mer gener\u00f6s och snabb bist\u00e5ndsbed\u00f6mning. V\u00e5rdserviceteam och kontinuitet i hemtj\u00e4nsten f\u00f6r en tryggare \u00e5lderdom. Mindre barngrupper i f\u00f6rskolan och fler baromsorgsalternativ att v\u00e4lja mellan. Arbetsro f\u00f6r l\u00e4rare och elever Read More","og_url":"https:\/\/wp.kristdemokraterna.se\/ulricehamn\/vad-vill-vi\/","og_site_name":"Ulricehamn","article_modified_time":"2018-06-08T19:38:20+00:00","twitter_card":"summary_large_image","twitter_misc":{"Ber\u00e4knad l\u00e4stid":"1 minut"},"schema":{"@context":"https:\/\/schema.org","@graph":[{"@type":"WebPage","@id":"https:\/\/wp.kristdemokraterna.se\/ulricehamn\/vad-vill-vi\/","url":"https:\/\/wp.kristdemokraterna.se\/ulricehamn\/vad-vill-vi\/","name":"Vad vill vi? - Ulricehamn","isPartOf":{"@id":"https:\/\/wp.kristdemokraterna.se\/ulricehamn\/#website"},"datePublished":"2014-05-20T14:28:41+00:00","dateModified":"2018-06-08T19:38:20+00:00","breadcrumb":{"@id":"https:\/\/wp.kristdemokraterna.se\/ulricehamn\/vad-vill-vi\/#breadcrumb"},"inLanguage":"sv-SE","potentialAction":[{"@type":"ReadAction","target":["https:\/\/wp.kristdemokraterna.se\/ulricehamn\/vad-vill-vi\/"]}]},{"@type":"BreadcrumbList","@id":"https:\/\/wp.kristdemokraterna.se\/ulricehamn\/vad-vill-vi\/#breadcrumb","itemListElement":[{"@type":"ListItem","position":1,"name":"Hem","item":"https:\/\/wp.kristdemokraterna.se\/ulricehamn\/"},{"@type":"ListItem","position":2,"name":"Vad vill vi?"}]},{"@type":"WebSite","@id":"https:\/\/wp.kristdemokraterna.se\/ulricehamn\/#website","url":"https:\/\/wp.kristdemokraterna.se\/ulricehamn\/","name":"Ulricehamn","description":"En till Kristdemokraterna webbplats","inLanguage":"sv-SE"}]}},"_links":{"self":[{"href":"https:\/\/wp.kristdemokraterna.se\/ulricehamn\/wp-json\/wp\/v2\/pages\/5","targetHints":{"allow":["GET"]}}],"collection":[{"href":"https:\/\/wp.kristdemokraterna.se\/ulricehamn\/wp-json\/wp\/v2\/pages"}],"about":[{"href":"https:\/\/wp.kristdemokraterna.se\/ulricehamn\/wp-json\/wp\/v2\/types\/page"}],"author":[{"embeddable":true,"href":"https:\/\/wp.kristdemokraterna.se\/ulricehamn\/wp-json\/wp\/v2\/users\/609"}],"replies":[{"embeddable":true,"href":"https:\/\/wp.kristdemokraterna.se\/ulricehamn\/wp-json\/wp\/v2\/comments?post=5"}],"version-history":[{"count":10,"href":"https:\/\/wp.kristdemokraterna.se\/ulricehamn\/wp-json\/wp\/v2\/pages\/5\/revisions"}],"predecessor-version":[{"id":370,"href":"https:\/\/wp.kristdemokraterna.se\/ulricehamn\/wp-json\/wp\/v2\/pages\/5\/revisions\/370"}],"wp:attachment":[{"href":"https:\/\/wp.kristdemokraterna.se\/ulricehamn\/wp-json\/wp\/v2\/media?parent=5"}],"curies":[{"name":"wp","href":"https:\/\/api.w.org\/{rel}","templated":true}]}}

<ul style="list-style-type: square">
<h3><span style="color:#005ea1">Detta är några punkter vi vill jobba för i kommunen:</span></h3>
<li>Att införa en äldreboendegaranti för alla över 85 år, bygga fler äldreboenden.</li>
<li>En värdig äldreomsorg med mer generös och snabb biståndsbedömning.</li>
<li>Vårdserviceteam och kontinuitet i hemtjänsten för en tryggare ålderdom.</li>
<li>Mindre barngrupper i förskolan och fler baromsorgsalternativ att välja mellan.</li>
<li>Arbetsro för lärare och elever i skolan, införa två-lärarsystem, fler spec. lärare och mer övrig skolpersonal.</li>
<li>Att hitta flexibla lösningar för att utveckla skolorna på landsbygden.</li>
<li>Att möjliggöra människors vardagspussel i hela kommunen.</li>
<li>Inför en barnomsorgspeng för omsorg av ens egna barn i hemmet på 6000 kr/mån och barn mellan 1-3 år. Den ska vara skattepliktg och pensiongrundande.</li>
<li>Ett starkt civilsamhälle där föreningar och organisationer får mer ekonomiskt stöd.</li>
</ul>

<p>Detta är några punkter vi vill jobba för i kommunen: Att införa en äldreboendegaranti för alla över 85 år, bygga fler äldreboenden. En värdig äldreomsorg med mer generös och snabb biståndsbedömning. Vårdserviceteam och kontinuitet i hemtjänsten för en tryggare ålderdom. Mindre barngrupper i förskolan och fler baromsorgsalternativ att välja mellan. Arbetsro för lärare och elever <a class="read-more-link" href="https://wp.kristdemokraterna.se/ulricehamn/vad-vill-vi/">Read More</a></p>

<!-- This site is optimized with the Yoast SEO plugin v27.5 - https://yoast.com/product/yoast-seo-wordpress/ -->
<title>Vad vill vi? - Ulricehamn</title>
<meta name="robots" content="index, follow, max-snippet:-1, max-image-preview:large, max-video-preview:-1" />
<link rel="canonical" href="https://wp.kristdemokraterna.se/ulricehamn/vad-vill-vi/" />
<meta property="og:locale" content="sv_SE" />
<meta property="og:type" content="article" />
<meta property="og:title" content="Vad vill vi? - Ulricehamn" />
<meta property="og:description" content="Detta är några punkter vi vill jobba för i kommunen: Att införa en äldreboendegaranti för alla över 85 år, bygga fler äldreboenden. En värdig äldreomsorg med mer generös och snabb biståndsbedömning. Vårdserviceteam och kontinuitet i hemtjänsten för en tryggare ålderdom. Mindre barngrupper i förskolan och fler baromsorgsalternativ att välja mellan. Arbetsro för lärare och elever Read More" />
<meta property="og:url" content="https://wp.kristdemokraterna.se/ulricehamn/vad-vill-vi/" />
<meta property="og:site_name" content="Ulricehamn" />
<meta property="article:modified_time" content="2018-06-08T19:38:20+00:00" />
<meta name="twitter:card" content="summary_large_image" />
<meta name="twitter:label1" content="Beräknad lästid" />
	<meta name="twitter:data1" content="1 minut" />
<script type="application/ld+json" class="yoast-schema-graph">{"@context":"https:\/\/schema.org","@graph":[{"@type":"WebPage","@id":"https:\/\/wp.kristdemokraterna.se\/ulricehamn\/vad-vill-vi\/","url":"https:\/\/wp.kristdemokraterna.se\/ulricehamn\/vad-vill-vi\/","name":"Vad vill vi? - Ulricehamn","isPartOf":{"@id":"https:\/\/wp.kristdemokraterna.se\/ulricehamn\/#website"},"datePublished":"2014-05-20T14:28:41+00:00","dateModified":"2018-06-08T19:38:20+00:00","breadcrumb":{"@id":"https:\/\/wp.kristdemokraterna.se\/ulricehamn\/vad-vill-vi\/#breadcrumb"},"inLanguage":"sv-SE","potentialAction":[{"@type":"ReadAction","target":["https:\/\/wp.kristdemokraterna.se\/ulricehamn\/vad-vill-vi\/"]}]},{"@type":"BreadcrumbList","@id":"https:\/\/wp.kristdemokraterna.se\/ulricehamn\/vad-vill-vi\/#breadcrumb","itemListElement":[{"@type":"ListItem","position":1,"name":"Hem","item":"https:\/\/wp.kristdemokraterna.se\/ulricehamn\/"},{"@type":"ListItem","position":2,"name":"Vad vill vi?"}]},{"@type":"WebSite","@id":"https:\/\/wp.kristdemokraterna.se\/ulricehamn\/#website","url":"https:\/\/wp.kristdemokraterna.se\/ulricehamn\/","name":"Ulricehamn","description":"En till Kristdemokraterna webbplats","inLanguage":"sv-SE"}]}</script>
<!-- / Yoast SEO plugin. -->

Detta är några punkter vi vill jobba för i kommunen: Att införa en äldreboendegaranti för alla över 85 år, bygga fler äldreboenden. En värdig äldreomsorg med mer generös och snabb biståndsbedömning. Vårdserviceteam och kontinuitet i hemtjänsten för en tryggare ålderdom. Mindre barngrupper i förskolan och fler baromsorgsalternativ att välja mellan. Arbetsro för lärare och elever Read More
