{"id":53,"date":"2014-05-20T20:43:08","date_gmt":"2014-05-20T18:43:08","guid":{"rendered":"http:\/\/wp.kristdemokraterna.se\/ulricehamn\/?page_id=53"},"modified":"2025-02-04T14:11:41","modified_gmt":"2025-02-04T13:11:41","slug":"gruppmoten","status":"publish","type":"page","link":"https:\/\/wp.kristdemokraterna.se\/ulricehamn\/gruppmoten\/","title":{"rendered":"Gruppm\u00f6ten 2025"},"content":{"rendered":"<p><strong>Gruppm\u00f6ten f\u00f6r kristdemokraterna i Ulricehamn 2025<\/strong><\/p>\n<p>Alla tr\u00e4ffar sker i Stadshuset<\/p>\n<p>Gruppm\u00f6ten i R\u00f6stesj\u00f6n<\/p>\n<p>Alliansm\u00f6ten i fullm\u00e4ktigesalen<\/p>\n<p>10\/2 kl. 17:30-19:00 Gruppm\u00f6te<\/p>\n<p>10\/2 kl. 19:00-21:00 Alliansm\u00f6te<\/p>\n<p>10\/3 kl. 17:30-19:00 Gruppm\u00f6te<\/p>\n<p>10\/3 kl.19:00-21:00 Alliansm\u00f6te<\/p>\n<p>24\/3 kl. 17:30-19:00 Gruppm\u00f6te<\/p>\n<p>24\/3 kl. 19:00-21:00 Alliansm\u00f6te<\/p>\n<p>9\/4 kl. 17:30-19:00 Gruppm\u00f6te<\/p>\n<p>9\/4 kl. 19:00-21:00 Alliansm\u00f6te<\/p>\n<p>22\/4 kl.17:00 Alliansm\u00f6te f\u00f6rvaltningen informerar<\/p>\n<p>7\/5 kl.17:30-19:00 Gruppm\u00f6te<\/p>\n<p>7\/5 kl.19:00-21:00 Alliansm\u00f6te<\/p>\n<p>&nbsp;<\/p>\n<p style=\"padding-left: 120px\"><span style=\"color: #005ea1\"><strong>\u00a0 \u00a0<\/strong><\/span><\/p>\n<p>&nbsp;<\/p>\n<p>&nbsp;<\/p>\n<p>&nbsp;<\/p>\n<p>&nbsp;<\/p>\n<p>&nbsp;<\/p>\n<p>&nbsp;<\/p>\n<p>&nbsp;<\/p>\n<p>&nbsp;<\/p>\n","protected":false},"excerpt":{"rendered":"<p>Gruppm\u00f6ten f\u00f6r kristdemokraterna i Ulricehamn 2025 Alla tr\u00e4ffar sker i Stadshuset Gruppm\u00f6ten i R\u00f6stesj\u00f6n Alliansm\u00f6ten i fullm\u00e4ktigesalen 10\/2 kl. 17:30-19:00 Gruppm\u00f6te 10\/2 kl. 19:00-21:00 Alliansm\u00f6te 10\/3 kl. 17:30-19:00 Gruppm\u00f6te 10\/3 kl.19:00-21:00 Alliansm\u00f6te 24\/3 kl. 17:30-19:00 Gruppm\u00f6te 24\/3 kl. 19:00-21:00 Alliansm\u00f6te 9\/4 kl. 17:30-19:00 Gruppm\u00f6te 9\/4 kl. 19:00-21:00 Alliansm\u00f6te 22\/4 kl.17:00 Alliansm\u00f6te f\u00f6rvaltningen informerar 7\/5 kl.17:30-19:00 <a class=\"read-more-link\" href=\"https:\/\/wp.kristdemokraterna.se\/ulricehamn\/gruppmoten\/\">Read More<\/a><\/p>\n","protected":false},"author":609,"featured_media":0,"parent":0,"menu_order":2,"comment_status":"closed","ping_status":"closed","template":"","meta":{"_acf_changed":false,"footnotes":""},"class_list":["post-53","page","type-page","status-publish","hentry"],"acf":[],"yoast_head":"<!-- This site is optimized with the Yoast SEO plugin v27.5 - https:\/\/yoast.com\/product\/yoast-seo-wordpress\/ -->\n<title>Gruppm\u00f6ten 2025 - Ulricehamn<\/title>\n<meta name=\"robots\" content=\"index, follow, max-snippet:-1, max-image-preview:large, max-video-preview:-1\" \/>\n<link rel=\"canonical\" href=\"https:\/\/wp.kristdemokraterna.se\/ulricehamn\/gruppmoten\/\" \/>\n<meta property=\"og:locale\" content=\"sv_SE\" \/>\n<meta property=\"og:type\" content=\"article\" \/>\n<meta property=\"og:title\" content=\"Gruppm\u00f6ten 2025 - Ulricehamn\" \/>\n<meta property=\"og:description\" content=\"Gruppm\u00f6ten f\u00f6r kristdemokraterna i Ulricehamn 2025 Alla tr\u00e4ffar sker i Stadshuset Gruppm\u00f6ten i R\u00f6stesj\u00f6n Alliansm\u00f6ten i fullm\u00e4ktigesalen 10\/2 kl. 17:30-19:00 Gruppm\u00f6te 10\/2 kl. 19:00-21:00 Alliansm\u00f6te 10\/3 kl. 17:30-19:00 Gruppm\u00f6te 10\/3 kl.19:00-21:00 Alliansm\u00f6te 24\/3 kl. 17:30-19:00 Gruppm\u00f6te 24\/3 kl. 19:00-21:00 Alliansm\u00f6te 9\/4 kl. 17:30-19:00 Gruppm\u00f6te 9\/4 kl. 19:00-21:00 Alliansm\u00f6te 22\/4 kl.17:00 Alliansm\u00f6te f\u00f6rvaltningen informerar 7\/5 kl.17:30-19:00 Read More\" \/>\n<meta property=\"og:url\" content=\"https:\/\/wp.kristdemokraterna.se\/ulricehamn\/gruppmoten\/\" \/>\n<meta property=\"og:site_name\" content=\"Ulricehamn\" \/>\n<meta property=\"article:modified_time\" content=\"2025-02-04T13:11:41+00:00\" \/>\n<meta name=\"twitter:card\" content=\"summary_large_image\" \/>\n<meta name=\"twitter:label1\" content=\"Ber\u00e4knad l\u00e4stid\" \/>\n\t<meta name=\"twitter:data1\" content=\"1 minut\" \/>\n<script type=\"application\/ld+json\" class=\"yoast-schema-graph\">{\"@context\":\"https:\\\/\\\/schema.org\",\"@graph\":[{\"@type\":\"WebPage\",\"@id\":\"https:\\\/\\\/wp.kristdemokraterna.se\\\/ulricehamn\\\/gruppmoten\\\/\",\"url\":\"https:\\\/\\\/wp.kristdemokraterna.se\\\/ulricehamn\\\/gruppmoten\\\/\",\"name\":\"Gruppm\u00f6ten 2025 - Ulricehamn\",\"isPartOf\":{\"@id\":\"https:\\\/\\\/wp.kristdemokraterna.se\\\/ulricehamn\\\/#website\"},\"datePublished\":\"2014-05-20T18:43:08+00:00\",\"dateModified\":\"2025-02-04T13:11:41+00:00\",\"breadcrumb\":{\"@id\":\"https:\\\/\\\/wp.kristdemokraterna.se\\\/ulricehamn\\\/gruppmoten\\\/#breadcrumb\"},\"inLanguage\":\"sv-SE\",\"potentialAction\":[{\"@type\":\"ReadAction\",\"target\":[\"https:\\\/\\\/wp.kristdemokraterna.se\\\/ulricehamn\\\/gruppmoten\\\/\"]}]},{\"@type\":\"BreadcrumbList\",\"@id\":\"https:\\\/\\\/wp.kristdemokraterna.se\\\/ulricehamn\\\/gruppmoten\\\/#breadcrumb\",\"itemListElement\":[{\"@type\":\"ListItem\",\"position\":1,\"name\":\"Hem\",\"item\":\"https:\\\/\\\/wp.kristdemokraterna.se\\\/ulricehamn\\\/\"},{\"@type\":\"ListItem\",\"position\":2,\"name\":\"Gruppm\u00f6ten 2025\"}]},{\"@type\":\"WebSite\",\"@id\":\"https:\\\/\\\/wp.kristdemokraterna.se\\\/ulricehamn\\\/#website\",\"url\":\"https:\\\/\\\/wp.kristdemokraterna.se\\\/ulricehamn\\\/\",\"name\":\"Ulricehamn\",\"description\":\"En till Kristdemokraterna webbplats\",\"inLanguage\":\"sv-SE\"}]}<\/script>\n<!-- \/ Yoast SEO plugin. -->","yoast_head_json":{"title":"Gruppm\u00f6ten 2025 - Ulricehamn","robots":{"index":"index","follow":"follow","max-snippet":"max-snippet:-1","max-image-preview":"max-image-preview:large","max-video-preview":"max-video-preview:-1"},"canonical":"https:\/\/wp.kristdemokraterna.se\/ulricehamn\/gruppmoten\/","og_locale":"sv_SE","og_type":"article","og_title":"Gruppm\u00f6ten 2025 - Ulricehamn","og_description":"Gruppm\u00f6ten f\u00f6r kristdemokraterna i Ulricehamn 2025 Alla tr\u00e4ffar sker i Stadshuset Gruppm\u00f6ten i R\u00f6stesj\u00f6n Alliansm\u00f6ten i fullm\u00e4ktigesalen 10\/2 kl. 17:30-19:00 Gruppm\u00f6te 10\/2 kl. 19:00-21:00 Alliansm\u00f6te 10\/3 kl. 17:30-19:00 Gruppm\u00f6te 10\/3 kl.19:00-21:00 Alliansm\u00f6te 24\/3 kl. 17:30-19:00 Gruppm\u00f6te 24\/3 kl. 19:00-21:00 Alliansm\u00f6te 9\/4 kl. 17:30-19:00 Gruppm\u00f6te 9\/4 kl. 19:00-21:00 Alliansm\u00f6te 22\/4 kl.17:00 Alliansm\u00f6te f\u00f6rvaltningen informerar 7\/5 kl.17:30-19:00 Read More","og_url":"https:\/\/wp.kristdemokraterna.se\/ulricehamn\/gruppmoten\/","og_site_name":"Ulricehamn","article_modified_time":"2025-02-04T13:11:41+00:00","twitter_card":"summary_large_image","twitter_misc":{"Ber\u00e4knad l\u00e4stid":"1 minut"},"schema":{"@context":"https:\/\/schema.org","@graph":[{"@type":"WebPage","@id":"https:\/\/wp.kristdemokraterna.se\/ulricehamn\/gruppmoten\/","url":"https:\/\/wp.kristdemokraterna.se\/ulricehamn\/gruppmoten\/","name":"Gruppm\u00f6ten 2025 - Ulricehamn","isPartOf":{"@id":"https:\/\/wp.kristdemokraterna.se\/ulricehamn\/#website"},"datePublished":"2014-05-20T18:43:08+00:00","dateModified":"2025-02-04T13:11:41+00:00","breadcrumb":{"@id":"https:\/\/wp.kristdemokraterna.se\/ulricehamn\/gruppmoten\/#breadcrumb"},"inLanguage":"sv-SE","potentialAction":[{"@type":"ReadAction","target":["https:\/\/wp.kristdemokraterna.se\/ulricehamn\/gruppmoten\/"]}]},{"@type":"BreadcrumbList","@id":"https:\/\/wp.kristdemokraterna.se\/ulricehamn\/gruppmoten\/#breadcrumb","itemListElement":[{"@type":"ListItem","position":1,"name":"Hem","item":"https:\/\/wp.kristdemokraterna.se\/ulricehamn\/"},{"@type":"ListItem","position":2,"name":"Gruppm\u00f6ten 2025"}]},{"@type":"WebSite","@id":"https:\/\/wp.kristdemokraterna.se\/ulricehamn\/#website","url":"https:\/\/wp.kristdemokraterna.se\/ulricehamn\/","name":"Ulricehamn","description":"En till Kristdemokraterna webbplats","inLanguage":"sv-SE"}]}},"_links":{"self":[{"href":"https:\/\/wp.kristdemokraterna.se\/ulricehamn\/wp-json\/wp\/v2\/pages\/53","targetHints":{"allow":["GET"]}}],"collection":[{"href":"https:\/\/wp.kristdemokraterna.se\/ulricehamn\/wp-json\/wp\/v2\/pages"}],"about":[{"href":"https:\/\/wp.kristdemokraterna.se\/ulricehamn\/wp-json\/wp\/v2\/types\/page"}],"author":[{"embeddable":true,"href":"https:\/\/wp.kristdemokraterna.se\/ulricehamn\/wp-json\/wp\/v2\/users\/609"}],"replies":[{"embeddable":true,"href":"https:\/\/wp.kristdemokraterna.se\/ulricehamn\/wp-json\/wp\/v2\/comments?post=53"}],"version-history":[{"count":17,"href":"https:\/\/wp.kristdemokraterna.se\/ulricehamn\/wp-json\/wp\/v2\/pages\/53\/revisions"}],"predecessor-version":[{"id":666,"href":"https:\/\/wp.kristdemokraterna.se\/ulricehamn\/wp-json\/wp\/v2\/pages\/53\/revisions\/666"}],"wp:attachment":[{"href":"https:\/\/wp.kristdemokraterna.se\/ulricehamn\/wp-json\/wp\/v2\/media?parent=53"}],"curies":[{"name":"wp","href":"https:\/\/api.w.org\/{rel}","templated":true}]}}

Gruppmöten 2025

<p><strong>Gruppmöten för kristdemokraterna i Ulricehamn 2025</strong></p>
<p>Alla träffar sker i Stadshuset</p>
<p>Gruppmöten i Röstesjön</p>
<p>Alliansmöten i fullmäktigesalen</p>
<p>10/2 kl. 17:30-19:00 Gruppmöte</p>
<p>10/2 kl. 19:00-21:00 Alliansmöte</p>
<p>10/3 kl. 17:30-19:00 Gruppmöte</p>
<p>10/3 kl.19:00-21:00 Alliansmöte</p>
<p>24/3 kl. 17:30-19:00 Gruppmöte</p>
<p>24/3 kl. 19:00-21:00 Alliansmöte</p>
<p>9/4 kl. 17:30-19:00 Gruppmöte</p>
<p>9/4 kl. 19:00-21:00 Alliansmöte</p>
<p>22/4 kl.17:00 Alliansmöte förvaltningen informerar</p>
<p>7/5 kl.17:30-19:00 Gruppmöte</p>
<p>7/5 kl.19:00-21:00 Alliansmöte</p>
<p>&nbsp;</p>
<p style="padding-left: 120px"><span style="color: #005ea1"><strong>   </strong></span></p>
<p>&nbsp;</p>
<p>&nbsp;</p>
<p>&nbsp;</p>
<p>&nbsp;</p>
<p>&nbsp;</p>
<p>&nbsp;</p>
<p>&nbsp;</p>
<p>&nbsp;</p>

<p>Gruppmöten för kristdemokraterna i Ulricehamn 2025 Alla träffar sker i Stadshuset Gruppmöten i Röstesjön Alliansmöten i fullmäktigesalen 10/2 kl. 17:30-19:00 Gruppmöte 10/2 kl. 19:00-21:00 Alliansmöte 10/3 kl. 17:30-19:00 Gruppmöte 10/3 kl.19:00-21:00 Alliansmöte 24/3 kl. 17:30-19:00 Gruppmöte 24/3 kl. 19:00-21:00 Alliansmöte 9/4 kl. 17:30-19:00 Gruppmöte 9/4 kl. 19:00-21:00 Alliansmöte 22/4 kl.17:00 Alliansmöte förvaltningen informerar 7/5 kl.17:30-19:00 <a class="read-more-link" href="https://wp.kristdemokraterna.se/ulricehamn/gruppmoten/">Read More</a></p>

<!-- This site is optimized with the Yoast SEO plugin v27.5 - https://yoast.com/product/yoast-seo-wordpress/ -->
<title>Gruppmöten 2025 - Ulricehamn</title>
<meta name="robots" content="index, follow, max-snippet:-1, max-image-preview:large, max-video-preview:-1" />
<link rel="canonical" href="https://wp.kristdemokraterna.se/ulricehamn/gruppmoten/" />
<meta property="og:locale" content="sv_SE" />
<meta property="og:type" content="article" />
<meta property="og:title" content="Gruppmöten 2025 - Ulricehamn" />
<meta property="og:description" content="Gruppmöten för kristdemokraterna i Ulricehamn 2025 Alla träffar sker i Stadshuset Gruppmöten i Röstesjön Alliansmöten i fullmäktigesalen 10/2 kl. 17:30-19:00 Gruppmöte 10/2 kl. 19:00-21:00 Alliansmöte 10/3 kl. 17:30-19:00 Gruppmöte 10/3 kl.19:00-21:00 Alliansmöte 24/3 kl. 17:30-19:00 Gruppmöte 24/3 kl. 19:00-21:00 Alliansmöte 9/4 kl. 17:30-19:00 Gruppmöte 9/4 kl. 19:00-21:00 Alliansmöte 22/4 kl.17:00 Alliansmöte förvaltningen informerar 7/5 kl.17:30-19:00 Read More" />
<meta property="og:url" content="https://wp.kristdemokraterna.se/ulricehamn/gruppmoten/" />
<meta property="og:site_name" content="Ulricehamn" />
<meta property="article:modified_time" content="2025-02-04T13:11:41+00:00" />
<meta name="twitter:card" content="summary_large_image" />
<meta name="twitter:label1" content="Beräknad lästid" />
	<meta name="twitter:data1" content="1 minut" />
<script type="application/ld+json" class="yoast-schema-graph">{"@context":"https:\/\/schema.org","@graph":[{"@type":"WebPage","@id":"https:\/\/wp.kristdemokraterna.se\/ulricehamn\/gruppmoten\/","url":"https:\/\/wp.kristdemokraterna.se\/ulricehamn\/gruppmoten\/","name":"Gruppmöten 2025 - Ulricehamn","isPartOf":{"@id":"https:\/\/wp.kristdemokraterna.se\/ulricehamn\/#website"},"datePublished":"2014-05-20T18:43:08+00:00","dateModified":"2025-02-04T13:11:41+00:00","breadcrumb":{"@id":"https:\/\/wp.kristdemokraterna.se\/ulricehamn\/gruppmoten\/#breadcrumb"},"inLanguage":"sv-SE","potentialAction":[{"@type":"ReadAction","target":["https:\/\/wp.kristdemokraterna.se\/ulricehamn\/gruppmoten\/"]}]},{"@type":"BreadcrumbList","@id":"https:\/\/wp.kristdemokraterna.se\/ulricehamn\/gruppmoten\/#breadcrumb","itemListElement":[{"@type":"ListItem","position":1,"name":"Hem","item":"https:\/\/wp.kristdemokraterna.se\/ulricehamn\/"},{"@type":"ListItem","position":2,"name":"Gruppmöten 2025"}]},{"@type":"WebSite","@id":"https:\/\/wp.kristdemokraterna.se\/ulricehamn\/#website","url":"https:\/\/wp.kristdemokraterna.se\/ulricehamn\/","name":"Ulricehamn","description":"En till Kristdemokraterna webbplats","inLanguage":"sv-SE"}]}</script>
<!-- / Yoast SEO plugin. -->

Gruppmöten 2025 - Ulricehamn

Gruppmöten för kristdemokraterna i Ulricehamn 2025 Alla träffar sker i Stadshuset Gruppmöten i Röstesjön Alliansmöten i fullmäktigesalen 10/2 kl. 17:30-19:00 Gruppmöte 10/2 kl. 19:00-21:00 Alliansmöte 10/3 kl. 17:30-19:00 Gruppmöte 10/3 kl.19:00-21:00 Alliansmöte 24/3 kl. 17:30-19:00 Gruppmöte 24/3 kl. 19:00-21:00 Alliansmöte 9/4 kl. 17:30-19:00 Gruppmöte 9/4 kl. 19:00-21:00 Alliansmöte 22/4 kl.17:00 Alliansmöte förvaltningen informerar 7/5 kl.17:30-19:00 Read More
