{"id":830,"date":"2022-08-04T17:27:19","date_gmt":"2022-08-04T15:27:19","guid":{"rendered":"https:\/\/wp.kristdemokraterna.se\/upplandsvasby\/?page_id=830"},"modified":"2022-08-04T17:42:11","modified_gmt":"2022-08-04T15:42:11","slug":"kd-vasby-pa-youtube","status":"publish","type":"page","link":"https:\/\/wp.kristdemokraterna.se\/upplandsvasby\/i-var-kommun\/kd-vasby-pa-youtube\/","title":{"rendered":"KD V\u00e4sby p\u00e5 Youtube"},"content":{"rendered":"<div dir=\"auto\">H\u00e4r hittar du <a href=\"https:\/\/www.youtube.com\/channel\/UCUs9aB6FSn9JlM2ZxyltiEg\">l\u00e4nken till v\u00e5r Youtube-kanal<\/a>. F\u00f6lj med p\u00e5 en resa genom V\u00e4sby och lyssna till v\u00e5rt kommunalr\u00e5d Maria F\u00e4lth som ber\u00e4ttar om hur vi vill utveckla v\u00e5r kommun och hur vi g\u00f6r skillnad. Resan best\u00e5r av 12 h\u00e5llplatser som tydligg\u00f6r v\u00e5rt valprogram. H\u00e4ng p\u00e5!<\/div>\n<div dir=\"auto\">\u00a0<a class=\"oajrlxb2 g5ia77u1 qu0x051f esr5mh6w e9989ue4 r7d6kgcz rq0escxv nhd2j8a9 nc684nl6 p7hjln8o kvgmc6g5 cxmmr5t8 oygrvhab hcukyx3x jb3vyjys rz4wbd8a qt6c0cv9 a8nywdso i1ao9s8h esuyzwwr f1sip0of lzcic4wl gpro0wi8 q66pz984 b1v8xokw\" role=\"link\" href=\"https:\/\/www.facebook.com\/hashtag\/mariaf%C3%A4lth?__eep__=6&amp;__cft__[0]=AZUvJg0V8Os6cDGA9zGLY2vPA9-w8dFl-uWq2Iw9g5V0gurRgws-k5h2SK5wOBuov4WuGcPXc7DMU0sapWnd31Sd73wsns3vBrdFdxiTpux66n8nxea7o4UZrwcJKaTY012v2-U-iZ1hxjy7B2VpzNhZ7-PyCHm0i5nVi5JG6OIVeQ&amp;__tn__=*NK-R\">#mariaf\u00e4lth<\/a> <a class=\"oajrlxb2 g5ia77u1 qu0x051f esr5mh6w e9989ue4 r7d6kgcz rq0escxv nhd2j8a9 nc684nl6 p7hjln8o kvgmc6g5 cxmmr5t8 oygrvhab hcukyx3x jb3vyjys rz4wbd8a qt6c0cv9 a8nywdso i1ao9s8h esuyzwwr f1sip0of lzcic4wl gpro0wi8 q66pz984 b1v8xokw\" role=\"link\" href=\"https:\/\/www.facebook.com\/hashtag\/kdv%C3%A4sby?__eep__=6&amp;__cft__[0]=AZUvJg0V8Os6cDGA9zGLY2vPA9-w8dFl-uWq2Iw9g5V0gurRgws-k5h2SK5wOBuov4WuGcPXc7DMU0sapWnd31Sd73wsns3vBrdFdxiTpux66n8nxea7o4UZrwcJKaTY012v2-U-iZ1hxjy7B2VpzNhZ7-PyCHm0i5nVi5JG6OIVeQ&amp;__tn__=*NK-R\">#KDV\u00e4sby<\/a><\/div>\n<div dir=\"auto\"><\/div>\n<h2>Kanske s\u00f6ker du efter ett specifikt politikomr\u00e5de i v\u00e5rt kommunala handlingsprogram. Tryck p\u00e5 aktuell l\u00e4nk s\u00e5 f\u00e5r du se en kort film!<\/h2>\n<div dir=\"auto\"><\/div>\n<div dir=\"auto\"><a href=\"https:\/\/www.youtube.com\/watch?v=bMJC-OOaCqI\">Kristdemokraterna \u00e4r redo.<\/a><\/div>\n<div dir=\"auto\"><a href=\"https:\/\/www.youtube.com\/watch?v=_Z5QRV84178\">Trygga och sj\u00e4lvst\u00e4ndiga familjer.<\/a><\/div>\n<div dir=\"auto\"><a href=\"https:\/\/www.youtube.com\/watch?v=adlOB9utIx0\">Barnet i centrum.<\/a><\/div>\n<div dir=\"auto\"><a href=\"https:\/\/www.youtube.com\/watch?v=4rDImj5_OI4&amp;t=1s\">Fokus p\u00e5 eleven.<\/a><\/div>\n<div dir=\"auto\"><a href=\"https:\/\/www.youtube.com\/watch?v=76fXi7kqvI0\">Kultur- och f\u00f6reningsliv bidrar till det goda livet.<\/a><\/div>\n<div dir=\"auto\"><a href=\"https:\/\/www.youtube.com\/watch?v=jE5iaMP5Zr8\">Social omsorg ger trygghet genom livet.<\/a><\/div>\n<div dir=\"auto\"><a href=\"https:\/\/www.youtube.com\/watch?v=tEYCGFw9RIY\">\u00c4ldreomsorg med valfrihet och delaktighet.<\/a><\/div>\n<div dir=\"auto\"><a href=\"https:\/\/www.youtube.com\/watch?v=GjzJbS52QgQ\">Funktionsvariation \u00e4r inget handikapp.<\/a><\/div>\n<div dir=\"auto\"><a href=\"https:\/\/www.youtube.com\/watch?v=UJtGT085PQk\">En p\u00e5 m\u00e5nga s\u00e4tt h\u00e5llbar kommun.<\/a><\/div>\n<div dir=\"auto\"><a href=\"https:\/\/www.youtube.com\/watch?v=vjHEFDn5JOU\">Blomstrande n\u00e4ringsliv gynnar v\u00e4lf\u00e4rden.<\/a><\/div>\n<div dir=\"auto\"><a href=\"https:\/\/www.youtube.com\/watch?v=FcsJsW_Zjrc\">V\u00e4lkommen till Upplands V\u00e4sby.<\/a><\/div>\n<div dir=\"auto\"><a href=\"https:\/\/www.youtube.com\/watch?v=s0dS_ZEAJ8A\">Vi forts\u00e4tter att bygga Upplands V\u00e4sby.<\/a><\/div>\n<div dir=\"auto\"><\/div>\n","protected":false},"excerpt":{"rendered":"<p>H\u00e4r hittar du l\u00e4nken till v\u00e5r Youtube-kanal. F\u00f6lj med p\u00e5 en resa genom V\u00e4sby och lyssna till v\u00e5rt kommunalr\u00e5d Maria F\u00e4lth som ber\u00e4ttar om hur vi vill utveckla v\u00e5r kommun och hur vi g\u00f6r skillnad. Resan best\u00e5r av 12 h\u00e5llplatser som tydligg\u00f6r v\u00e5rt valprogram. H\u00e4ng p\u00e5! \u00a0#mariaf\u00e4lth #KDV\u00e4sby Kanske s\u00f6ker du efter ett specifikt politikomr\u00e5de <a class=\"read-more-link\" href=\"https:\/\/wp.kristdemokraterna.se\/upplandsvasby\/i-var-kommun\/kd-vasby-pa-youtube\/\">L\u00e4s mer<\/a><\/p>\n","protected":false},"author":13,"featured_media":0,"parent":342,"menu_order":1,"comment_status":"closed","ping_status":"closed","template":"","meta":{"_acf_changed":false,"footnotes":""},"class_list":["post-830","page","type-page","status-publish","hentry"],"acf":[],"yoast_head":"<!-- This site is optimized with the Yoast SEO plugin v27.4 - https:\/\/yoast.com\/product\/yoast-seo-wordpress\/ -->\n<title>KD V\u00e4sby p\u00e5 Youtube - Kristdemokraterna | Upplands V\u00e4sby<\/title>\n<meta name=\"robots\" content=\"index, follow, max-snippet:-1, max-image-preview:large, max-video-preview:-1\" \/>\n<link rel=\"canonical\" href=\"https:\/\/wp.kristdemokraterna.se\/upplandsvasby\/i-var-kommun\/kd-vasby-pa-youtube\/\" \/>\n<meta property=\"og:locale\" content=\"sv_SE\" \/>\n<meta property=\"og:type\" content=\"article\" \/>\n<meta property=\"og:title\" content=\"KD V\u00e4sby p\u00e5 Youtube - Kristdemokraterna | Upplands V\u00e4sby\" \/>\n<meta property=\"og:description\" content=\"H\u00e4r hittar du l\u00e4nken till v\u00e5r Youtube-kanal. F\u00f6lj med p\u00e5 en resa genom V\u00e4sby och lyssna till v\u00e5rt kommunalr\u00e5d Maria F\u00e4lth som ber\u00e4ttar om hur vi vill utveckla v\u00e5r kommun och hur vi g\u00f6r skillnad. Resan best\u00e5r av 12 h\u00e5llplatser som tydligg\u00f6r v\u00e5rt valprogram. H\u00e4ng p\u00e5! \u00a0#mariaf\u00e4lth #KDV\u00e4sby Kanske s\u00f6ker du efter ett specifikt politikomr\u00e5de L\u00e4s mer\" \/>\n<meta property=\"og:url\" content=\"https:\/\/wp.kristdemokraterna.se\/upplandsvasby\/i-var-kommun\/kd-vasby-pa-youtube\/\" \/>\n<meta property=\"og:site_name\" content=\"Kristdemokraterna | Upplands V\u00e4sby\" \/>\n<meta property=\"article:modified_time\" content=\"2022-08-04T15:42:11+00:00\" \/>\n<meta name=\"twitter:card\" content=\"summary_large_image\" \/>\n<meta name=\"twitter:label1\" content=\"Ber\u00e4knad l\u00e4stid\" \/>\n\t<meta name=\"twitter:data1\" content=\"1 minut\" \/>\n<script type=\"application\/ld+json\" class=\"yoast-schema-graph\">{\"@context\":\"https:\\\/\\\/schema.org\",\"@graph\":[{\"@type\":\"WebPage\",\"@id\":\"https:\\\/\\\/wp.kristdemokraterna.se\\\/upplandsvasby\\\/i-var-kommun\\\/kd-vasby-pa-youtube\\\/\",\"url\":\"https:\\\/\\\/wp.kristdemokraterna.se\\\/upplandsvasby\\\/i-var-kommun\\\/kd-vasby-pa-youtube\\\/\",\"name\":\"KD V\u00e4sby p\u00e5 Youtube - Kristdemokraterna | Upplands V\u00e4sby\",\"isPartOf\":{\"@id\":\"https:\\\/\\\/wp.kristdemokraterna.se\\\/upplandsvasby\\\/#website\"},\"datePublished\":\"2022-08-04T15:27:19+00:00\",\"dateModified\":\"2022-08-04T15:42:11+00:00\",\"breadcrumb\":{\"@id\":\"https:\\\/\\\/wp.kristdemokraterna.se\\\/upplandsvasby\\\/i-var-kommun\\\/kd-vasby-pa-youtube\\\/#breadcrumb\"},\"inLanguage\":\"sv-SE\",\"potentialAction\":[{\"@type\":\"ReadAction\",\"target\":[\"https:\\\/\\\/wp.kristdemokraterna.se\\\/upplandsvasby\\\/i-var-kommun\\\/kd-vasby-pa-youtube\\\/\"]}]},{\"@type\":\"BreadcrumbList\",\"@id\":\"https:\\\/\\\/wp.kristdemokraterna.se\\\/upplandsvasby\\\/i-var-kommun\\\/kd-vasby-pa-youtube\\\/#breadcrumb\",\"itemListElement\":[{\"@type\":\"ListItem\",\"position\":1,\"name\":\"Hem\",\"item\":\"https:\\\/\\\/wp.kristdemokraterna.se\\\/upplandsvasby\\\/\"},{\"@type\":\"ListItem\",\"position\":2,\"name\":\"V\u00e5r politik f\u00f6r V\u00e4sby\",\"item\":\"https:\\\/\\\/wp.kristdemokraterna.se\\\/upplandsvasby\\\/i-var-kommun\\\/\"},{\"@type\":\"ListItem\",\"position\":3,\"name\":\"KD V\u00e4sby p\u00e5 Youtube\"}]},{\"@type\":\"WebSite\",\"@id\":\"https:\\\/\\\/wp.kristdemokraterna.se\\\/upplandsvasby\\\/#website\",\"url\":\"https:\\\/\\\/wp.kristdemokraterna.se\\\/upplandsvasby\\\/\",\"name\":\"Kristdemokraterna | Upplands V\u00e4sby\",\"description\":\"\u00c4nnu en webbplats hos Kristdemokraterna\",\"inLanguage\":\"sv-SE\"}]}<\/script>\n<!-- \/ Yoast SEO plugin. -->","yoast_head_json":{"title":"KD V\u00e4sby p\u00e5 Youtube - Kristdemokraterna | Upplands V\u00e4sby","robots":{"index":"index","follow":"follow","max-snippet":"max-snippet:-1","max-image-preview":"max-image-preview:large","max-video-preview":"max-video-preview:-1"},"canonical":"https:\/\/wp.kristdemokraterna.se\/upplandsvasby\/i-var-kommun\/kd-vasby-pa-youtube\/","og_locale":"sv_SE","og_type":"article","og_title":"KD V\u00e4sby p\u00e5 Youtube - Kristdemokraterna | Upplands V\u00e4sby","og_description":"H\u00e4r hittar du l\u00e4nken till v\u00e5r Youtube-kanal. F\u00f6lj med p\u00e5 en resa genom V\u00e4sby och lyssna till v\u00e5rt kommunalr\u00e5d Maria F\u00e4lth som ber\u00e4ttar om hur vi vill utveckla v\u00e5r kommun och hur vi g\u00f6r skillnad. Resan best\u00e5r av 12 h\u00e5llplatser som tydligg\u00f6r v\u00e5rt valprogram. H\u00e4ng p\u00e5! \u00a0#mariaf\u00e4lth #KDV\u00e4sby Kanske s\u00f6ker du efter ett specifikt politikomr\u00e5de L\u00e4s mer","og_url":"https:\/\/wp.kristdemokraterna.se\/upplandsvasby\/i-var-kommun\/kd-vasby-pa-youtube\/","og_site_name":"Kristdemokraterna | Upplands V\u00e4sby","article_modified_time":"2022-08-04T15:42:11+00:00","twitter_card":"summary_large_image","twitter_misc":{"Ber\u00e4knad l\u00e4stid":"1 minut"},"schema":{"@context":"https:\/\/schema.org","@graph":[{"@type":"WebPage","@id":"https:\/\/wp.kristdemokraterna.se\/upplandsvasby\/i-var-kommun\/kd-vasby-pa-youtube\/","url":"https:\/\/wp.kristdemokraterna.se\/upplandsvasby\/i-var-kommun\/kd-vasby-pa-youtube\/","name":"KD V\u00e4sby p\u00e5 Youtube - Kristdemokraterna | Upplands V\u00e4sby","isPartOf":{"@id":"https:\/\/wp.kristdemokraterna.se\/upplandsvasby\/#website"},"datePublished":"2022-08-04T15:27:19+00:00","dateModified":"2022-08-04T15:42:11+00:00","breadcrumb":{"@id":"https:\/\/wp.kristdemokraterna.se\/upplandsvasby\/i-var-kommun\/kd-vasby-pa-youtube\/#breadcrumb"},"inLanguage":"sv-SE","potentialAction":[{"@type":"ReadAction","target":["https:\/\/wp.kristdemokraterna.se\/upplandsvasby\/i-var-kommun\/kd-vasby-pa-youtube\/"]}]},{"@type":"BreadcrumbList","@id":"https:\/\/wp.kristdemokraterna.se\/upplandsvasby\/i-var-kommun\/kd-vasby-pa-youtube\/#breadcrumb","itemListElement":[{"@type":"ListItem","position":1,"name":"Hem","item":"https:\/\/wp.kristdemokraterna.se\/upplandsvasby\/"},{"@type":"ListItem","position":2,"name":"V\u00e5r politik f\u00f6r V\u00e4sby","item":"https:\/\/wp.kristdemokraterna.se\/upplandsvasby\/i-var-kommun\/"},{"@type":"ListItem","position":3,"name":"KD V\u00e4sby p\u00e5 Youtube"}]},{"@type":"WebSite","@id":"https:\/\/wp.kristdemokraterna.se\/upplandsvasby\/#website","url":"https:\/\/wp.kristdemokraterna.se\/upplandsvasby\/","name":"Kristdemokraterna | Upplands V\u00e4sby","description":"\u00c4nnu en webbplats hos Kristdemokraterna","inLanguage":"sv-SE"}]}},"_links":{"self":[{"href":"https:\/\/wp.kristdemokraterna.se\/upplandsvasby\/wp-json\/wp\/v2\/pages\/830","targetHints":{"allow":["GET"]}}],"collection":[{"href":"https:\/\/wp.kristdemokraterna.se\/upplandsvasby\/wp-json\/wp\/v2\/pages"}],"about":[{"href":"https:\/\/wp.kristdemokraterna.se\/upplandsvasby\/wp-json\/wp\/v2\/types\/page"}],"author":[{"embeddable":true,"href":"https:\/\/wp.kristdemokraterna.se\/upplandsvasby\/wp-json\/wp\/v2\/users\/13"}],"replies":[{"embeddable":true,"href":"https:\/\/wp.kristdemokraterna.se\/upplandsvasby\/wp-json\/wp\/v2\/comments?post=830"}],"version-history":[{"count":4,"href":"https:\/\/wp.kristdemokraterna.se\/upplandsvasby\/wp-json\/wp\/v2\/pages\/830\/revisions"}],"predecessor-version":[{"id":834,"href":"https:\/\/wp.kristdemokraterna.se\/upplandsvasby\/wp-json\/wp\/v2\/pages\/830\/revisions\/834"}],"up":[{"embeddable":true,"href":"https:\/\/wp.kristdemokraterna.se\/upplandsvasby\/wp-json\/wp\/v2\/pages\/342"}],"wp:attachment":[{"href":"https:\/\/wp.kristdemokraterna.se\/upplandsvasby\/wp-json\/wp\/v2\/media?parent=830"}],"curies":[{"name":"wp","href":"https:\/\/api.w.org\/{rel}","templated":true}]}}