{"version":"1.0","provider_name":"Kristdemokraterna | Uppsala","provider_url":"https:\/\/wp.kristdemokraterna.se\/uppsala","title":"Debattartikel i Dagen om politisk kristofobi | Kristdemokraterna | Uppsala","type":"rich","width":600,"height":338,"html":"<blockquote class=\"wp-embedded-content\" data-secret=\"HHsP8eMlY0\"><a href=\"https:\/\/wp.kristdemokraterna.se\/uppsala\/debattartikel-i-dagen-om-politisk-kristofobi-i-goteborg\/\">Debattartikel i Dagen om politisk kristofobi<\/a><\/blockquote><iframe sandbox=\"allow-scripts\" security=\"restricted\" src=\"https:\/\/wp.kristdemokraterna.se\/uppsala\/debattartikel-i-dagen-om-politisk-kristofobi-i-goteborg\/embed\/#?secret=HHsP8eMlY0\" width=\"600\" height=\"338\" title=\"\u201dDebattartikel i Dagen om politisk kristofobi\u201d &ndash; Kristdemokraterna | Uppsala\" data-secret=\"HHsP8eMlY0\" frameborder=\"0\" marginwidth=\"0\" marginheight=\"0\" scrolling=\"no\" class=\"wp-embedded-content\"><\/iframe><script type=\"text\/javascript\">\n\/* <![CDATA[ *\/\n\/*! This file is auto-generated *\/\n!function(d,l){\"use strict\";l.querySelector&&d.addEventListener&&\"undefined\"!=typeof URL&&(d.wp=d.wp||{},d.wp.receiveEmbedMessage||(d.wp.receiveEmbedMessage=function(e){var t=e.data;if((t||t.secret||t.message||t.value)&&!\/[^a-zA-Z0-9]\/.test(t.secret)){for(var s,r,n,a=l.querySelectorAll('iframe[data-secret=\"'+t.secret+'\"]'),o=l.querySelectorAll('blockquote[data-secret=\"'+t.secret+'\"]'),c=new RegExp(\"^https?:$\",\"i\"),i=0;i<o.length;i++)o[i].style.display=\"none\";for(i=0;i<a.length;i++)s=a[i],e.source===s.contentWindow&&(s.removeAttribute(\"style\"),\"height\"===t.message?(1e3<(r=parseInt(t.value,10))?r=1e3:~~r<200&&(r=200),s.height=r):\"link\"===t.message&&(r=new URL(s.getAttribute(\"src\")),n=new URL(t.value),c.test(n.protocol))&&n.host===r.host&&l.activeElement===s&&(d.top.location.href=t.value))}},d.addEventListener(\"message\",d.wp.receiveEmbedMessage,!1),l.addEventListener(\"DOMContentLoaded\",function(){for(var e,t,s=l.querySelectorAll(\"iframe.wp-embedded-content\"),r=0;r<s.length;r++)(t=(e=s[r]).getAttribute(\"data-secret\"))||(t=Math.random().toString(36).substring(2,12),e.src+=\"#?secret=\"+t,e.setAttribute(\"data-secret\",t)),e.contentWindow.postMessage({message:\"ready\",secret:t},\"*\")},!1)))}(window,document);\n\/\/# sourceURL=https:\/\/wp.kristdemokraterna.se\/uppsala\/wp-includes\/js\/wp-embed.min.js\n\/* ]]> *\/\n<\/script>\n","description":"Denna debattartikel, undertecknad Frida Bj\u00f6rk, publicerades p\u00e5 Dagen.se den 29 december 2023. I en global kontext d\u00e4r kristna \u00e4r den mest f\u00f6rf\u00f6ljda religi\u00f6sa gruppen i v\u00e4rlden \u00e4r G\u00f6teborgs v\u00e4nsterstyres kristofobi fruktansv\u00e4rt osmaklig. F\u00f6r n\u00e5gra \u00e5r sedan drog de in bidraget till scouterna (!) p\u00e5 grund av religi\u00f6s koppling (det \u00e4r nu hanterat) och nu nekar Read More","thumbnail_url":"https:\/\/wp.kristdemokraterna.se\/uppsala\/files\/2021\/12\/kom1.png","thumbnail_width":770,"thumbnail_height":404}

Denna debattartikel, undertecknad Frida Björk, publicerades på Dagen.se den 29 december 2023. I en global kontext där kristna är den mest förföljda religiösa gruppen i världen är Göteborgs vänsterstyres kristofobi fruktansvärt osmaklig. För några år sedan drog de in bidraget till scouterna (!) på grund av religiös koppling (det är nu hanterat) och nu nekar Read More
