{"version":"1.0","provider_name":"Kristdemokraterna | Uppsala","provider_url":"https:\/\/wp.kristdemokraterna.se\/uppsala","title":"Kristdemokraterna i Uppsala Kommun | Kristdemokraterna | Uppsala","type":"rich","width":600,"height":338,"html":"<blockquote class=\"wp-embedded-content\" data-secret=\"JmBzeWVnJJ\"><a href=\"https:\/\/wp.kristdemokraterna.se\/uppsala\/kd-i-uppsala-kommun\/\">Kristdemokraterna i Uppsala Kommun<\/a><\/blockquote><iframe sandbox=\"allow-scripts\" security=\"restricted\" src=\"https:\/\/wp.kristdemokraterna.se\/uppsala\/kd-i-uppsala-kommun\/embed\/#?secret=JmBzeWVnJJ\" width=\"600\" height=\"338\" title=\"\u201dKristdemokraterna i Uppsala Kommun\u201d &ndash; Kristdemokraterna | Uppsala\" data-secret=\"JmBzeWVnJJ\" frameborder=\"0\" marginwidth=\"0\" marginheight=\"0\" scrolling=\"no\" class=\"wp-embedded-content\"><\/iframe><script type=\"text\/javascript\">\n\/* <![CDATA[ *\/\n\/*! This file is auto-generated *\/\n!function(d,l){\"use strict\";l.querySelector&&d.addEventListener&&\"undefined\"!=typeof URL&&(d.wp=d.wp||{},d.wp.receiveEmbedMessage||(d.wp.receiveEmbedMessage=function(e){var t=e.data;if((t||t.secret||t.message||t.value)&&!\/[^a-zA-Z0-9]\/.test(t.secret)){for(var s,r,n,a=l.querySelectorAll('iframe[data-secret=\"'+t.secret+'\"]'),o=l.querySelectorAll('blockquote[data-secret=\"'+t.secret+'\"]'),c=new RegExp(\"^https?:$\",\"i\"),i=0;i<o.length;i++)o[i].style.display=\"none\";for(i=0;i<a.length;i++)s=a[i],e.source===s.contentWindow&&(s.removeAttribute(\"style\"),\"height\"===t.message?(1e3<(r=parseInt(t.value,10))?r=1e3:~~r<200&&(r=200),s.height=r):\"link\"===t.message&&(r=new URL(s.getAttribute(\"src\")),n=new URL(t.value),c.test(n.protocol))&&n.host===r.host&&l.activeElement===s&&(d.top.location.href=t.value))}},d.addEventListener(\"message\",d.wp.receiveEmbedMessage,!1),l.addEventListener(\"DOMContentLoaded\",function(){for(var e,t,s=l.querySelectorAll(\"iframe.wp-embedded-content\"),r=0;r<s.length;r++)(t=(e=s[r]).getAttribute(\"data-secret\"))||(t=Math.random().toString(36).substring(2,12),e.src+=\"#?secret=\"+t,e.setAttribute(\"data-secret\",t)),e.contentWindow.postMessage({message:\"ready\",secret:t},\"*\")},!1)))}(window,document);\n\/\/# sourceURL=https:\/\/wp.kristdemokraterna.se\/uppsala\/wp-includes\/js\/wp-embed.min.js\n\/* ]]> *\/\n<\/script>\n","description":"Kristdemokraterna vill ha ett Uppsala som k\u00e4nnetecknas av trygghet, personlig frihet och socialt ansvar. V\u00e5ra h\u00f6gst prioriterade fr\u00e5gor \u00e4r de om en fungerande integration, ett tryggare Uppsala och en b\u00e4ttre \u00e4ldreomsorg d\u00e4r de \u00e4ldre behandlas med v\u00e4rdighet. Ut\u00f6ver detta vill vi \u00e4ven se s\u00e4nkt skatt f\u00f6r alla uppsalabor och en f\u00f6rsiktig utbyggnad av stadsk\u00e4rnan. Kommunalr\u00e5d Read More","thumbnail_url":"https:\/\/wp.kristdemokraterna.se\/uppsala\/files\/2021\/12\/kom1.png","thumbnail_width":770,"thumbnail_height":404}

Kristdemokraterna vill ha ett Uppsala som kännetecknas av trygghet, personlig frihet och socialt ansvar. Våra högst prioriterade frågor är de om en fungerande integration, ett tryggare Uppsala och en bättre äldreomsorg där de äldre behandlas med värdighet. Utöver detta vill vi även se sänkt skatt för alla uppsalabor och en försiktig utbyggnad av stadskärnan. Kommunalråd Read More
