{"version":"1.0","provider_name":"Kristdemokraterna | Uppsala","provider_url":"https:\/\/wp.kristdemokraterna.se\/uppsala","title":"Segersam (KD): Skulle blivit informerade om friskola | Kristdemokraterna | Uppsala","type":"rich","width":600,"height":338,"html":"<blockquote class=\"wp-embedded-content\" data-secret=\"GXB1wQM6U9\"><a href=\"https:\/\/wp.kristdemokraterna.se\/uppsala\/segersam-kd-skulle-blivit-informerade-om-friskola\/\">Segersam (KD): Skulle blivit informerade om friskola<\/a><\/blockquote><iframe sandbox=\"allow-scripts\" security=\"restricted\" src=\"https:\/\/wp.kristdemokraterna.se\/uppsala\/segersam-kd-skulle-blivit-informerade-om-friskola\/embed\/#?secret=GXB1wQM6U9\" width=\"600\" height=\"338\" title=\"\u201dSegersam (KD): Skulle blivit informerade om friskola\u201d &ndash; Kristdemokraterna | Uppsala\" data-secret=\"GXB1wQM6U9\" frameborder=\"0\" marginwidth=\"0\" marginheight=\"0\" scrolling=\"no\" class=\"wp-embedded-content\"><\/iframe><script type=\"text\/javascript\">\n\/* <![CDATA[ *\/\n\/*! This file is auto-generated *\/\n!function(d,l){\"use strict\";l.querySelector&&d.addEventListener&&\"undefined\"!=typeof URL&&(d.wp=d.wp||{},d.wp.receiveEmbedMessage||(d.wp.receiveEmbedMessage=function(e){var t=e.data;if((t||t.secret||t.message||t.value)&&!\/[^a-zA-Z0-9]\/.test(t.secret)){for(var s,r,n,a=l.querySelectorAll('iframe[data-secret=\"'+t.secret+'\"]'),o=l.querySelectorAll('blockquote[data-secret=\"'+t.secret+'\"]'),c=new RegExp(\"^https?:$\",\"i\"),i=0;i<o.length;i++)o[i].style.display=\"none\";for(i=0;i<a.length;i++)s=a[i],e.source===s.contentWindow&&(s.removeAttribute(\"style\"),\"height\"===t.message?(1e3<(r=parseInt(t.value,10))?r=1e3:~~r<200&&(r=200),s.height=r):\"link\"===t.message&&(r=new URL(s.getAttribute(\"src\")),n=new URL(t.value),c.test(n.protocol))&&n.host===r.host&&l.activeElement===s&&(d.top.location.href=t.value))}},d.addEventListener(\"message\",d.wp.receiveEmbedMessage,!1),l.addEventListener(\"DOMContentLoaded\",function(){for(var e,t,s=l.querySelectorAll(\"iframe.wp-embedded-content\"),r=0;r<s.length;r++)(t=(e=s[r]).getAttribute(\"data-secret\"))||(t=Math.random().toString(36).substring(2,12),e.src+=\"#?secret=\"+t,e.setAttribute(\"data-secret\",t)),e.contentWindow.postMessage({message:\"ready\",secret:t},\"*\")},!1)))}(window,document);\n\/\/# sourceURL=https:\/\/wp.kristdemokraterna.se\/uppsala\/wp-includes\/js\/wp-embed.min.js\n\/* ]]> *\/\n<\/script>\n","thumbnail_url":"http:\/\/wp.kristdemokraterna.se\/uppsala\/files\/2015\/10\/business-861323_640.jpg","thumbnail_width":640,"thumbnail_height":480,"description":"Idag fattar Kommunstyrelsen beslut om en\u00a0lokalf\u00f6rs\u00f6rjningsplan d\u00e4r \u00c5kerl\u00e4nna ing\u00e5r som en mindre del. Utbildningsn\u00e4mnden\u00a0har som bekant redan behandlat fr\u00e5gan och landat i ett beslut som inneb\u00e4r att skolan l\u00e4ggs ned, men det slutliga beslutet ska tas av Kommunstyrelsen. Processen som f\u00f6ranlett beslutet har varit kort och saknat tillr\u00e4cklig dialog med ber\u00f6rda familjer.\u00a0 \u2013\u00a0N\u00e4r politiken fattar Read More"}

Idag fattar Kommunstyrelsen beslut om en lokalförsörjningsplan där Åkerlänna ingår som en mindre del. Utbildningsnämnden har som bekant redan behandlat frågan och landat i ett beslut som innebär att skolan läggs ned, men det slutliga beslutet ska tas av Kommunstyrelsen. Processen som föranlett beslutet har varit kort och saknat tillräcklig dialog med berörda familjer.  – När politiken fattar Read More
