{"id":34,"date":"2013-02-04T21:48:50","date_gmt":"2013-02-04T20:48:50","guid":{"rendered":"http:\/\/wp.kristdemokraterna.se\/vargarda\/?page_id=34"},"modified":"2022-08-08T13:07:29","modified_gmt":"2022-08-08T11:07:29","slug":"var-politik","status":"publish","type":"page","link":"https:\/\/wp.kristdemokraterna.se\/vargarda\/var-politik\/","title":{"rendered":"V\u00e5r politik"},"content":{"rendered":"<div align=\"left\">\n<h2>Ekonomiskt ansvar<\/h2>\n<p>Vi vill prioritera kommunens k\u00e4rnverksamheter f\u00f6r en \u00f6kad v\u00e4lf\u00e4rd samt minskad social och ekonomisk utsatthet.<\/p>\n<h2>En fullskalig familjecentral<\/h2>\n<p>Vi kommer forts\u00e4tta arbeta f\u00f6r att f\u00e5 en fullskalig familjecentral.<\/p>\n<h2>Valfrihet inom barnomsorgen<\/h2>\n<p>Vi vill att du som f\u00f6r\u00e4lder ska kunna v\u00e4lja form av barnomsorg. Det ska erbjudas olika typer av barnomsorg, som kommunal\/privat f\u00f6rskola och pedagogisk omsorg.<\/p>\n<h2>F\u00f6rb\u00e4ttra resultaten i skolan<\/h2>\n<p>Vi vill ge skolan de resurser som kr\u00e4vs och s\u00e4tta tydliga m\u00e5l. Genom att fokusera p\u00e5 trygghet, kunskap och arbetsro vill vi ge f\u00f6ruts\u00e4ttningar f\u00f6r elever, l\u00e4rare och skolledare att n\u00e5 m\u00e5len.<\/p>\n<h2>Tryggt boende f\u00f6r de \u00e4ldsta<\/h2>\n<p>Vi vill att alla \u00f6ver 85 \u00e5r ska ha r\u00e4tt till en plats p\u00e5 \u00e4ldreboende utan att det ska beh\u00f6va pr\u00f6vas. Vi vill \u00e4ven ha fortsatt valfrihet av utf\u00f6rare inom hemtj\u00e4nsten.<\/p>\n<h2>Meningsfull fritid \u00e5t v\u00e5ra ungdomar<\/h2>\n<p>Vi vill stimulera samverkan mellan kommunal verksamhet och ideella f\u00f6reningar.<\/p>\n<h2>Rikt f\u00f6reningsliv<\/h2>\n<p>Vi vill uppmuntra och skapa goda f\u00f6ruts\u00e4ttningar f\u00f6r ett rikt f\u00f6reningsliv &#8211; hela livet.<\/p>\n<h2>\u00d6kad byggnation<\/h2>\n<p>Vi vill s\u00e4kerst\u00e4lla att det alltid finns byggklara tomter.<\/p>\n<h2>Skapa goda f\u00f6ruts\u00e4ttningar f\u00f6r hela kommunen<\/h2>\n<p>Vi vill att du, oavsett var du bor, har god tillg\u00e5ng till kommunens service.<\/p>\n<h2>\u00d6kad trygghet i hela kommunen<\/h2>\n<p>Vi vill f\u00f6rebygga brott genom samverkan med familjer och \u00e5tg\u00e4rda otrygga milj\u00f6er.<\/p>\n<h2>Konkurrenskraftigt N\u00e4ringsliv<\/h2>\n<p>Vi vill skapa goda f\u00f6ruts\u00e4ttningar f\u00f6r nyetablering och utveckling av befintliga f\u00f6retag. St\u00e4rka samarbetet mellan skola och n\u00e4ringsliv.<\/p>\n<h2>V\u00e4rna \u00e5kermark<\/h2>\n<p>Vi vill att nybyggnationer p\u00e5 \u00e5kermark ska undvikas.<\/p>\n<h2>H\u00e5llbar Milj\u00f6<\/h2>\n<p>Vi vill uppmuntra l\u00e5ngsiktiga energisatsningar t ex solenergi p\u00e5 kommunala byggnader.<\/p>\n<\/div>\n","protected":false},"excerpt":{"rendered":"<p>Ekonomiskt ansvar Vi vill prioritera kommunens k\u00e4rnverksamheter f\u00f6r en \u00f6kad v\u00e4lf\u00e4rd samt minskad social och ekonomisk utsatthet. En fullskalig familjecentral Vi kommer forts\u00e4tta arbeta f\u00f6r att f\u00e5 en fullskalig familjecentral. Valfrihet inom barnomsorgen Vi vill att du som f\u00f6r\u00e4lder ska kunna v\u00e4lja form av barnomsorg. Det ska erbjudas olika typer av barnomsorg, som kommunal\/privat f\u00f6rskola <a class=\"read-more-link\" href=\"https:\/\/wp.kristdemokraterna.se\/vargarda\/var-politik\/\">Read More<\/a><\/p>\n","protected":false},"author":435,"featured_media":0,"parent":0,"menu_order":0,"comment_status":"closed","ping_status":"closed","template":"","meta":{"_acf_changed":false,"footnotes":""},"class_list":["post-34","page","type-page","status-publish","hentry"],"acf":[],"yoast_head":"<!-- This site is optimized with the Yoast SEO plugin v27.3 - https:\/\/yoast.com\/product\/yoast-seo-wordpress\/ -->\n<title>V\u00e5r politik - V\u00e5rg\u00e5rda<\/title>\n<meta name=\"robots\" content=\"index, follow, max-snippet:-1, max-image-preview:large, max-video-preview:-1\" \/>\n<link rel=\"canonical\" href=\"https:\/\/wp.kristdemokraterna.se\/vargarda\/var-politik\/\" \/>\n<meta property=\"og:locale\" content=\"sv_SE\" \/>\n<meta property=\"og:type\" content=\"article\" \/>\n<meta property=\"og:title\" content=\"V\u00e5r politik - V\u00e5rg\u00e5rda\" \/>\n<meta property=\"og:description\" content=\"Ekonomiskt ansvar Vi vill prioritera kommunens k\u00e4rnverksamheter f\u00f6r en \u00f6kad v\u00e4lf\u00e4rd samt minskad social och ekonomisk utsatthet. En fullskalig familjecentral Vi kommer forts\u00e4tta arbeta f\u00f6r att f\u00e5 en fullskalig familjecentral. Valfrihet inom barnomsorgen Vi vill att du som f\u00f6r\u00e4lder ska kunna v\u00e4lja form av barnomsorg. Det ska erbjudas olika typer av barnomsorg, som kommunal\/privat f\u00f6rskola Read More\" \/>\n<meta property=\"og:url\" content=\"https:\/\/wp.kristdemokraterna.se\/vargarda\/var-politik\/\" \/>\n<meta property=\"og:site_name\" content=\"V\u00e5rg\u00e5rda\" \/>\n<meta property=\"article:modified_time\" content=\"2022-08-08T11:07:29+00:00\" \/>\n<meta name=\"twitter:card\" content=\"summary_large_image\" \/>\n<meta name=\"twitter:label1\" content=\"Ber\u00e4knad l\u00e4stid\" \/>\n\t<meta name=\"twitter:data1\" content=\"2 minuter\" \/>\n<script type=\"application\/ld+json\" class=\"yoast-schema-graph\">{\"@context\":\"https:\\\/\\\/schema.org\",\"@graph\":[{\"@type\":\"WebPage\",\"@id\":\"https:\\\/\\\/wp.kristdemokraterna.se\\\/vargarda\\\/var-politik\\\/\",\"url\":\"https:\\\/\\\/wp.kristdemokraterna.se\\\/vargarda\\\/var-politik\\\/\",\"name\":\"V\u00e5r politik - V\u00e5rg\u00e5rda\",\"isPartOf\":{\"@id\":\"https:\\\/\\\/wp.kristdemokraterna.se\\\/vargarda\\\/#website\"},\"datePublished\":\"2013-02-04T20:48:50+00:00\",\"dateModified\":\"2022-08-08T11:07:29+00:00\",\"breadcrumb\":{\"@id\":\"https:\\\/\\\/wp.kristdemokraterna.se\\\/vargarda\\\/var-politik\\\/#breadcrumb\"},\"inLanguage\":\"sv-SE\",\"potentialAction\":[{\"@type\":\"ReadAction\",\"target\":[\"https:\\\/\\\/wp.kristdemokraterna.se\\\/vargarda\\\/var-politik\\\/\"]}]},{\"@type\":\"BreadcrumbList\",\"@id\":\"https:\\\/\\\/wp.kristdemokraterna.se\\\/vargarda\\\/var-politik\\\/#breadcrumb\",\"itemListElement\":[{\"@type\":\"ListItem\",\"position\":1,\"name\":\"Hem\",\"item\":\"https:\\\/\\\/wp.kristdemokraterna.se\\\/vargarda\\\/\"},{\"@type\":\"ListItem\",\"position\":2,\"name\":\"V\u00e5r politik\"}]},{\"@type\":\"WebSite\",\"@id\":\"https:\\\/\\\/wp.kristdemokraterna.se\\\/vargarda\\\/#website\",\"url\":\"https:\\\/\\\/wp.kristdemokraterna.se\\\/vargarda\\\/\",\"name\":\"V\u00e5rg\u00e5rda\",\"description\":\"Hur f\u00e5r du ihop det? Det ska vara l\u00e4ttare att f\u00e5 ihop familjeliv och arbetsliv!\",\"inLanguage\":\"sv-SE\"}]}<\/script>\n<!-- \/ Yoast SEO plugin. -->","yoast_head_json":{"title":"V\u00e5r politik - V\u00e5rg\u00e5rda","robots":{"index":"index","follow":"follow","max-snippet":"max-snippet:-1","max-image-preview":"max-image-preview:large","max-video-preview":"max-video-preview:-1"},"canonical":"https:\/\/wp.kristdemokraterna.se\/vargarda\/var-politik\/","og_locale":"sv_SE","og_type":"article","og_title":"V\u00e5r politik - V\u00e5rg\u00e5rda","og_description":"Ekonomiskt ansvar Vi vill prioritera kommunens k\u00e4rnverksamheter f\u00f6r en \u00f6kad v\u00e4lf\u00e4rd samt minskad social och ekonomisk utsatthet. En fullskalig familjecentral Vi kommer forts\u00e4tta arbeta f\u00f6r att f\u00e5 en fullskalig familjecentral. Valfrihet inom barnomsorgen Vi vill att du som f\u00f6r\u00e4lder ska kunna v\u00e4lja form av barnomsorg. Det ska erbjudas olika typer av barnomsorg, som kommunal\/privat f\u00f6rskola Read More","og_url":"https:\/\/wp.kristdemokraterna.se\/vargarda\/var-politik\/","og_site_name":"V\u00e5rg\u00e5rda","article_modified_time":"2022-08-08T11:07:29+00:00","twitter_card":"summary_large_image","twitter_misc":{"Ber\u00e4knad l\u00e4stid":"2 minuter"},"schema":{"@context":"https:\/\/schema.org","@graph":[{"@type":"WebPage","@id":"https:\/\/wp.kristdemokraterna.se\/vargarda\/var-politik\/","url":"https:\/\/wp.kristdemokraterna.se\/vargarda\/var-politik\/","name":"V\u00e5r politik - V\u00e5rg\u00e5rda","isPartOf":{"@id":"https:\/\/wp.kristdemokraterna.se\/vargarda\/#website"},"datePublished":"2013-02-04T20:48:50+00:00","dateModified":"2022-08-08T11:07:29+00:00","breadcrumb":{"@id":"https:\/\/wp.kristdemokraterna.se\/vargarda\/var-politik\/#breadcrumb"},"inLanguage":"sv-SE","potentialAction":[{"@type":"ReadAction","target":["https:\/\/wp.kristdemokraterna.se\/vargarda\/var-politik\/"]}]},{"@type":"BreadcrumbList","@id":"https:\/\/wp.kristdemokraterna.se\/vargarda\/var-politik\/#breadcrumb","itemListElement":[{"@type":"ListItem","position":1,"name":"Hem","item":"https:\/\/wp.kristdemokraterna.se\/vargarda\/"},{"@type":"ListItem","position":2,"name":"V\u00e5r politik"}]},{"@type":"WebSite","@id":"https:\/\/wp.kristdemokraterna.se\/vargarda\/#website","url":"https:\/\/wp.kristdemokraterna.se\/vargarda\/","name":"V\u00e5rg\u00e5rda","description":"Hur f\u00e5r du ihop det? Det ska vara l\u00e4ttare att f\u00e5 ihop familjeliv och arbetsliv!","inLanguage":"sv-SE"}]}},"_links":{"self":[{"href":"https:\/\/wp.kristdemokraterna.se\/vargarda\/wp-json\/wp\/v2\/pages\/34","targetHints":{"allow":["GET"]}}],"collection":[{"href":"https:\/\/wp.kristdemokraterna.se\/vargarda\/wp-json\/wp\/v2\/pages"}],"about":[{"href":"https:\/\/wp.kristdemokraterna.se\/vargarda\/wp-json\/wp\/v2\/types\/page"}],"author":[{"embeddable":true,"href":"https:\/\/wp.kristdemokraterna.se\/vargarda\/wp-json\/wp\/v2\/users\/435"}],"replies":[{"embeddable":true,"href":"https:\/\/wp.kristdemokraterna.se\/vargarda\/wp-json\/wp\/v2\/comments?post=34"}],"version-history":[{"count":13,"href":"https:\/\/wp.kristdemokraterna.se\/vargarda\/wp-json\/wp\/v2\/pages\/34\/revisions"}],"predecessor-version":[{"id":661,"href":"https:\/\/wp.kristdemokraterna.se\/vargarda\/wp-json\/wp\/v2\/pages\/34\/revisions\/661"}],"wp:attachment":[{"href":"https:\/\/wp.kristdemokraterna.se\/vargarda\/wp-json\/wp\/v2\/media?parent=34"}],"curies":[{"name":"wp","href":"https:\/\/api.w.org\/{rel}","templated":true}]}}