{"id":509,"date":"2018-03-26T08:13:27","date_gmt":"2018-03-26T06:13:27","guid":{"rendered":"http:\/\/wp.kristdemokraterna.se\/vargarda\/?page_id=509"},"modified":"2026-02-19T14:13:42","modified_gmt":"2026-02-19T13:13:42","slug":"vad-vi-vill-i-vargarda","status":"publish","type":"page","link":"https:\/\/wp.kristdemokraterna.se\/vargarda\/vad-vi-vill-i-vargarda\/","title":{"rendered":"Kommunlista valet 2026"},"content":{"rendered":"<ol>\n<li>Susanna Tingbratt<\/li>\n<li>\u00a0Arne Olsson<\/li>\n<li>Daniel Dal\u00e9n<\/li>\n<li>Anders Fritzon<\/li>\n<li>Carolina Mildgrim<\/li>\n<li>Torbj\u00f6rn Nyholm<\/li>\n<li>H\u00e5kan J Sill\u00e9n<\/li>\n<li>Rebecca Karlsson<\/li>\n<li>Andreas H\u00e4ll<\/li>\n<li>Kristian Olsson<\/li>\n<li>Inga-Lena Tellstr\u00f6m<\/li>\n<li>Bertil Eliasson<\/li>\n<li>Agneta Janson<\/li>\n<li>Ruben Gat\u00e5s<\/li>\n<li>Signe Fritzon<\/li>\n<li>Fredrik Wigell<\/li>\n<li>Jonathan Sandbakken<\/li>\n<li>Hugo Edelg\u00e5rd<\/li>\n<li>Adam Karlsson<\/li>\n<li>Annika Andersson<\/li>\n<li>John Olofsson<\/li>\n<li>Christer Andersson<\/li>\n<li>Tage Eriksson<\/li>\n<li>Birger Knutsson<\/li>\n<\/ol>\n","protected":false},"excerpt":{"rendered":"<p>Susanna Tingbratt \u00a0Arne Olsson Daniel Dal\u00e9n Anders Fritzon Carolina Mildgrim Torbj\u00f6rn Nyholm H\u00e5kan J Sill\u00e9n Rebecca Karlsson Andreas H\u00e4ll Kristian Olsson Inga-Lena Tellstr\u00f6m Bertil Eliasson Agneta Janson Ruben Gat\u00e5s Signe Fritzon Fredrik Wigell Jonathan Sandbakken Hugo Edelg\u00e5rd Adam Karlsson Annika Andersson John Olofsson Christer Andersson Tage Eriksson Birger Knutsson<\/p>\n","protected":false},"author":435,"featured_media":0,"parent":0,"menu_order":0,"comment_status":"closed","ping_status":"closed","template":"","meta":{"_acf_changed":false,"footnotes":""},"class_list":["post-509","page","type-page","status-publish","hentry"],"acf":[],"yoast_head":"<!-- This site is optimized with the Yoast SEO plugin v27.5 - https:\/\/yoast.com\/product\/yoast-seo-wordpress\/ -->\n<title>Kommunlista valet 2026 - V\u00e5rg\u00e5rda<\/title>\n<meta name=\"robots\" content=\"index, follow, max-snippet:-1, max-image-preview:large, max-video-preview:-1\" \/>\n<link rel=\"canonical\" href=\"https:\/\/wp.kristdemokraterna.se\/vargarda\/vad-vi-vill-i-vargarda\/\" \/>\n<meta property=\"og:locale\" content=\"sv_SE\" \/>\n<meta property=\"og:type\" content=\"article\" \/>\n<meta property=\"og:title\" content=\"Kommunlista valet 2026 - V\u00e5rg\u00e5rda\" \/>\n<meta property=\"og:description\" content=\"Susanna Tingbratt \u00a0Arne Olsson Daniel Dal\u00e9n Anders Fritzon Carolina Mildgrim Torbj\u00f6rn Nyholm H\u00e5kan J Sill\u00e9n Rebecca Karlsson Andreas H\u00e4ll Kristian Olsson Inga-Lena Tellstr\u00f6m Bertil Eliasson Agneta Janson Ruben Gat\u00e5s Signe Fritzon Fredrik Wigell Jonathan Sandbakken Hugo Edelg\u00e5rd Adam Karlsson Annika Andersson John Olofsson Christer Andersson Tage Eriksson Birger Knutsson\" \/>\n<meta property=\"og:url\" content=\"https:\/\/wp.kristdemokraterna.se\/vargarda\/vad-vi-vill-i-vargarda\/\" \/>\n<meta property=\"og:site_name\" content=\"V\u00e5rg\u00e5rda\" \/>\n<meta property=\"article:modified_time\" content=\"2026-02-19T13:13:42+00:00\" \/>\n<meta name=\"twitter:card\" content=\"summary_large_image\" \/>\n<meta name=\"twitter:label1\" content=\"Ber\u00e4knad l\u00e4stid\" \/>\n\t<meta name=\"twitter:data1\" content=\"1 minut\" \/>\n<script type=\"application\/ld+json\" class=\"yoast-schema-graph\">{\"@context\":\"https:\\\/\\\/schema.org\",\"@graph\":[{\"@type\":\"WebPage\",\"@id\":\"https:\\\/\\\/wp.kristdemokraterna.se\\\/vargarda\\\/vad-vi-vill-i-vargarda\\\/\",\"url\":\"https:\\\/\\\/wp.kristdemokraterna.se\\\/vargarda\\\/vad-vi-vill-i-vargarda\\\/\",\"name\":\"Kommunlista valet 2026 - V\u00e5rg\u00e5rda\",\"isPartOf\":{\"@id\":\"https:\\\/\\\/wp.kristdemokraterna.se\\\/vargarda\\\/#website\"},\"datePublished\":\"2018-03-26T06:13:27+00:00\",\"dateModified\":\"2026-02-19T13:13:42+00:00\",\"breadcrumb\":{\"@id\":\"https:\\\/\\\/wp.kristdemokraterna.se\\\/vargarda\\\/vad-vi-vill-i-vargarda\\\/#breadcrumb\"},\"inLanguage\":\"sv-SE\",\"potentialAction\":[{\"@type\":\"ReadAction\",\"target\":[\"https:\\\/\\\/wp.kristdemokraterna.se\\\/vargarda\\\/vad-vi-vill-i-vargarda\\\/\"]}]},{\"@type\":\"BreadcrumbList\",\"@id\":\"https:\\\/\\\/wp.kristdemokraterna.se\\\/vargarda\\\/vad-vi-vill-i-vargarda\\\/#breadcrumb\",\"itemListElement\":[{\"@type\":\"ListItem\",\"position\":1,\"name\":\"Hem\",\"item\":\"https:\\\/\\\/wp.kristdemokraterna.se\\\/vargarda\\\/\"},{\"@type\":\"ListItem\",\"position\":2,\"name\":\"Kommunlista valet 2026\"}]},{\"@type\":\"WebSite\",\"@id\":\"https:\\\/\\\/wp.kristdemokraterna.se\\\/vargarda\\\/#website\",\"url\":\"https:\\\/\\\/wp.kristdemokraterna.se\\\/vargarda\\\/\",\"name\":\"V\u00e5rg\u00e5rda\",\"description\":\"Hur f\u00e5r du ihop det? Det ska vara l\u00e4ttare att f\u00e5 ihop familjeliv och arbetsliv!\",\"inLanguage\":\"sv-SE\"}]}<\/script>\n<!-- \/ Yoast SEO plugin. -->","yoast_head_json":{"title":"Kommunlista valet 2026 - V\u00e5rg\u00e5rda","robots":{"index":"index","follow":"follow","max-snippet":"max-snippet:-1","max-image-preview":"max-image-preview:large","max-video-preview":"max-video-preview:-1"},"canonical":"https:\/\/wp.kristdemokraterna.se\/vargarda\/vad-vi-vill-i-vargarda\/","og_locale":"sv_SE","og_type":"article","og_title":"Kommunlista valet 2026 - V\u00e5rg\u00e5rda","og_description":"Susanna Tingbratt \u00a0Arne Olsson Daniel Dal\u00e9n Anders Fritzon Carolina Mildgrim Torbj\u00f6rn Nyholm H\u00e5kan J Sill\u00e9n Rebecca Karlsson Andreas H\u00e4ll Kristian Olsson Inga-Lena Tellstr\u00f6m Bertil Eliasson Agneta Janson Ruben Gat\u00e5s Signe Fritzon Fredrik Wigell Jonathan Sandbakken Hugo Edelg\u00e5rd Adam Karlsson Annika Andersson John Olofsson Christer Andersson Tage Eriksson Birger Knutsson","og_url":"https:\/\/wp.kristdemokraterna.se\/vargarda\/vad-vi-vill-i-vargarda\/","og_site_name":"V\u00e5rg\u00e5rda","article_modified_time":"2026-02-19T13:13:42+00:00","twitter_card":"summary_large_image","twitter_misc":{"Ber\u00e4knad l\u00e4stid":"1 minut"},"schema":{"@context":"https:\/\/schema.org","@graph":[{"@type":"WebPage","@id":"https:\/\/wp.kristdemokraterna.se\/vargarda\/vad-vi-vill-i-vargarda\/","url":"https:\/\/wp.kristdemokraterna.se\/vargarda\/vad-vi-vill-i-vargarda\/","name":"Kommunlista valet 2026 - V\u00e5rg\u00e5rda","isPartOf":{"@id":"https:\/\/wp.kristdemokraterna.se\/vargarda\/#website"},"datePublished":"2018-03-26T06:13:27+00:00","dateModified":"2026-02-19T13:13:42+00:00","breadcrumb":{"@id":"https:\/\/wp.kristdemokraterna.se\/vargarda\/vad-vi-vill-i-vargarda\/#breadcrumb"},"inLanguage":"sv-SE","potentialAction":[{"@type":"ReadAction","target":["https:\/\/wp.kristdemokraterna.se\/vargarda\/vad-vi-vill-i-vargarda\/"]}]},{"@type":"BreadcrumbList","@id":"https:\/\/wp.kristdemokraterna.se\/vargarda\/vad-vi-vill-i-vargarda\/#breadcrumb","itemListElement":[{"@type":"ListItem","position":1,"name":"Hem","item":"https:\/\/wp.kristdemokraterna.se\/vargarda\/"},{"@type":"ListItem","position":2,"name":"Kommunlista valet 2026"}]},{"@type":"WebSite","@id":"https:\/\/wp.kristdemokraterna.se\/vargarda\/#website","url":"https:\/\/wp.kristdemokraterna.se\/vargarda\/","name":"V\u00e5rg\u00e5rda","description":"Hur f\u00e5r du ihop det? Det ska vara l\u00e4ttare att f\u00e5 ihop familjeliv och arbetsliv!","inLanguage":"sv-SE"}]}},"_links":{"self":[{"href":"https:\/\/wp.kristdemokraterna.se\/vargarda\/wp-json\/wp\/v2\/pages\/509","targetHints":{"allow":["GET"]}}],"collection":[{"href":"https:\/\/wp.kristdemokraterna.se\/vargarda\/wp-json\/wp\/v2\/pages"}],"about":[{"href":"https:\/\/wp.kristdemokraterna.se\/vargarda\/wp-json\/wp\/v2\/types\/page"}],"author":[{"embeddable":true,"href":"https:\/\/wp.kristdemokraterna.se\/vargarda\/wp-json\/wp\/v2\/users\/435"}],"replies":[{"embeddable":true,"href":"https:\/\/wp.kristdemokraterna.se\/vargarda\/wp-json\/wp\/v2\/comments?post=509"}],"version-history":[{"count":15,"href":"https:\/\/wp.kristdemokraterna.se\/vargarda\/wp-json\/wp\/v2\/pages\/509\/revisions"}],"predecessor-version":[{"id":762,"href":"https:\/\/wp.kristdemokraterna.se\/vargarda\/wp-json\/wp\/v2\/pages\/509\/revisions\/762"}],"wp:attachment":[{"href":"https:\/\/wp.kristdemokraterna.se\/vargarda\/wp-json\/wp\/v2\/media?parent=509"}],"curies":[{"name":"wp","href":"https:\/\/api.w.org\/{rel}","templated":true}]}}