{"id":265,"date":"2017-11-29T16:47:40","date_gmt":"2017-11-29T15:47:40","guid":{"rendered":"http:\/\/wp.kristdemokraterna.se\/varmdo2\/?page_id=265"},"modified":"2026-03-18T12:43:52","modified_gmt":"2026-03-18T11:43:52","slug":"startsida","status":"publish","type":"page","link":"https:\/\/wp.kristdemokraterna.se\/varmdo\/","title":{"rendered":"Startsida"},"content":{"rendered":"<p>Den 13 september \u00e4r det val. Kristdemokraterna st\u00e5r redo f\u00f6r att forts\u00e4tta arbeta f\u00f6r att g\u00f6ra V\u00e4rmd\u00f6 till en \u00e4nnu b\u00e4ttre kommun att bo och leva i. Klicka p\u00e5 l\u00e4s mer f\u00f6r att ta del av vad vi vill g\u00f6ra n\u00e4sta mandatperiod!<\/p>\n","protected":false},"excerpt":{"rendered":"<p>Den 13 september \u00e4r det val. Kristdemokraterna st\u00e5r redo f\u00f6r att forts\u00e4tta arbeta f\u00f6r att g\u00f6ra V\u00e4rmd\u00f6 till en \u00e4nnu b\u00e4ttre kommun att bo och leva i. Klicka p\u00e5 l\u00e4s mer f\u00f6r att ta del av vad vi vill g\u00f6ra n\u00e4sta mandatperiod!<\/p>\n","protected":false},"author":771,"featured_media":0,"parent":0,"menu_order":0,"comment_status":"closed","ping_status":"closed","template":"index.php","meta":{"_acf_changed":false,"footnotes":""},"class_list":["post-265","page","type-page","status-publish","hentry"],"acf":[],"yoast_head":"<!-- This site is optimized with the Yoast SEO plugin v27.4 - https:\/\/yoast.com\/product\/yoast-seo-wordpress\/ -->\n<title>Startsida - Kristdemokraterna i V\u00e4rmd\u00f6<\/title>\n<meta name=\"robots\" content=\"index, follow, max-snippet:-1, max-image-preview:large, max-video-preview:-1\" \/>\n<link rel=\"canonical\" href=\"https:\/\/wp.kristdemokraterna.se\/varmdo\/\" \/>\n<meta property=\"og:locale\" content=\"sv_SE\" \/>\n<meta property=\"og:type\" content=\"article\" \/>\n<meta property=\"og:title\" content=\"Startsida - Kristdemokraterna i V\u00e4rmd\u00f6\" \/>\n<meta property=\"og:description\" content=\"Den 13 september \u00e4r det val. Kristdemokraterna st\u00e5r redo f\u00f6r att forts\u00e4tta arbeta f\u00f6r att g\u00f6ra V\u00e4rmd\u00f6 till en \u00e4nnu b\u00e4ttre kommun att bo och leva i. Klicka p\u00e5 l\u00e4s mer f\u00f6r att ta del av vad vi vill g\u00f6ra n\u00e4sta mandatperiod!\" \/>\n<meta property=\"og:url\" content=\"https:\/\/wp.kristdemokraterna.se\/varmdo\/\" \/>\n<meta property=\"og:site_name\" content=\"Kristdemokraterna i V\u00e4rmd\u00f6\" \/>\n<meta property=\"article:modified_time\" content=\"2026-03-18T11:43:52+00:00\" \/>\n<meta name=\"twitter:card\" content=\"summary_large_image\" \/>\n<meta name=\"twitter:label1\" content=\"Ber\u00e4knad l\u00e4stid\" \/>\n\t<meta name=\"twitter:data1\" content=\"1 minut\" \/>\n<script type=\"application\/ld+json\" class=\"yoast-schema-graph\">{\"@context\":\"https:\\\/\\\/schema.org\",\"@graph\":[{\"@type\":\"WebPage\",\"@id\":\"https:\\\/\\\/wp.kristdemokraterna.se\\\/varmdo\\\/\",\"url\":\"https:\\\/\\\/wp.kristdemokraterna.se\\\/varmdo\\\/\",\"name\":\"Startsida - Kristdemokraterna i V\u00e4rmd\u00f6\",\"isPartOf\":{\"@id\":\"https:\\\/\\\/wp.kristdemokraterna.se\\\/varmdo\\\/#website\"},\"datePublished\":\"2017-11-29T15:47:40+00:00\",\"dateModified\":\"2026-03-18T11:43:52+00:00\",\"breadcrumb\":{\"@id\":\"https:\\\/\\\/wp.kristdemokraterna.se\\\/varmdo\\\/#breadcrumb\"},\"inLanguage\":\"sv-SE\",\"potentialAction\":[{\"@type\":\"ReadAction\",\"target\":[\"https:\\\/\\\/wp.kristdemokraterna.se\\\/varmdo\\\/\"]}]},{\"@type\":\"BreadcrumbList\",\"@id\":\"https:\\\/\\\/wp.kristdemokraterna.se\\\/varmdo\\\/#breadcrumb\",\"itemListElement\":[{\"@type\":\"ListItem\",\"position\":1,\"name\":\"Hem\",\"item\":\"https:\\\/\\\/wp.kristdemokraterna.se\\\/varmdo\\\/\"},{\"@type\":\"ListItem\",\"position\":2,\"name\":\"Startsida\"}]},{\"@type\":\"WebSite\",\"@id\":\"https:\\\/\\\/wp.kristdemokraterna.se\\\/varmdo\\\/#website\",\"url\":\"https:\\\/\\\/wp.kristdemokraterna.se\\\/varmdo\\\/\",\"name\":\"Kristdemokraterna i V\u00e4rmd\u00f6\",\"description\":\"En till Kristdemokraterna webbplats\",\"inLanguage\":\"sv-SE\"}]}<\/script>\n<!-- \/ Yoast SEO plugin. -->","yoast_head_json":{"title":"Startsida - Kristdemokraterna i V\u00e4rmd\u00f6","robots":{"index":"index","follow":"follow","max-snippet":"max-snippet:-1","max-image-preview":"max-image-preview:large","max-video-preview":"max-video-preview:-1"},"canonical":"https:\/\/wp.kristdemokraterna.se\/varmdo\/","og_locale":"sv_SE","og_type":"article","og_title":"Startsida - Kristdemokraterna i V\u00e4rmd\u00f6","og_description":"Den 13 september \u00e4r det val. Kristdemokraterna st\u00e5r redo f\u00f6r att forts\u00e4tta arbeta f\u00f6r att g\u00f6ra V\u00e4rmd\u00f6 till en \u00e4nnu b\u00e4ttre kommun att bo och leva i. Klicka p\u00e5 l\u00e4s mer f\u00f6r att ta del av vad vi vill g\u00f6ra n\u00e4sta mandatperiod!","og_url":"https:\/\/wp.kristdemokraterna.se\/varmdo\/","og_site_name":"Kristdemokraterna i V\u00e4rmd\u00f6","article_modified_time":"2026-03-18T11:43:52+00:00","twitter_card":"summary_large_image","twitter_misc":{"Ber\u00e4knad l\u00e4stid":"1 minut"},"schema":{"@context":"https:\/\/schema.org","@graph":[{"@type":"WebPage","@id":"https:\/\/wp.kristdemokraterna.se\/varmdo\/","url":"https:\/\/wp.kristdemokraterna.se\/varmdo\/","name":"Startsida - Kristdemokraterna i V\u00e4rmd\u00f6","isPartOf":{"@id":"https:\/\/wp.kristdemokraterna.se\/varmdo\/#website"},"datePublished":"2017-11-29T15:47:40+00:00","dateModified":"2026-03-18T11:43:52+00:00","breadcrumb":{"@id":"https:\/\/wp.kristdemokraterna.se\/varmdo\/#breadcrumb"},"inLanguage":"sv-SE","potentialAction":[{"@type":"ReadAction","target":["https:\/\/wp.kristdemokraterna.se\/varmdo\/"]}]},{"@type":"BreadcrumbList","@id":"https:\/\/wp.kristdemokraterna.se\/varmdo\/#breadcrumb","itemListElement":[{"@type":"ListItem","position":1,"name":"Hem","item":"https:\/\/wp.kristdemokraterna.se\/varmdo\/"},{"@type":"ListItem","position":2,"name":"Startsida"}]},{"@type":"WebSite","@id":"https:\/\/wp.kristdemokraterna.se\/varmdo\/#website","url":"https:\/\/wp.kristdemokraterna.se\/varmdo\/","name":"Kristdemokraterna i V\u00e4rmd\u00f6","description":"En till Kristdemokraterna webbplats","inLanguage":"sv-SE"}]}},"_links":{"self":[{"href":"https:\/\/wp.kristdemokraterna.se\/varmdo\/wp-json\/wp\/v2\/pages\/265","targetHints":{"allow":["GET"]}}],"collection":[{"href":"https:\/\/wp.kristdemokraterna.se\/varmdo\/wp-json\/wp\/v2\/pages"}],"about":[{"href":"https:\/\/wp.kristdemokraterna.se\/varmdo\/wp-json\/wp\/v2\/types\/page"}],"author":[{"embeddable":true,"href":"https:\/\/wp.kristdemokraterna.se\/varmdo\/wp-json\/wp\/v2\/users\/771"}],"replies":[{"embeddable":true,"href":"https:\/\/wp.kristdemokraterna.se\/varmdo\/wp-json\/wp\/v2\/comments?post=265"}],"version-history":[{"count":185,"href":"https:\/\/wp.kristdemokraterna.se\/varmdo\/wp-json\/wp\/v2\/pages\/265\/revisions"}],"predecessor-version":[{"id":1291,"href":"https:\/\/wp.kristdemokraterna.se\/varmdo\/wp-json\/wp\/v2\/pages\/265\/revisions\/1291"}],"wp:attachment":[{"href":"https:\/\/wp.kristdemokraterna.se\/varmdo\/wp-json\/wp\/v2\/media?parent=265"}],"curies":[{"name":"wp","href":"https:\/\/api.w.org\/{rel}","templated":true}]}}

<p>Den 13 september är det val. Kristdemokraterna står redo för att fortsätta arbeta för att göra Värmdö till en ännu bättre kommun att bo och leva i. Klicka på läs mer för att ta del av vad vi vill göra nästa mandatperiod!</p>

<!-- This site is optimized with the Yoast SEO plugin v27.4 - https://yoast.com/product/yoast-seo-wordpress/ -->
<title>Startsida - Kristdemokraterna i Värmdö</title>
<meta name="robots" content="index, follow, max-snippet:-1, max-image-preview:large, max-video-preview:-1" />
<link rel="canonical" href="https://wp.kristdemokraterna.se/varmdo/" />
<meta property="og:locale" content="sv_SE" />
<meta property="og:type" content="article" />
<meta property="og:title" content="Startsida - Kristdemokraterna i Värmdö" />
<meta property="og:description" content="Den 13 september är det val. Kristdemokraterna står redo för att fortsätta arbeta för att göra Värmdö till en ännu bättre kommun att bo och leva i. Klicka på läs mer för att ta del av vad vi vill göra nästa mandatperiod!" />
<meta property="og:url" content="https://wp.kristdemokraterna.se/varmdo/" />
<meta property="og:site_name" content="Kristdemokraterna i Värmdö" />
<meta property="article:modified_time" content="2026-03-18T11:43:52+00:00" />
<meta name="twitter:card" content="summary_large_image" />
<meta name="twitter:label1" content="Beräknad lästid" />
	<meta name="twitter:data1" content="1 minut" />
<script type="application/ld+json" class="yoast-schema-graph">{"@context":"https:\/\/schema.org","@graph":[{"@type":"WebPage","@id":"https:\/\/wp.kristdemokraterna.se\/varmdo\/","url":"https:\/\/wp.kristdemokraterna.se\/varmdo\/","name":"Startsida - Kristdemokraterna i Värmdö","isPartOf":{"@id":"https:\/\/wp.kristdemokraterna.se\/varmdo\/#website"},"datePublished":"2017-11-29T15:47:40+00:00","dateModified":"2026-03-18T11:43:52+00:00","breadcrumb":{"@id":"https:\/\/wp.kristdemokraterna.se\/varmdo\/#breadcrumb"},"inLanguage":"sv-SE","potentialAction":[{"@type":"ReadAction","target":["https:\/\/wp.kristdemokraterna.se\/varmdo\/"]}]},{"@type":"BreadcrumbList","@id":"https:\/\/wp.kristdemokraterna.se\/varmdo\/#breadcrumb","itemListElement":[{"@type":"ListItem","position":1,"name":"Hem","item":"https:\/\/wp.kristdemokraterna.se\/varmdo\/"},{"@type":"ListItem","position":2,"name":"Startsida"}]},{"@type":"WebSite","@id":"https:\/\/wp.kristdemokraterna.se\/varmdo\/#website","url":"https:\/\/wp.kristdemokraterna.se\/varmdo\/","name":"Kristdemokraterna i Värmdö","description":"En till Kristdemokraterna webbplats","inLanguage":"sv-SE"}]}</script>
<!-- / Yoast SEO plugin. -->

Startsida - Kristdemokraterna i Värmdö

Den 13 september är det val. Kristdemokraterna står redo för att fortsätta arbeta för att göra Värmdö till en ännu bättre kommun att bo och leva i. Klicka på läs mer för att ta del av vad vi vill göra nästa mandatperiod!

Kristdemokraterna i Värmdö
