{"id":401,"date":"2018-01-12T11:50:13","date_gmt":"2018-01-12T10:50:13","guid":{"rendered":"http:\/\/wp.kristdemokraterna.se\/varmdo2\/?page_id=401"},"modified":"2026-03-10T18:14:50","modified_gmt":"2026-03-10T17:14:50","slug":"fortroendevalda","status":"publish","type":"page","link":"https:\/\/wp.kristdemokraterna.se\/varmdo\/vara-politiker\/fortroendevalda\/","title":{"rendered":"Partiavdelningsstyrelse"},"content":{"rendered":"<h4><strong>Dan Wimund<\/strong><br \/>\nPartiavdelningsordf\u00f6rande<\/h4>\n<h4>Bj\u00f6rn Alld\u00e9n<br \/>\nVice partiavdelningsordf\u00f6rande<\/h4>\n<h4><b><\/b><strong>Jessica Becker<\/strong><br \/>\nPartiavdelningsstyrelseledamot<\/h4>\n<h4><a href=\"https:\/\/wp.kristdemokraterna.se\/varmdo\/val-2022\/vi-som-kandiderar-till-kommunfullmaktige\/namnlost\/\" rel=\"attachment wp-att-1270\"><img loading=\"lazy\" decoding=\"async\" class=\"alignnone wp-image-1270\" src=\"http:\/\/wp.kristdemokraterna.se\/varmdo\/files\/2026\/03\/namnlost-225x300.jpg\" alt=\"\" width=\"124\" height=\"165\" srcset=\"https:\/\/wp.kristdemokraterna.se\/varmdo\/files\/2026\/03\/namnlost-225x300.jpg 225w, https:\/\/wp.kristdemokraterna.se\/varmdo\/files\/2026\/03\/namnlost-767x1024.jpg 767w, https:\/\/wp.kristdemokraterna.se\/varmdo\/files\/2026\/03\/namnlost-768x1025.jpg 768w, https:\/\/wp.kristdemokraterna.se\/varmdo\/files\/2026\/03\/namnlost-150x200.jpg 150w, https:\/\/wp.kristdemokraterna.se\/varmdo\/files\/2026\/03\/namnlost-370x494.jpg 370w, https:\/\/wp.kristdemokraterna.se\/varmdo\/files\/2026\/03\/namnlost-770x1028.jpg 770w, https:\/\/wp.kristdemokraterna.se\/varmdo\/files\/2026\/03\/namnlost-450x601.jpg 450w, https:\/\/wp.kristdemokraterna.se\/varmdo\/files\/2026\/03\/namnlost-280x374.jpg 280w, https:\/\/wp.kristdemokraterna.se\/varmdo\/files\/2026\/03\/namnlost-340x454.jpg 340w, https:\/\/wp.kristdemokraterna.se\/varmdo\/files\/2026\/03\/namnlost-42x56.jpg 42w, https:\/\/wp.kristdemokraterna.se\/varmdo\/files\/2026\/03\/namnlost.jpg 968w\" sizes=\"auto, (max-width: 124px) 100vw, 124px\" \/><\/a><\/h4>\n<h4>Ove Johansson<br \/>\nPartiavdelningsstyrelseledamot<\/h4>\n<h4>Gabriella Bernhoff<br \/>\nPartiavdelningsstyrelseledamot<\/h4>\n<h4>Ulf Kjellson<br \/>\n<strong>Partiavdelningstyrelseledamot<\/strong><\/h4>\n<h4><strong>Patrick Berntoft Kampmann<br \/>\n<\/strong><strong>Partiavdelningstyrelseledamot<\/strong><\/h4>\n<p><strong>\u00a0<\/strong><\/p>\n<p>&nbsp;<\/p>\n<p>&nbsp;<\/p>\n","protected":false},"excerpt":{"rendered":"<p>Dan Wimund Partiavdelningsordf\u00f6rande Bj\u00f6rn Alld\u00e9n Vice partiavdelningsordf\u00f6rande Jessica Becker Partiavdelningsstyrelseledamot Ove Johansson Partiavdelningsstyrelseledamot Gabriella Bernhoff Partiavdelningsstyrelseledamot Ulf Kjellson Partiavdelningstyrelseledamot Patrick Berntoft Kampmann Partiavdelningstyrelseledamot \u00a0 &nbsp; &nbsp;<\/p>\n","protected":false},"author":444,"featured_media":0,"parent":409,"menu_order":0,"comment_status":"closed","ping_status":"closed","template":"","meta":{"_acf_changed":false,"footnotes":""},"class_list":["post-401","page","type-page","status-publish","hentry"],"acf":[],"yoast_head":"<!-- This site is optimized with the Yoast SEO plugin v27.3 - https:\/\/yoast.com\/product\/yoast-seo-wordpress\/ -->\n<title>Partiavdelningsstyrelse - Kristdemokraterna i V\u00e4rmd\u00f6<\/title>\n<meta name=\"robots\" content=\"index, follow, max-snippet:-1, max-image-preview:large, max-video-preview:-1\" \/>\n<link rel=\"canonical\" href=\"https:\/\/wp.kristdemokraterna.se\/varmdo\/vara-politiker\/fortroendevalda\/\" \/>\n<meta property=\"og:locale\" content=\"sv_SE\" \/>\n<meta property=\"og:type\" content=\"article\" \/>\n<meta property=\"og:title\" content=\"Partiavdelningsstyrelse - Kristdemokraterna i V\u00e4rmd\u00f6\" \/>\n<meta property=\"og:description\" content=\"Dan Wimund Partiavdelningsordf\u00f6rande Bj\u00f6rn Alld\u00e9n Vice partiavdelningsordf\u00f6rande Jessica Becker Partiavdelningsstyrelseledamot Ove Johansson Partiavdelningsstyrelseledamot Gabriella Bernhoff Partiavdelningsstyrelseledamot Ulf Kjellson Partiavdelningstyrelseledamot Patrick Berntoft Kampmann Partiavdelningstyrelseledamot \u00a0 &nbsp; &nbsp;\" \/>\n<meta property=\"og:url\" content=\"https:\/\/wp.kristdemokraterna.se\/varmdo\/vara-politiker\/fortroendevalda\/\" \/>\n<meta property=\"og:site_name\" content=\"Kristdemokraterna i V\u00e4rmd\u00f6\" \/>\n<meta property=\"article:modified_time\" content=\"2026-03-10T17:14:50+00:00\" \/>\n<meta property=\"og:image\" content=\"https:\/\/wp.kristdemokraterna.se\/varmdo\/files\/2026\/03\/namnlost.jpg\" \/>\n\t<meta property=\"og:image:width\" content=\"968\" \/>\n\t<meta property=\"og:image:height\" content=\"1292\" \/>\n\t<meta property=\"og:image:type\" content=\"image\/jpeg\" \/>\n<meta name=\"twitter:card\" content=\"summary_large_image\" \/>\n<meta name=\"twitter:label1\" content=\"Ber\u00e4knad l\u00e4stid\" \/>\n\t<meta name=\"twitter:data1\" content=\"1 minut\" \/>\n<script type=\"application\/ld+json\" class=\"yoast-schema-graph\">{\"@context\":\"https:\\\/\\\/schema.org\",\"@graph\":[{\"@type\":\"WebPage\",\"@id\":\"https:\\\/\\\/wp.kristdemokraterna.se\\\/varmdo\\\/vara-politiker\\\/fortroendevalda\\\/\",\"url\":\"https:\\\/\\\/wp.kristdemokraterna.se\\\/varmdo\\\/vara-politiker\\\/fortroendevalda\\\/\",\"name\":\"Partiavdelningsstyrelse - Kristdemokraterna i V\u00e4rmd\u00f6\",\"isPartOf\":{\"@id\":\"https:\\\/\\\/wp.kristdemokraterna.se\\\/varmdo\\\/#website\"},\"primaryImageOfPage\":{\"@id\":\"https:\\\/\\\/wp.kristdemokraterna.se\\\/varmdo\\\/vara-politiker\\\/fortroendevalda\\\/#primaryimage\"},\"image\":{\"@id\":\"https:\\\/\\\/wp.kristdemokraterna.se\\\/varmdo\\\/vara-politiker\\\/fortroendevalda\\\/#primaryimage\"},\"thumbnailUrl\":\"http:\\\/\\\/wp.kristdemokraterna.se\\\/varmdo\\\/files\\\/2026\\\/03\\\/namnlost-225x300.jpg\",\"datePublished\":\"2018-01-12T10:50:13+00:00\",\"dateModified\":\"2026-03-10T17:14:50+00:00\",\"breadcrumb\":{\"@id\":\"https:\\\/\\\/wp.kristdemokraterna.se\\\/varmdo\\\/vara-politiker\\\/fortroendevalda\\\/#breadcrumb\"},\"inLanguage\":\"sv-SE\",\"potentialAction\":[{\"@type\":\"ReadAction\",\"target\":[\"https:\\\/\\\/wp.kristdemokraterna.se\\\/varmdo\\\/vara-politiker\\\/fortroendevalda\\\/\"]}]},{\"@type\":\"ImageObject\",\"inLanguage\":\"sv-SE\",\"@id\":\"https:\\\/\\\/wp.kristdemokraterna.se\\\/varmdo\\\/vara-politiker\\\/fortroendevalda\\\/#primaryimage\",\"url\":\"https:\\\/\\\/wp.kristdemokraterna.se\\\/varmdo\\\/files\\\/2026\\\/03\\\/namnlost.jpg\",\"contentUrl\":\"https:\\\/\\\/wp.kristdemokraterna.se\\\/varmdo\\\/files\\\/2026\\\/03\\\/namnlost.jpg\",\"width\":968,\"height\":1292},{\"@type\":\"BreadcrumbList\",\"@id\":\"https:\\\/\\\/wp.kristdemokraterna.se\\\/varmdo\\\/vara-politiker\\\/fortroendevalda\\\/#breadcrumb\",\"itemListElement\":[{\"@type\":\"ListItem\",\"position\":1,\"name\":\"Hem\",\"item\":\"https:\\\/\\\/wp.kristdemokraterna.se\\\/varmdo\\\/\"},{\"@type\":\"ListItem\",\"position\":2,\"name\":\"V\u00e5ra f\u00f6rtroendevalda\",\"item\":\"https:\\\/\\\/wp.kristdemokraterna.se\\\/varmdo\\\/vara-politiker\\\/\"},{\"@type\":\"ListItem\",\"position\":3,\"name\":\"Partiavdelningsstyrelse\"}]},{\"@type\":\"WebSite\",\"@id\":\"https:\\\/\\\/wp.kristdemokraterna.se\\\/varmdo\\\/#website\",\"url\":\"https:\\\/\\\/wp.kristdemokraterna.se\\\/varmdo\\\/\",\"name\":\"Kristdemokraterna i V\u00e4rmd\u00f6\",\"description\":\"En till Kristdemokraterna webbplats\",\"inLanguage\":\"sv-SE\"}]}<\/script>\n<!-- \/ Yoast SEO plugin. -->","yoast_head_json":{"title":"Partiavdelningsstyrelse - Kristdemokraterna i V\u00e4rmd\u00f6","robots":{"index":"index","follow":"follow","max-snippet":"max-snippet:-1","max-image-preview":"max-image-preview:large","max-video-preview":"max-video-preview:-1"},"canonical":"https:\/\/wp.kristdemokraterna.se\/varmdo\/vara-politiker\/fortroendevalda\/","og_locale":"sv_SE","og_type":"article","og_title":"Partiavdelningsstyrelse - Kristdemokraterna i V\u00e4rmd\u00f6","og_description":"Dan Wimund Partiavdelningsordf\u00f6rande Bj\u00f6rn Alld\u00e9n Vice partiavdelningsordf\u00f6rande Jessica Becker Partiavdelningsstyrelseledamot Ove Johansson Partiavdelningsstyrelseledamot Gabriella Bernhoff Partiavdelningsstyrelseledamot Ulf Kjellson Partiavdelningstyrelseledamot Patrick Berntoft Kampmann Partiavdelningstyrelseledamot \u00a0 &nbsp; &nbsp;","og_url":"https:\/\/wp.kristdemokraterna.se\/varmdo\/vara-politiker\/fortroendevalda\/","og_site_name":"Kristdemokraterna i V\u00e4rmd\u00f6","article_modified_time":"2026-03-10T17:14:50+00:00","og_image":[{"width":968,"height":1292,"url":"https:\/\/wp.kristdemokraterna.se\/varmdo\/files\/2026\/03\/namnlost.jpg","type":"image\/jpeg"}],"twitter_card":"summary_large_image","twitter_misc":{"Ber\u00e4knad l\u00e4stid":"1 minut"},"schema":{"@context":"https:\/\/schema.org","@graph":[{"@type":"WebPage","@id":"https:\/\/wp.kristdemokraterna.se\/varmdo\/vara-politiker\/fortroendevalda\/","url":"https:\/\/wp.kristdemokraterna.se\/varmdo\/vara-politiker\/fortroendevalda\/","name":"Partiavdelningsstyrelse - Kristdemokraterna i V\u00e4rmd\u00f6","isPartOf":{"@id":"https:\/\/wp.kristdemokraterna.se\/varmdo\/#website"},"primaryImageOfPage":{"@id":"https:\/\/wp.kristdemokraterna.se\/varmdo\/vara-politiker\/fortroendevalda\/#primaryimage"},"image":{"@id":"https:\/\/wp.kristdemokraterna.se\/varmdo\/vara-politiker\/fortroendevalda\/#primaryimage"},"thumbnailUrl":"http:\/\/wp.kristdemokraterna.se\/varmdo\/files\/2026\/03\/namnlost-225x300.jpg","datePublished":"2018-01-12T10:50:13+00:00","dateModified":"2026-03-10T17:14:50+00:00","breadcrumb":{"@id":"https:\/\/wp.kristdemokraterna.se\/varmdo\/vara-politiker\/fortroendevalda\/#breadcrumb"},"inLanguage":"sv-SE","potentialAction":[{"@type":"ReadAction","target":["https:\/\/wp.kristdemokraterna.se\/varmdo\/vara-politiker\/fortroendevalda\/"]}]},{"@type":"ImageObject","inLanguage":"sv-SE","@id":"https:\/\/wp.kristdemokraterna.se\/varmdo\/vara-politiker\/fortroendevalda\/#primaryimage","url":"https:\/\/wp.kristdemokraterna.se\/varmdo\/files\/2026\/03\/namnlost.jpg","contentUrl":"https:\/\/wp.kristdemokraterna.se\/varmdo\/files\/2026\/03\/namnlost.jpg","width":968,"height":1292},{"@type":"BreadcrumbList","@id":"https:\/\/wp.kristdemokraterna.se\/varmdo\/vara-politiker\/fortroendevalda\/#breadcrumb","itemListElement":[{"@type":"ListItem","position":1,"name":"Hem","item":"https:\/\/wp.kristdemokraterna.se\/varmdo\/"},{"@type":"ListItem","position":2,"name":"V\u00e5ra f\u00f6rtroendevalda","item":"https:\/\/wp.kristdemokraterna.se\/varmdo\/vara-politiker\/"},{"@type":"ListItem","position":3,"name":"Partiavdelningsstyrelse"}]},{"@type":"WebSite","@id":"https:\/\/wp.kristdemokraterna.se\/varmdo\/#website","url":"https:\/\/wp.kristdemokraterna.se\/varmdo\/","name":"Kristdemokraterna i V\u00e4rmd\u00f6","description":"En till Kristdemokraterna webbplats","inLanguage":"sv-SE"}]}},"_links":{"self":[{"href":"https:\/\/wp.kristdemokraterna.se\/varmdo\/wp-json\/wp\/v2\/pages\/401","targetHints":{"allow":["GET"]}}],"collection":[{"href":"https:\/\/wp.kristdemokraterna.se\/varmdo\/wp-json\/wp\/v2\/pages"}],"about":[{"href":"https:\/\/wp.kristdemokraterna.se\/varmdo\/wp-json\/wp\/v2\/types\/page"}],"author":[{"embeddable":true,"href":"https:\/\/wp.kristdemokraterna.se\/varmdo\/wp-json\/wp\/v2\/users\/444"}],"replies":[{"embeddable":true,"href":"https:\/\/wp.kristdemokraterna.se\/varmdo\/wp-json\/wp\/v2\/comments?post=401"}],"version-history":[{"count":19,"href":"https:\/\/wp.kristdemokraterna.se\/varmdo\/wp-json\/wp\/v2\/pages\/401\/revisions"}],"predecessor-version":[{"id":1279,"href":"https:\/\/wp.kristdemokraterna.se\/varmdo\/wp-json\/wp\/v2\/pages\/401\/revisions\/1279"}],"up":[{"embeddable":true,"href":"https:\/\/wp.kristdemokraterna.se\/varmdo\/wp-json\/wp\/v2\/pages\/409"}],"wp:attachment":[{"href":"https:\/\/wp.kristdemokraterna.se\/varmdo\/wp-json\/wp\/v2\/media?parent=401"}],"curies":[{"name":"wp","href":"https:\/\/api.w.org\/{rel}","templated":true}]}}