{"id":646,"date":"2018-04-29T16:40:48","date_gmt":"2018-04-29T14:40:48","guid":{"rendered":"http:\/\/wp.kristdemokraterna.se\/varmdo\/?page_id=646"},"modified":"2022-06-12T12:47:55","modified_gmt":"2022-06-12T10:47:55","slug":"aldreomsorg","status":"publish","type":"page","link":"https:\/\/wp.kristdemokraterna.se\/varmdo\/val-2022\/valmanifest-2022\/aldreomsorg\/","title":{"rendered":"\u00c4ldreomsorgen"},"content":{"rendered":"<p>M\u00e4nniskov\u00e4rdet beror inte p\u00e5 \u00e5ldern eller den egna f\u00f6rm\u00e5gan. \u00c4ldreomsorgen ska d\u00e4rf\u00f6r pr\u00e4glas av trygghet, v\u00e4rdighet och delaktighet. V\u00e5r utg\u00e5ngspunkt \u00e4r att varje person b\u00e4st k\u00e4nner sina egna behov och att m\u00f6jligheten till inflytande och valfrihet d\u00e4rf\u00f6r ska vara stort. N\u00e4rhet och gemenskap \u00e4r grundl\u00e4ggande m\u00e4nskliga behov, n\u00e5got som det offentliga inte fullt ut kan tillfredsst\u00e4lla. Av denna anledning m\u00e5ste \u00e4ldreomsorgen m\u00e5na om goda relationer med anh\u00f6riga och ett gott samarbete med exempelvis anh\u00f6riga, f\u00f6reningar, kyrkor och andra ideella krafter.<\/p>\n<p>Alla medborgare ska kunna \u00e5ldras med v\u00e4rdighet. Det inneb\u00e4r att service, v\u00e5rd och omsorg ska vara tillg\u00e4nglig och ges utifr\u00e5n en helhetssyn p\u00e5 den enskilde med h\u00e4nsyn till sj\u00e4lsliga, andliga och materiella behov. Denna samh\u00e4lleliga skyldighet inneb\u00e4r att \u00e4ldreomsorgen m\u00e5ste vara v\u00e4l utbyggd med hemtj\u00e4nst och hemsjukv\u00e5rd, olika former av dagverksamhet samt ett varierat utbud av boendeformer.<\/p>\n<p>Tyv\u00e4rr \u00e4r ensamhet och passivitet bland \u00e4ldre ett problem. Det finns ocks\u00e5 personer som inte f\u00e5r den omsorg de beh\u00f6ver och som ett resultat av detta drabbas av exempelvis undern\u00e4ring men ocks\u00e5 oro och \u00e5ngest.<\/p>\n<p>&nbsp;<\/p>\n<p><strong>Kristdemokraterna anser att:<\/strong><\/p>\n<ul>\n<li>v\u00e5rd och omsorg ska vara personcentrerad och utg\u00e5 fr\u00e5n den enskildes behov, situation, f\u00f6rm\u00e5gor och preferenser.<\/li>\n<li>En m\u00f6tesplats f\u00f6r seniorer ska skapas i Gustavsberg.<\/li>\n<li>all personal inom omsorgen som jobbar v\u00e5rdn\u00e4ra m\u00e5ste kunna kommunicera p\u00e5 god svenska.<\/li>\n<li>h\u00f6g kvalitet och stor valfrihet vad g\u00e4ller maten ska garanteras inom \u00e4ldreomsorgen.<\/li>\n<li>arbetet med planerade S\u00c4BO vid Gustavsg\u00e5rden samt \u00d6sby ska prioriteras.<\/li>\n<li>arbetet med planering av ett \u00e4ldreboende vid Sk\u00e4rg\u00e5rdskyrkan ska forts\u00e4tta.<\/li>\n<li>kommunen ska fortsatt v\u00e4rna och utveckla tr\u00e4ffpunkter i hela V\u00e4rmd\u00f6 f\u00f6r \u00e4ldre i samverkan med civilsamh\u00e4llet med en variation av aktiviteter.<\/li>\n<li>kommunen ska vara offensiv i detaljplaneringen och bejaka initiativ fr\u00e5n ideella f\u00f6reningar och privata f\u00f6retag som vill bygga bost\u00e4der f\u00f6r \u00e4ldre typ trygghetsboende och seniorbost\u00e4der med olika uppl\u00e5telseformer.<\/li>\n<li>p\u00e5 sikt ska varje person \u00f6ver 85 \u00e5r som vill garanteras plats i anpassat boende n\u00e4r personen sj\u00e4lv bed\u00f6mer att behovet finns. Detta utan bist\u00e5ndsbed\u00f6mning.<\/li>\n<li>det ska finnas m\u00e5nga olika former av boende f\u00f6r \u00e4ldre ut\u00f6ver s\u00e4rskilt boende, exempelvis seniorboende och trygghetsboende, med olika uppl\u00e5telseformer.<\/li>\n<li>kommunen ska ha ett v\u00e4lutvecklat anh\u00f6rigst\u00f6d. Det ska finnas tydlig information kring vilket st\u00f6d anh\u00f6riga har r\u00e4tt till.<\/li>\n<li>kommunen ska i s\u00e4rskilt boende ha en medicinskt ansvarig rehabiliterare, MAR, f\u00f6r att f\u00f6r att snabbt kunna p\u00e5b\u00f6rja rehabilitering efter sjukdom eller skada.<\/li>\n<li>anv\u00e4ndandet av ny teknik f\u00f6r s\u00e5v\u00e4l brukare, anh\u00f6riga som personal, b\u00f6r utvecklas i syfte att \u00f6ka trygghet, aktivitet och delaktighet samt st\u00e4rka integritet och sj\u00e4lvbest\u00e4mmande.<\/li>\n<li>alla som fyllt 77 \u00e5r ska fortsatt erbjudas hembes\u00f6k f\u00f6r att f\u00e5 information om kommunens verksamhet och ges m\u00f6jlighet att framf\u00f6ra \u00f6nskem\u00e5l.<\/li>\n<li>det ska finnas kuratorer tillg\u00e4ngligt i \u00e4ldreomsorgen f\u00f6r samtalsst\u00f6d till boende och anh\u00f6riga.<\/li>\n<li>det ska finnas wifi p\u00e5 alla \u00e4ldreboenden.<\/li>\n<\/ul>\n<ul>\n<li>en modell f\u00f6r en f\u00f6renklad bist\u00e5ndsbed\u00f6mning ska inf\u00f6ras<\/li>\n<\/ul>\n<ul>\n<li>den medicinska kompetensen ska ytterligare st\u00e4rkas inom \u00e4ldreomsorgen.<\/li>\n<li>att det ska r\u00e5da st\u00f6rsta m\u00f6jliga valfrihet inom \u00e4ldreomsorgen.<\/li>\n<li>det beh\u00f6vs fler utbildade inom yrken i v\u00e5rd- och omsorgssektorn f\u00f6r att m\u00f6ta framtida rekryteringsbehov.<\/li>\n<\/ul>\n<p>&nbsp;<\/p>\n<p>&nbsp;<\/p>\n","protected":false},"excerpt":{"rendered":"<p>M\u00e4nniskov\u00e4rdet beror inte p\u00e5 \u00e5ldern eller den egna f\u00f6rm\u00e5gan. \u00c4ldreomsorgen ska d\u00e4rf\u00f6r pr\u00e4glas av trygghet, v\u00e4rdighet och delaktighet. V\u00e5r utg\u00e5ngspunkt \u00e4r att varje person b\u00e4st k\u00e4nner sina egna behov och att m\u00f6jligheten till inflytande och valfrihet d\u00e4rf\u00f6r ska vara stort. N\u00e4rhet och gemenskap \u00e4r grundl\u00e4ggande m\u00e4nskliga behov, n\u00e5got som det offentliga inte fullt ut kan <a class=\"read-more-link\" href=\"https:\/\/wp.kristdemokraterna.se\/varmdo\/val-2022\/valmanifest-2022\/aldreomsorg\/\">Read More<\/a><\/p>\n","protected":false},"author":771,"featured_media":0,"parent":637,"menu_order":0,"comment_status":"closed","ping_status":"closed","template":"","meta":{"_acf_changed":false,"footnotes":""},"class_list":["post-646","page","type-page","status-publish","hentry"],"acf":[],"yoast_head":"<!-- This site is optimized with the Yoast SEO plugin v27.4 - https:\/\/yoast.com\/product\/yoast-seo-wordpress\/ -->\n<title>\u00c4ldreomsorgen - Kristdemokraterna i V\u00e4rmd\u00f6<\/title>\n<meta name=\"robots\" content=\"index, follow, max-snippet:-1, max-image-preview:large, max-video-preview:-1\" \/>\n<link rel=\"canonical\" href=\"https:\/\/wp.kristdemokraterna.se\/varmdo\/val-2022\/valmanifest-2022\/aldreomsorg\/\" \/>\n<meta property=\"og:locale\" content=\"sv_SE\" \/>\n<meta property=\"og:type\" content=\"article\" \/>\n<meta property=\"og:title\" content=\"\u00c4ldreomsorgen - Kristdemokraterna i V\u00e4rmd\u00f6\" \/>\n<meta property=\"og:description\" content=\"M\u00e4nniskov\u00e4rdet beror inte p\u00e5 \u00e5ldern eller den egna f\u00f6rm\u00e5gan. \u00c4ldreomsorgen ska d\u00e4rf\u00f6r pr\u00e4glas av trygghet, v\u00e4rdighet och delaktighet. V\u00e5r utg\u00e5ngspunkt \u00e4r att varje person b\u00e4st k\u00e4nner sina egna behov och att m\u00f6jligheten till inflytande och valfrihet d\u00e4rf\u00f6r ska vara stort. N\u00e4rhet och gemenskap \u00e4r grundl\u00e4ggande m\u00e4nskliga behov, n\u00e5got som det offentliga inte fullt ut kan Read More\" \/>\n<meta property=\"og:url\" content=\"https:\/\/wp.kristdemokraterna.se\/varmdo\/val-2022\/valmanifest-2022\/aldreomsorg\/\" \/>\n<meta property=\"og:site_name\" content=\"Kristdemokraterna i V\u00e4rmd\u00f6\" \/>\n<meta property=\"article:modified_time\" content=\"2022-06-12T10:47:55+00:00\" \/>\n<meta name=\"twitter:card\" content=\"summary_large_image\" \/>\n<meta name=\"twitter:label1\" content=\"Ber\u00e4knad l\u00e4stid\" \/>\n\t<meta name=\"twitter:data1\" content=\"3 minuter\" \/>\n<script type=\"application\/ld+json\" class=\"yoast-schema-graph\">{\"@context\":\"https:\\\/\\\/schema.org\",\"@graph\":[{\"@type\":\"WebPage\",\"@id\":\"https:\\\/\\\/wp.kristdemokraterna.se\\\/varmdo\\\/val-2022\\\/valmanifest-2022\\\/aldreomsorg\\\/\",\"url\":\"https:\\\/\\\/wp.kristdemokraterna.se\\\/varmdo\\\/val-2022\\\/valmanifest-2022\\\/aldreomsorg\\\/\",\"name\":\"\u00c4ldreomsorgen - Kristdemokraterna i V\u00e4rmd\u00f6\",\"isPartOf\":{\"@id\":\"https:\\\/\\\/wp.kristdemokraterna.se\\\/varmdo\\\/#website\"},\"datePublished\":\"2018-04-29T14:40:48+00:00\",\"dateModified\":\"2022-06-12T10:47:55+00:00\",\"breadcrumb\":{\"@id\":\"https:\\\/\\\/wp.kristdemokraterna.se\\\/varmdo\\\/val-2022\\\/valmanifest-2022\\\/aldreomsorg\\\/#breadcrumb\"},\"inLanguage\":\"sv-SE\",\"potentialAction\":[{\"@type\":\"ReadAction\",\"target\":[\"https:\\\/\\\/wp.kristdemokraterna.se\\\/varmdo\\\/val-2022\\\/valmanifest-2022\\\/aldreomsorg\\\/\"]}]},{\"@type\":\"BreadcrumbList\",\"@id\":\"https:\\\/\\\/wp.kristdemokraterna.se\\\/varmdo\\\/val-2022\\\/valmanifest-2022\\\/aldreomsorg\\\/#breadcrumb\",\"itemListElement\":[{\"@type\":\"ListItem\",\"position\":1,\"name\":\"Hem\",\"item\":\"https:\\\/\\\/wp.kristdemokraterna.se\\\/varmdo\\\/\"},{\"@type\":\"ListItem\",\"position\":2,\"name\":\"Valet 2026\",\"item\":\"https:\\\/\\\/wp.kristdemokraterna.se\\\/varmdo\\\/val-2022\\\/\"},{\"@type\":\"ListItem\",\"position\":3,\"name\":\"Handlingsprogram 2022-2026\",\"item\":\"https:\\\/\\\/wp.kristdemokraterna.se\\\/varmdo\\\/val-2022\\\/valmanifest-2022\\\/\"},{\"@type\":\"ListItem\",\"position\":4,\"name\":\"\u00c4ldreomsorgen\"}]},{\"@type\":\"WebSite\",\"@id\":\"https:\\\/\\\/wp.kristdemokraterna.se\\\/varmdo\\\/#website\",\"url\":\"https:\\\/\\\/wp.kristdemokraterna.se\\\/varmdo\\\/\",\"name\":\"Kristdemokraterna i V\u00e4rmd\u00f6\",\"description\":\"En till Kristdemokraterna webbplats\",\"inLanguage\":\"sv-SE\"}]}<\/script>\n<!-- \/ Yoast SEO plugin. -->","yoast_head_json":{"title":"\u00c4ldreomsorgen - Kristdemokraterna i V\u00e4rmd\u00f6","robots":{"index":"index","follow":"follow","max-snippet":"max-snippet:-1","max-image-preview":"max-image-preview:large","max-video-preview":"max-video-preview:-1"},"canonical":"https:\/\/wp.kristdemokraterna.se\/varmdo\/val-2022\/valmanifest-2022\/aldreomsorg\/","og_locale":"sv_SE","og_type":"article","og_title":"\u00c4ldreomsorgen - Kristdemokraterna i V\u00e4rmd\u00f6","og_description":"M\u00e4nniskov\u00e4rdet beror inte p\u00e5 \u00e5ldern eller den egna f\u00f6rm\u00e5gan. \u00c4ldreomsorgen ska d\u00e4rf\u00f6r pr\u00e4glas av trygghet, v\u00e4rdighet och delaktighet. V\u00e5r utg\u00e5ngspunkt \u00e4r att varje person b\u00e4st k\u00e4nner sina egna behov och att m\u00f6jligheten till inflytande och valfrihet d\u00e4rf\u00f6r ska vara stort. N\u00e4rhet och gemenskap \u00e4r grundl\u00e4ggande m\u00e4nskliga behov, n\u00e5got som det offentliga inte fullt ut kan Read More","og_url":"https:\/\/wp.kristdemokraterna.se\/varmdo\/val-2022\/valmanifest-2022\/aldreomsorg\/","og_site_name":"Kristdemokraterna i V\u00e4rmd\u00f6","article_modified_time":"2022-06-12T10:47:55+00:00","twitter_card":"summary_large_image","twitter_misc":{"Ber\u00e4knad l\u00e4stid":"3 minuter"},"schema":{"@context":"https:\/\/schema.org","@graph":[{"@type":"WebPage","@id":"https:\/\/wp.kristdemokraterna.se\/varmdo\/val-2022\/valmanifest-2022\/aldreomsorg\/","url":"https:\/\/wp.kristdemokraterna.se\/varmdo\/val-2022\/valmanifest-2022\/aldreomsorg\/","name":"\u00c4ldreomsorgen - Kristdemokraterna i V\u00e4rmd\u00f6","isPartOf":{"@id":"https:\/\/wp.kristdemokraterna.se\/varmdo\/#website"},"datePublished":"2018-04-29T14:40:48+00:00","dateModified":"2022-06-12T10:47:55+00:00","breadcrumb":{"@id":"https:\/\/wp.kristdemokraterna.se\/varmdo\/val-2022\/valmanifest-2022\/aldreomsorg\/#breadcrumb"},"inLanguage":"sv-SE","potentialAction":[{"@type":"ReadAction","target":["https:\/\/wp.kristdemokraterna.se\/varmdo\/val-2022\/valmanifest-2022\/aldreomsorg\/"]}]},{"@type":"BreadcrumbList","@id":"https:\/\/wp.kristdemokraterna.se\/varmdo\/val-2022\/valmanifest-2022\/aldreomsorg\/#breadcrumb","itemListElement":[{"@type":"ListItem","position":1,"name":"Hem","item":"https:\/\/wp.kristdemokraterna.se\/varmdo\/"},{"@type":"ListItem","position":2,"name":"Valet 2026","item":"https:\/\/wp.kristdemokraterna.se\/varmdo\/val-2022\/"},{"@type":"ListItem","position":3,"name":"Handlingsprogram 2022-2026","item":"https:\/\/wp.kristdemokraterna.se\/varmdo\/val-2022\/valmanifest-2022\/"},{"@type":"ListItem","position":4,"name":"\u00c4ldreomsorgen"}]},{"@type":"WebSite","@id":"https:\/\/wp.kristdemokraterna.se\/varmdo\/#website","url":"https:\/\/wp.kristdemokraterna.se\/varmdo\/","name":"Kristdemokraterna i V\u00e4rmd\u00f6","description":"En till Kristdemokraterna webbplats","inLanguage":"sv-SE"}]}},"_links":{"self":[{"href":"https:\/\/wp.kristdemokraterna.se\/varmdo\/wp-json\/wp\/v2\/pages\/646","targetHints":{"allow":["GET"]}}],"collection":[{"href":"https:\/\/wp.kristdemokraterna.se\/varmdo\/wp-json\/wp\/v2\/pages"}],"about":[{"href":"https:\/\/wp.kristdemokraterna.se\/varmdo\/wp-json\/wp\/v2\/types\/page"}],"author":[{"embeddable":true,"href":"https:\/\/wp.kristdemokraterna.se\/varmdo\/wp-json\/wp\/v2\/users\/771"}],"replies":[{"embeddable":true,"href":"https:\/\/wp.kristdemokraterna.se\/varmdo\/wp-json\/wp\/v2\/comments?post=646"}],"version-history":[{"count":5,"href":"https:\/\/wp.kristdemokraterna.se\/varmdo\/wp-json\/wp\/v2\/pages\/646\/revisions"}],"predecessor-version":[{"id":1093,"href":"https:\/\/wp.kristdemokraterna.se\/varmdo\/wp-json\/wp\/v2\/pages\/646\/revisions\/1093"}],"up":[{"embeddable":true,"href":"https:\/\/wp.kristdemokraterna.se\/varmdo\/wp-json\/wp\/v2\/pages\/637"}],"wp:attachment":[{"href":"https:\/\/wp.kristdemokraterna.se\/varmdo\/wp-json\/wp\/v2\/media?parent=646"}],"curies":[{"name":"wp","href":"https:\/\/api.w.org\/{rel}","templated":true}]}}