{"id":521,"date":"2018-06-15T16:11:06","date_gmt":"2018-06-15T14:11:06","guid":{"rendered":"http:\/\/wp.kristdemokraterna.se\/varmland2\/?page_id=521"},"modified":"2025-09-09T12:03:41","modified_gmt":"2025-09-09T10:03:41","slug":"ett-riktigt-sjukvardsparti","status":"publish","type":"page","link":"https:\/\/wp.kristdemokraterna.se\/varmland\/ett-varmland-dar-det-ar-gott-att-leva\/ett-riktigt-sjukvardsparti\/","title":{"rendered":"Ett riktigt sjukv\u00e5rdsparti"},"content":{"rendered":"<p><a href=\"http:\/\/wp.kristdemokraterna.se\/varmland\/files\/2024\/09\/sara-hallin.jpg\"><img loading=\"lazy\" decoding=\"async\" class=\"alignnone size-medium wp-image-950\" src=\"http:\/\/wp.kristdemokraterna.se\/varmland\/files\/2024\/09\/sara-hallin-300x300.jpg\" alt=\"\" width=\"300\" height=\"300\" srcset=\"https:\/\/wp.kristdemokraterna.se\/varmland\/files\/2024\/09\/sara-hallin-300x300.jpg 300w, https:\/\/wp.kristdemokraterna.se\/varmland\/files\/2024\/09\/sara-hallin-150x150.jpg 150w, https:\/\/wp.kristdemokraterna.se\/varmland\/files\/2024\/09\/sara-hallin-200x200.jpg 200w, https:\/\/wp.kristdemokraterna.se\/varmland\/files\/2024\/09\/sara-hallin-370x370.jpg 370w, https:\/\/wp.kristdemokraterna.se\/varmland\/files\/2024\/09\/sara-hallin-90x90.jpg 90w, https:\/\/wp.kristdemokraterna.se\/varmland\/files\/2024\/09\/sara-hallin-280x280.jpg 280w, https:\/\/wp.kristdemokraterna.se\/varmland\/files\/2024\/09\/sara-hallin-340x340.jpg 340w, https:\/\/wp.kristdemokraterna.se\/varmland\/files\/2024\/09\/sara-hallin-56x56.jpg 56w, https:\/\/wp.kristdemokraterna.se\/varmland\/files\/2024\/09\/sara-hallin.jpg 400w\" sizes=\"auto, (max-width: 300px) 100vw, 300px\" \/><\/a><\/p>\n<p><strong><em>Sara Hallin, regionr\u00e5d och vice ordf\u00f6rande i h\u00e4lso- och sjukv\u00e5rdsn\u00e4mnden<\/em><\/strong><\/p>\n<p>Kristdemokraterna i V\u00e4rmland \u00e4r ett riktigt sjukv\u00e5rdsparti. Under mandatperioden 2022-2026 \u00e4r kristdemokraterna i opposition tillsammans med Moderaterna och Liberalerna. V\u00e5rt kristdemokratiska regionr\u00e5d, Sara Hallin, \u00e4r ocks\u00e5 vice ordf\u00f6rande i h\u00e4lso- och sjukv\u00e5rdsn\u00e4mnden.<\/p>\n<p>&nbsp;<\/p>\n<p>&nbsp;<\/p>\n","protected":false},"excerpt":{"rendered":"<p>Sara Hallin, regionr\u00e5d och vice ordf\u00f6rande i h\u00e4lso- och sjukv\u00e5rdsn\u00e4mnden Kristdemokraterna i V\u00e4rmland \u00e4r ett riktigt sjukv\u00e5rdsparti. Under mandatperioden 2022-2026 \u00e4r kristdemokraterna i opposition tillsammans med Moderaterna och Liberalerna. V\u00e5rt kristdemokratiska regionr\u00e5d, Sara Hallin, \u00e4r ocks\u00e5 vice ordf\u00f6rande i h\u00e4lso- och sjukv\u00e5rdsn\u00e4mnden. &nbsp; &nbsp;<\/p>\n","protected":false},"author":770,"featured_media":0,"parent":517,"menu_order":0,"comment_status":"closed","ping_status":"closed","template":"","meta":{"_acf_changed":false,"footnotes":""},"class_list":["post-521","page","type-page","status-publish","hentry"],"acf":[],"yoast_head":"<!-- This site is optimized with the Yoast SEO plugin v27.4 - https:\/\/yoast.com\/product\/yoast-seo-wordpress\/ -->\n<title>Ett riktigt sjukv\u00e5rdsparti - Kristdemokraterna i V\u00e4rmland<\/title>\n<meta name=\"robots\" content=\"index, follow, max-snippet:-1, max-image-preview:large, max-video-preview:-1\" \/>\n<link rel=\"canonical\" href=\"https:\/\/wp.kristdemokraterna.se\/varmland\/ett-varmland-dar-det-ar-gott-att-leva\/ett-riktigt-sjukvardsparti\/\" \/>\n<meta property=\"og:locale\" content=\"sv_SE\" \/>\n<meta property=\"og:type\" content=\"article\" \/>\n<meta property=\"og:title\" content=\"Ett riktigt sjukv\u00e5rdsparti - Kristdemokraterna i V\u00e4rmland\" \/>\n<meta property=\"og:description\" content=\"Sara Hallin, regionr\u00e5d och vice ordf\u00f6rande i h\u00e4lso- och sjukv\u00e5rdsn\u00e4mnden Kristdemokraterna i V\u00e4rmland \u00e4r ett riktigt sjukv\u00e5rdsparti. Under mandatperioden 2022-2026 \u00e4r kristdemokraterna i opposition tillsammans med Moderaterna och Liberalerna. V\u00e5rt kristdemokratiska regionr\u00e5d, Sara Hallin, \u00e4r ocks\u00e5 vice ordf\u00f6rande i h\u00e4lso- och sjukv\u00e5rdsn\u00e4mnden. &nbsp; &nbsp;\" \/>\n<meta property=\"og:url\" content=\"https:\/\/wp.kristdemokraterna.se\/varmland\/ett-varmland-dar-det-ar-gott-att-leva\/ett-riktigt-sjukvardsparti\/\" \/>\n<meta property=\"og:site_name\" content=\"Kristdemokraterna i V\u00e4rmland\" \/>\n<meta property=\"article:modified_time\" content=\"2025-09-09T10:03:41+00:00\" \/>\n<meta property=\"og:image\" content=\"https:\/\/wp.kristdemokraterna.se\/varmland\/files\/2024\/09\/sara-hallin.jpg\" \/>\n\t<meta property=\"og:image:width\" content=\"400\" \/>\n\t<meta property=\"og:image:height\" content=\"400\" \/>\n\t<meta property=\"og:image:type\" content=\"image\/jpeg\" \/>\n<meta name=\"twitter:card\" content=\"summary_large_image\" \/>\n<meta name=\"twitter:label1\" content=\"Ber\u00e4knad l\u00e4stid\" \/>\n\t<meta name=\"twitter:data1\" content=\"3 minuter\" \/>\n<script type=\"application\/ld+json\" class=\"yoast-schema-graph\">{\"@context\":\"https:\\\/\\\/schema.org\",\"@graph\":[{\"@type\":\"WebPage\",\"@id\":\"https:\\\/\\\/wp.kristdemokraterna.se\\\/varmland\\\/ett-varmland-dar-det-ar-gott-att-leva\\\/ett-riktigt-sjukvardsparti\\\/\",\"url\":\"https:\\\/\\\/wp.kristdemokraterna.se\\\/varmland\\\/ett-varmland-dar-det-ar-gott-att-leva\\\/ett-riktigt-sjukvardsparti\\\/\",\"name\":\"Ett riktigt sjukv\u00e5rdsparti - Kristdemokraterna i V\u00e4rmland\",\"isPartOf\":{\"@id\":\"https:\\\/\\\/wp.kristdemokraterna.se\\\/varmland\\\/#website\"},\"primaryImageOfPage\":{\"@id\":\"https:\\\/\\\/wp.kristdemokraterna.se\\\/varmland\\\/ett-varmland-dar-det-ar-gott-att-leva\\\/ett-riktigt-sjukvardsparti\\\/#primaryimage\"},\"image\":{\"@id\":\"https:\\\/\\\/wp.kristdemokraterna.se\\\/varmland\\\/ett-varmland-dar-det-ar-gott-att-leva\\\/ett-riktigt-sjukvardsparti\\\/#primaryimage\"},\"thumbnailUrl\":\"http:\\\/\\\/wp.kristdemokraterna.se\\\/varmland\\\/files\\\/2024\\\/09\\\/sara-hallin-300x300.jpg\",\"datePublished\":\"2018-06-15T14:11:06+00:00\",\"dateModified\":\"2025-09-09T10:03:41+00:00\",\"breadcrumb\":{\"@id\":\"https:\\\/\\\/wp.kristdemokraterna.se\\\/varmland\\\/ett-varmland-dar-det-ar-gott-att-leva\\\/ett-riktigt-sjukvardsparti\\\/#breadcrumb\"},\"inLanguage\":\"sv-SE\",\"potentialAction\":[{\"@type\":\"ReadAction\",\"target\":[\"https:\\\/\\\/wp.kristdemokraterna.se\\\/varmland\\\/ett-varmland-dar-det-ar-gott-att-leva\\\/ett-riktigt-sjukvardsparti\\\/\"]}]},{\"@type\":\"ImageObject\",\"inLanguage\":\"sv-SE\",\"@id\":\"https:\\\/\\\/wp.kristdemokraterna.se\\\/varmland\\\/ett-varmland-dar-det-ar-gott-att-leva\\\/ett-riktigt-sjukvardsparti\\\/#primaryimage\",\"url\":\"https:\\\/\\\/wp.kristdemokraterna.se\\\/varmland\\\/files\\\/2024\\\/09\\\/sara-hallin.jpg\",\"contentUrl\":\"https:\\\/\\\/wp.kristdemokraterna.se\\\/varmland\\\/files\\\/2024\\\/09\\\/sara-hallin.jpg\",\"width\":400,\"height\":400},{\"@type\":\"BreadcrumbList\",\"@id\":\"https:\\\/\\\/wp.kristdemokraterna.se\\\/varmland\\\/ett-varmland-dar-det-ar-gott-att-leva\\\/ett-riktigt-sjukvardsparti\\\/#breadcrumb\",\"itemListElement\":[{\"@type\":\"ListItem\",\"position\":1,\"name\":\"Hem\",\"item\":\"https:\\\/\\\/wp.kristdemokraterna.se\\\/varmland\\\/\"},{\"@type\":\"ListItem\",\"position\":2,\"name\":\"V\u00e5r politik\",\"item\":\"https:\\\/\\\/wp.kristdemokraterna.se\\\/varmland\\\/ett-varmland-dar-det-ar-gott-att-leva\\\/\"},{\"@type\":\"ListItem\",\"position\":3,\"name\":\"Ett riktigt sjukv\u00e5rdsparti\"}]},{\"@type\":\"WebSite\",\"@id\":\"https:\\\/\\\/wp.kristdemokraterna.se\\\/varmland\\\/#website\",\"url\":\"https:\\\/\\\/wp.kristdemokraterna.se\\\/varmland\\\/\",\"name\":\"Kristdemokraterna i V\u00e4rmland\",\"description\":\"En till Kristdemokraterna webbplats\",\"inLanguage\":\"sv-SE\"}]}<\/script>\n<!-- \/ Yoast SEO plugin. -->","yoast_head_json":{"title":"Ett riktigt sjukv\u00e5rdsparti - Kristdemokraterna i V\u00e4rmland","robots":{"index":"index","follow":"follow","max-snippet":"max-snippet:-1","max-image-preview":"max-image-preview:large","max-video-preview":"max-video-preview:-1"},"canonical":"https:\/\/wp.kristdemokraterna.se\/varmland\/ett-varmland-dar-det-ar-gott-att-leva\/ett-riktigt-sjukvardsparti\/","og_locale":"sv_SE","og_type":"article","og_title":"Ett riktigt sjukv\u00e5rdsparti - Kristdemokraterna i V\u00e4rmland","og_description":"Sara Hallin, regionr\u00e5d och vice ordf\u00f6rande i h\u00e4lso- och sjukv\u00e5rdsn\u00e4mnden Kristdemokraterna i V\u00e4rmland \u00e4r ett riktigt sjukv\u00e5rdsparti. Under mandatperioden 2022-2026 \u00e4r kristdemokraterna i opposition tillsammans med Moderaterna och Liberalerna. V\u00e5rt kristdemokratiska regionr\u00e5d, Sara Hallin, \u00e4r ocks\u00e5 vice ordf\u00f6rande i h\u00e4lso- och sjukv\u00e5rdsn\u00e4mnden. &nbsp; &nbsp;","og_url":"https:\/\/wp.kristdemokraterna.se\/varmland\/ett-varmland-dar-det-ar-gott-att-leva\/ett-riktigt-sjukvardsparti\/","og_site_name":"Kristdemokraterna i V\u00e4rmland","article_modified_time":"2025-09-09T10:03:41+00:00","og_image":[{"width":400,"height":400,"url":"https:\/\/wp.kristdemokraterna.se\/varmland\/files\/2024\/09\/sara-hallin.jpg","type":"image\/jpeg"}],"twitter_card":"summary_large_image","twitter_misc":{"Ber\u00e4knad l\u00e4stid":"3 minuter"},"schema":{"@context":"https:\/\/schema.org","@graph":[{"@type":"WebPage","@id":"https:\/\/wp.kristdemokraterna.se\/varmland\/ett-varmland-dar-det-ar-gott-att-leva\/ett-riktigt-sjukvardsparti\/","url":"https:\/\/wp.kristdemokraterna.se\/varmland\/ett-varmland-dar-det-ar-gott-att-leva\/ett-riktigt-sjukvardsparti\/","name":"Ett riktigt sjukv\u00e5rdsparti - Kristdemokraterna i V\u00e4rmland","isPartOf":{"@id":"https:\/\/wp.kristdemokraterna.se\/varmland\/#website"},"primaryImageOfPage":{"@id":"https:\/\/wp.kristdemokraterna.se\/varmland\/ett-varmland-dar-det-ar-gott-att-leva\/ett-riktigt-sjukvardsparti\/#primaryimage"},"image":{"@id":"https:\/\/wp.kristdemokraterna.se\/varmland\/ett-varmland-dar-det-ar-gott-att-leva\/ett-riktigt-sjukvardsparti\/#primaryimage"},"thumbnailUrl":"http:\/\/wp.kristdemokraterna.se\/varmland\/files\/2024\/09\/sara-hallin-300x300.jpg","datePublished":"2018-06-15T14:11:06+00:00","dateModified":"2025-09-09T10:03:41+00:00","breadcrumb":{"@id":"https:\/\/wp.kristdemokraterna.se\/varmland\/ett-varmland-dar-det-ar-gott-att-leva\/ett-riktigt-sjukvardsparti\/#breadcrumb"},"inLanguage":"sv-SE","potentialAction":[{"@type":"ReadAction","target":["https:\/\/wp.kristdemokraterna.se\/varmland\/ett-varmland-dar-det-ar-gott-att-leva\/ett-riktigt-sjukvardsparti\/"]}]},{"@type":"ImageObject","inLanguage":"sv-SE","@id":"https:\/\/wp.kristdemokraterna.se\/varmland\/ett-varmland-dar-det-ar-gott-att-leva\/ett-riktigt-sjukvardsparti\/#primaryimage","url":"https:\/\/wp.kristdemokraterna.se\/varmland\/files\/2024\/09\/sara-hallin.jpg","contentUrl":"https:\/\/wp.kristdemokraterna.se\/varmland\/files\/2024\/09\/sara-hallin.jpg","width":400,"height":400},{"@type":"BreadcrumbList","@id":"https:\/\/wp.kristdemokraterna.se\/varmland\/ett-varmland-dar-det-ar-gott-att-leva\/ett-riktigt-sjukvardsparti\/#breadcrumb","itemListElement":[{"@type":"ListItem","position":1,"name":"Hem","item":"https:\/\/wp.kristdemokraterna.se\/varmland\/"},{"@type":"ListItem","position":2,"name":"V\u00e5r politik","item":"https:\/\/wp.kristdemokraterna.se\/varmland\/ett-varmland-dar-det-ar-gott-att-leva\/"},{"@type":"ListItem","position":3,"name":"Ett riktigt sjukv\u00e5rdsparti"}]},{"@type":"WebSite","@id":"https:\/\/wp.kristdemokraterna.se\/varmland\/#website","url":"https:\/\/wp.kristdemokraterna.se\/varmland\/","name":"Kristdemokraterna i V\u00e4rmland","description":"En till Kristdemokraterna webbplats","inLanguage":"sv-SE"}]}},"_links":{"self":[{"href":"https:\/\/wp.kristdemokraterna.se\/varmland\/wp-json\/wp\/v2\/pages\/521","targetHints":{"allow":["GET"]}}],"collection":[{"href":"https:\/\/wp.kristdemokraterna.se\/varmland\/wp-json\/wp\/v2\/pages"}],"about":[{"href":"https:\/\/wp.kristdemokraterna.se\/varmland\/wp-json\/wp\/v2\/types\/page"}],"author":[{"embeddable":true,"href":"https:\/\/wp.kristdemokraterna.se\/varmland\/wp-json\/wp\/v2\/users\/770"}],"replies":[{"embeddable":true,"href":"https:\/\/wp.kristdemokraterna.se\/varmland\/wp-json\/wp\/v2\/comments?post=521"}],"version-history":[{"count":15,"href":"https:\/\/wp.kristdemokraterna.se\/varmland\/wp-json\/wp\/v2\/pages\/521\/revisions"}],"predecessor-version":[{"id":1154,"href":"https:\/\/wp.kristdemokraterna.se\/varmland\/wp-json\/wp\/v2\/pages\/521\/revisions\/1154"}],"up":[{"embeddable":true,"href":"https:\/\/wp.kristdemokraterna.se\/varmland\/wp-json\/wp\/v2\/pages\/517"}],"wp:attachment":[{"href":"https:\/\/wp.kristdemokraterna.se\/varmland\/wp-json\/wp\/v2\/media?parent=521"}],"curies":[{"name":"wp","href":"https:\/\/api.w.org\/{rel}","templated":true}]}}

Ett riktigt sjukvårdsparti

<p><a href="http://wp.kristdemokraterna.se/varmland/files/2024/09/sara-hallin.jpg"><img loading="lazy" decoding="async" class="alignnone size-medium wp-image-950" src="http://wp.kristdemokraterna.se/varmland/files/2024/09/sara-hallin-300x300.jpg" alt="" width="300" height="300" srcset="https://wp.kristdemokraterna.se/varmland/files/2024/09/sara-hallin-300x300.jpg 300w, https://wp.kristdemokraterna.se/varmland/files/2024/09/sara-hallin-150x150.jpg 150w, https://wp.kristdemokraterna.se/varmland/files/2024/09/sara-hallin-200x200.jpg 200w, https://wp.kristdemokraterna.se/varmland/files/2024/09/sara-hallin-370x370.jpg 370w, https://wp.kristdemokraterna.se/varmland/files/2024/09/sara-hallin-90x90.jpg 90w, https://wp.kristdemokraterna.se/varmland/files/2024/09/sara-hallin-280x280.jpg 280w, https://wp.kristdemokraterna.se/varmland/files/2024/09/sara-hallin-340x340.jpg 340w, https://wp.kristdemokraterna.se/varmland/files/2024/09/sara-hallin-56x56.jpg 56w, https://wp.kristdemokraterna.se/varmland/files/2024/09/sara-hallin.jpg 400w" sizes="auto, (max-width: 300px) 100vw, 300px" /></a></p>
<p><strong><em>Sara Hallin, regionråd och vice ordförande i hälso- och sjukvårdsnämnden</em></strong></p>
<p>Kristdemokraterna i Värmland är ett riktigt sjukvårdsparti. Under mandatperioden 2022-2026 är kristdemokraterna i opposition tillsammans med Moderaterna och Liberalerna. Vårt kristdemokratiska regionråd, Sara Hallin, är också vice ordförande i hälso- och sjukvårdsnämnden.</p>
<p>&nbsp;</p>
<p>&nbsp;</p>

<p>Sara Hallin, regionråd och vice ordförande i hälso- och sjukvårdsnämnden Kristdemokraterna i Värmland är ett riktigt sjukvårdsparti. Under mandatperioden 2022-2026 är kristdemokraterna i opposition tillsammans med Moderaterna och Liberalerna. Vårt kristdemokratiska regionråd, Sara Hallin, är också vice ordförande i hälso- och sjukvårdsnämnden. &nbsp; &nbsp;</p>

<!-- This site is optimized with the Yoast SEO plugin v27.4 - https://yoast.com/product/yoast-seo-wordpress/ -->
<title>Ett riktigt sjukvårdsparti - Kristdemokraterna i Värmland</title>
<meta name="robots" content="index, follow, max-snippet:-1, max-image-preview:large, max-video-preview:-1" />
<link rel="canonical" href="https://wp.kristdemokraterna.se/varmland/ett-varmland-dar-det-ar-gott-att-leva/ett-riktigt-sjukvardsparti/" />
<meta property="og:locale" content="sv_SE" />
<meta property="og:type" content="article" />
<meta property="og:title" content="Ett riktigt sjukvårdsparti - Kristdemokraterna i Värmland" />
<meta property="og:description" content="Sara Hallin, regionråd och vice ordförande i hälso- och sjukvårdsnämnden Kristdemokraterna i Värmland är ett riktigt sjukvårdsparti. Under mandatperioden 2022-2026 är kristdemokraterna i opposition tillsammans med Moderaterna och Liberalerna. Vårt kristdemokratiska regionråd, Sara Hallin, är också vice ordförande i hälso- och sjukvårdsnämnden. &nbsp; &nbsp;" />
<meta property="og:url" content="https://wp.kristdemokraterna.se/varmland/ett-varmland-dar-det-ar-gott-att-leva/ett-riktigt-sjukvardsparti/" />
<meta property="og:site_name" content="Kristdemokraterna i Värmland" />
<meta property="article:modified_time" content="2025-09-09T10:03:41+00:00" />
<meta property="og:image" content="https://wp.kristdemokraterna.se/varmland/files/2024/09/sara-hallin.jpg" />
	<meta property="og:image:width" content="400" />
	<meta property="og:image:height" content="400" />
	<meta property="og:image:type" content="image/jpeg" />
<meta name="twitter:card" content="summary_large_image" />
<meta name="twitter:label1" content="Beräknad lästid" />
	<meta name="twitter:data1" content="3 minuter" />
<script type="application/ld+json" class="yoast-schema-graph">{"@context":"https:\/\/schema.org","@graph":[{"@type":"WebPage","@id":"https:\/\/wp.kristdemokraterna.se\/varmland\/ett-varmland-dar-det-ar-gott-att-leva\/ett-riktigt-sjukvardsparti\/","url":"https:\/\/wp.kristdemokraterna.se\/varmland\/ett-varmland-dar-det-ar-gott-att-leva\/ett-riktigt-sjukvardsparti\/","name":"Ett riktigt sjukvårdsparti - Kristdemokraterna i Värmland","isPartOf":{"@id":"https:\/\/wp.kristdemokraterna.se\/varmland\/#website"},"primaryImageOfPage":{"@id":"https:\/\/wp.kristdemokraterna.se\/varmland\/ett-varmland-dar-det-ar-gott-att-leva\/ett-riktigt-sjukvardsparti\/#primaryimage"},"image":{"@id":"https:\/\/wp.kristdemokraterna.se\/varmland\/ett-varmland-dar-det-ar-gott-att-leva\/ett-riktigt-sjukvardsparti\/#primaryimage"},"thumbnailUrl":"http:\/\/wp.kristdemokraterna.se\/varmland\/files\/2024\/09\/sara-hallin-300x300.jpg","datePublished":"2018-06-15T14:11:06+00:00","dateModified":"2025-09-09T10:03:41+00:00","breadcrumb":{"@id":"https:\/\/wp.kristdemokraterna.se\/varmland\/ett-varmland-dar-det-ar-gott-att-leva\/ett-riktigt-sjukvardsparti\/#breadcrumb"},"inLanguage":"sv-SE","potentialAction":[{"@type":"ReadAction","target":["https:\/\/wp.kristdemokraterna.se\/varmland\/ett-varmland-dar-det-ar-gott-att-leva\/ett-riktigt-sjukvardsparti\/"]}]},{"@type":"ImageObject","inLanguage":"sv-SE","@id":"https:\/\/wp.kristdemokraterna.se\/varmland\/ett-varmland-dar-det-ar-gott-att-leva\/ett-riktigt-sjukvardsparti\/#primaryimage","url":"https:\/\/wp.kristdemokraterna.se\/varmland\/files\/2024\/09\/sara-hallin.jpg","contentUrl":"https:\/\/wp.kristdemokraterna.se\/varmland\/files\/2024\/09\/sara-hallin.jpg","width":400,"height":400},{"@type":"BreadcrumbList","@id":"https:\/\/wp.kristdemokraterna.se\/varmland\/ett-varmland-dar-det-ar-gott-att-leva\/ett-riktigt-sjukvardsparti\/#breadcrumb","itemListElement":[{"@type":"ListItem","position":1,"name":"Hem","item":"https:\/\/wp.kristdemokraterna.se\/varmland\/"},{"@type":"ListItem","position":2,"name":"Vår politik","item":"https:\/\/wp.kristdemokraterna.se\/varmland\/ett-varmland-dar-det-ar-gott-att-leva\/"},{"@type":"ListItem","position":3,"name":"Ett riktigt sjukvårdsparti"}]},{"@type":"WebSite","@id":"https:\/\/wp.kristdemokraterna.se\/varmland\/#website","url":"https:\/\/wp.kristdemokraterna.se\/varmland\/","name":"Kristdemokraterna i Värmland","description":"En till Kristdemokraterna webbplats","inLanguage":"sv-SE"}]}</script>
<!-- / Yoast SEO plugin. -->

Ett riktigt sjukvårdsparti - Kristdemokraterna i Värmland

Sara Hallin, regionråd och vice ordförande i hälso- och sjukvårdsnämnden Kristdemokraterna i Värmland är ett riktigt sjukvårdsparti. Under mandatperioden 2022-2026 är kristdemokraterna i opposition tillsammans med Moderaterna och Liberalerna. Vårt kristdemokratiska regionråd, Sara Hallin, är också vice ordförande i hälso- och sjukvårdsnämnden. &nbsp; &nbsp;

Kristdemokraterna i Värmland

Vår politik
