{"id":581,"date":"2018-06-18T11:09:04","date_gmt":"2018-06-18T09:09:04","guid":{"rendered":"http:\/\/wp.kristdemokraterna.se\/varmland2\/?page_id=581"},"modified":"2022-05-18T21:34:26","modified_gmt":"2022-05-18T19:34:26","slug":"sunne","status":"publish","type":"page","link":"https:\/\/wp.kristdemokraterna.se\/varmland\/vara-foretradare\/vara-fortoendevalda\/sunne\/","title":{"rendered":"&#8211; Sunne"},"content":{"rendered":"<ol>\n<li>Rolf \u00d6rnborg, Ljudtekniker, Sunne<\/li>\n<li>Carolina Landberg, Hemmaf\u00f6r\u00e4lder, Sunne<\/li>\n<li>Emil Ols\u00e9n-Johansson, Speciall\u00e4rare, Sunne<\/li>\n<li>Monica Fredriksson, Personalass, V:a \u00c4mtervik<\/li>\n<li>Kristoffer Landberg, Transportledare, Sunne<\/li>\n<li>Victoria Larsson, Undersk\u00f6terska, Sunne<\/li>\n<li>Mariann Larsson, Sjukgymnast, Gr\u00e4smark<\/li>\n<\/ol>\n","protected":false},"excerpt":{"rendered":"<p>Rolf \u00d6rnborg, Ljudtekniker, Sunne Carolina Landberg, Hemmaf\u00f6r\u00e4lder, Sunne Emil Ols\u00e9n-Johansson, Speciall\u00e4rare, Sunne Monica Fredriksson, Personalass, V:a \u00c4mtervik Kristoffer Landberg, Transportledare, Sunne Victoria Larsson, Undersk\u00f6terska, Sunne Mariann Larsson, Sjukgymnast, Gr\u00e4smark<\/p>\n","protected":false},"author":770,"featured_media":0,"parent":564,"menu_order":0,"comment_status":"closed","ping_status":"closed","template":"","meta":{"_acf_changed":false,"footnotes":""},"class_list":["post-581","page","type-page","status-publish","hentry"],"acf":[],"yoast_head":"<!-- This site is optimized with the Yoast SEO plugin v27.4 - https:\/\/yoast.com\/product\/yoast-seo-wordpress\/ -->\n<title>- Sunne - Kristdemokraterna i V\u00e4rmland<\/title>\n<meta name=\"robots\" content=\"index, follow, max-snippet:-1, max-image-preview:large, max-video-preview:-1\" \/>\n<link rel=\"canonical\" href=\"https:\/\/wp.kristdemokraterna.se\/varmland\/vara-foretradare\/vara-fortoendevalda\/sunne\/\" \/>\n<meta property=\"og:locale\" content=\"sv_SE\" \/>\n<meta property=\"og:type\" content=\"article\" \/>\n<meta property=\"og:title\" content=\"- Sunne - Kristdemokraterna i V\u00e4rmland\" \/>\n<meta property=\"og:description\" content=\"Rolf \u00d6rnborg, Ljudtekniker, Sunne Carolina Landberg, Hemmaf\u00f6r\u00e4lder, Sunne Emil Ols\u00e9n-Johansson, Speciall\u00e4rare, Sunne Monica Fredriksson, Personalass, V:a \u00c4mtervik Kristoffer Landberg, Transportledare, Sunne Victoria Larsson, Undersk\u00f6terska, Sunne Mariann Larsson, Sjukgymnast, Gr\u00e4smark\" \/>\n<meta property=\"og:url\" content=\"https:\/\/wp.kristdemokraterna.se\/varmland\/vara-foretradare\/vara-fortoendevalda\/sunne\/\" \/>\n<meta property=\"og:site_name\" content=\"Kristdemokraterna i V\u00e4rmland\" \/>\n<meta property=\"article:modified_time\" content=\"2022-05-18T19:34:26+00:00\" \/>\n<meta name=\"twitter:card\" content=\"summary_large_image\" \/>\n<meta name=\"twitter:label1\" content=\"Ber\u00e4knad l\u00e4stid\" \/>\n\t<meta name=\"twitter:data1\" content=\"1 minut\" \/>\n<script type=\"application\/ld+json\" class=\"yoast-schema-graph\">{\"@context\":\"https:\\\/\\\/schema.org\",\"@graph\":[{\"@type\":\"WebPage\",\"@id\":\"https:\\\/\\\/wp.kristdemokraterna.se\\\/varmland\\\/vara-foretradare\\\/vara-fortoendevalda\\\/sunne\\\/\",\"url\":\"https:\\\/\\\/wp.kristdemokraterna.se\\\/varmland\\\/vara-foretradare\\\/vara-fortoendevalda\\\/sunne\\\/\",\"name\":\"- Sunne - Kristdemokraterna i V\u00e4rmland\",\"isPartOf\":{\"@id\":\"https:\\\/\\\/wp.kristdemokraterna.se\\\/varmland\\\/#website\"},\"datePublished\":\"2018-06-18T09:09:04+00:00\",\"dateModified\":\"2022-05-18T19:34:26+00:00\",\"breadcrumb\":{\"@id\":\"https:\\\/\\\/wp.kristdemokraterna.se\\\/varmland\\\/vara-foretradare\\\/vara-fortoendevalda\\\/sunne\\\/#breadcrumb\"},\"inLanguage\":\"sv-SE\",\"potentialAction\":[{\"@type\":\"ReadAction\",\"target\":[\"https:\\\/\\\/wp.kristdemokraterna.se\\\/varmland\\\/vara-foretradare\\\/vara-fortoendevalda\\\/sunne\\\/\"]}]},{\"@type\":\"BreadcrumbList\",\"@id\":\"https:\\\/\\\/wp.kristdemokraterna.se\\\/varmland\\\/vara-foretradare\\\/vara-fortoendevalda\\\/sunne\\\/#breadcrumb\",\"itemListElement\":[{\"@type\":\"ListItem\",\"position\":1,\"name\":\"Hem\",\"item\":\"https:\\\/\\\/wp.kristdemokraterna.se\\\/varmland\\\/\"},{\"@type\":\"ListItem\",\"position\":2,\"name\":\"V\u00e5ra f\u00f6retr\u00e4dare\",\"item\":\"https:\\\/\\\/wp.kristdemokraterna.se\\\/varmland\\\/vara-foretradare\\\/\"},{\"@type\":\"ListItem\",\"position\":3,\"name\":\"V\u00e5ra kandidater valet 2022\",\"item\":\"https:\\\/\\\/wp.kristdemokraterna.se\\\/varmland\\\/vara-foretradare\\\/vara-fortoendevalda\\\/\"},{\"@type\":\"ListItem\",\"position\":4,\"name\":\"&#8211; Sunne\"}]},{\"@type\":\"WebSite\",\"@id\":\"https:\\\/\\\/wp.kristdemokraterna.se\\\/varmland\\\/#website\",\"url\":\"https:\\\/\\\/wp.kristdemokraterna.se\\\/varmland\\\/\",\"name\":\"Kristdemokraterna i V\u00e4rmland\",\"description\":\"En till Kristdemokraterna webbplats\",\"inLanguage\":\"sv-SE\"}]}<\/script>\n<!-- \/ Yoast SEO plugin. -->","yoast_head_json":{"title":"- Sunne - Kristdemokraterna i V\u00e4rmland","robots":{"index":"index","follow":"follow","max-snippet":"max-snippet:-1","max-image-preview":"max-image-preview:large","max-video-preview":"max-video-preview:-1"},"canonical":"https:\/\/wp.kristdemokraterna.se\/varmland\/vara-foretradare\/vara-fortoendevalda\/sunne\/","og_locale":"sv_SE","og_type":"article","og_title":"- Sunne - Kristdemokraterna i V\u00e4rmland","og_description":"Rolf \u00d6rnborg, Ljudtekniker, Sunne Carolina Landberg, Hemmaf\u00f6r\u00e4lder, Sunne Emil Ols\u00e9n-Johansson, Speciall\u00e4rare, Sunne Monica Fredriksson, Personalass, V:a \u00c4mtervik Kristoffer Landberg, Transportledare, Sunne Victoria Larsson, Undersk\u00f6terska, Sunne Mariann Larsson, Sjukgymnast, Gr\u00e4smark","og_url":"https:\/\/wp.kristdemokraterna.se\/varmland\/vara-foretradare\/vara-fortoendevalda\/sunne\/","og_site_name":"Kristdemokraterna i V\u00e4rmland","article_modified_time":"2022-05-18T19:34:26+00:00","twitter_card":"summary_large_image","twitter_misc":{"Ber\u00e4knad l\u00e4stid":"1 minut"},"schema":{"@context":"https:\/\/schema.org","@graph":[{"@type":"WebPage","@id":"https:\/\/wp.kristdemokraterna.se\/varmland\/vara-foretradare\/vara-fortoendevalda\/sunne\/","url":"https:\/\/wp.kristdemokraterna.se\/varmland\/vara-foretradare\/vara-fortoendevalda\/sunne\/","name":"- Sunne - Kristdemokraterna i V\u00e4rmland","isPartOf":{"@id":"https:\/\/wp.kristdemokraterna.se\/varmland\/#website"},"datePublished":"2018-06-18T09:09:04+00:00","dateModified":"2022-05-18T19:34:26+00:00","breadcrumb":{"@id":"https:\/\/wp.kristdemokraterna.se\/varmland\/vara-foretradare\/vara-fortoendevalda\/sunne\/#breadcrumb"},"inLanguage":"sv-SE","potentialAction":[{"@type":"ReadAction","target":["https:\/\/wp.kristdemokraterna.se\/varmland\/vara-foretradare\/vara-fortoendevalda\/sunne\/"]}]},{"@type":"BreadcrumbList","@id":"https:\/\/wp.kristdemokraterna.se\/varmland\/vara-foretradare\/vara-fortoendevalda\/sunne\/#breadcrumb","itemListElement":[{"@type":"ListItem","position":1,"name":"Hem","item":"https:\/\/wp.kristdemokraterna.se\/varmland\/"},{"@type":"ListItem","position":2,"name":"V\u00e5ra f\u00f6retr\u00e4dare","item":"https:\/\/wp.kristdemokraterna.se\/varmland\/vara-foretradare\/"},{"@type":"ListItem","position":3,"name":"V\u00e5ra kandidater valet 2022","item":"https:\/\/wp.kristdemokraterna.se\/varmland\/vara-foretradare\/vara-fortoendevalda\/"},{"@type":"ListItem","position":4,"name":"&#8211; Sunne"}]},{"@type":"WebSite","@id":"https:\/\/wp.kristdemokraterna.se\/varmland\/#website","url":"https:\/\/wp.kristdemokraterna.se\/varmland\/","name":"Kristdemokraterna i V\u00e4rmland","description":"En till Kristdemokraterna webbplats","inLanguage":"sv-SE"}]}},"_links":{"self":[{"href":"https:\/\/wp.kristdemokraterna.se\/varmland\/wp-json\/wp\/v2\/pages\/581","targetHints":{"allow":["GET"]}}],"collection":[{"href":"https:\/\/wp.kristdemokraterna.se\/varmland\/wp-json\/wp\/v2\/pages"}],"about":[{"href":"https:\/\/wp.kristdemokraterna.se\/varmland\/wp-json\/wp\/v2\/types\/page"}],"author":[{"embeddable":true,"href":"https:\/\/wp.kristdemokraterna.se\/varmland\/wp-json\/wp\/v2\/users\/770"}],"replies":[{"embeddable":true,"href":"https:\/\/wp.kristdemokraterna.se\/varmland\/wp-json\/wp\/v2\/comments?post=581"}],"version-history":[{"count":3,"href":"https:\/\/wp.kristdemokraterna.se\/varmland\/wp-json\/wp\/v2\/pages\/581\/revisions"}],"predecessor-version":[{"id":765,"href":"https:\/\/wp.kristdemokraterna.se\/varmland\/wp-json\/wp\/v2\/pages\/581\/revisions\/765"}],"up":[{"embeddable":true,"href":"https:\/\/wp.kristdemokraterna.se\/varmland\/wp-json\/wp\/v2\/pages\/564"}],"wp:attachment":[{"href":"https:\/\/wp.kristdemokraterna.se\/varmland\/wp-json\/wp\/v2\/media?parent=581"}],"curies":[{"name":"wp","href":"https:\/\/api.w.org\/{rel}","templated":true}]}}

<ol>
<li>Rolf Örnborg, Ljudtekniker, Sunne</li>
<li>Carolina Landberg, Hemmaförälder, Sunne</li>
<li>Emil Olsén-Johansson, Speciallärare, Sunne</li>
<li>Monica Fredriksson, Personalass, V:a Ämtervik</li>
<li>Kristoffer Landberg, Transportledare, Sunne</li>
<li>Victoria Larsson, Undersköterska, Sunne</li>
<li>Mariann Larsson, Sjukgymnast, Gräsmark</li>
</ol>

<p>Rolf Örnborg, Ljudtekniker, Sunne Carolina Landberg, Hemmaförälder, Sunne Emil Olsén-Johansson, Speciallärare, Sunne Monica Fredriksson, Personalass, V:a Ämtervik Kristoffer Landberg, Transportledare, Sunne Victoria Larsson, Undersköterska, Sunne Mariann Larsson, Sjukgymnast, Gräsmark</p>

<!-- This site is optimized with the Yoast SEO plugin v27.4 - https://yoast.com/product/yoast-seo-wordpress/ -->
<title>- Sunne - Kristdemokraterna i Värmland</title>
<meta name="robots" content="index, follow, max-snippet:-1, max-image-preview:large, max-video-preview:-1" />
<link rel="canonical" href="https://wp.kristdemokraterna.se/varmland/vara-foretradare/vara-fortoendevalda/sunne/" />
<meta property="og:locale" content="sv_SE" />
<meta property="og:type" content="article" />
<meta property="og:title" content="- Sunne - Kristdemokraterna i Värmland" />
<meta property="og:description" content="Rolf Örnborg, Ljudtekniker, Sunne Carolina Landberg, Hemmaförälder, Sunne Emil Olsén-Johansson, Speciallärare, Sunne Monica Fredriksson, Personalass, V:a Ämtervik Kristoffer Landberg, Transportledare, Sunne Victoria Larsson, Undersköterska, Sunne Mariann Larsson, Sjukgymnast, Gräsmark" />
<meta property="og:url" content="https://wp.kristdemokraterna.se/varmland/vara-foretradare/vara-fortoendevalda/sunne/" />
<meta property="og:site_name" content="Kristdemokraterna i Värmland" />
<meta property="article:modified_time" content="2022-05-18T19:34:26+00:00" />
<meta name="twitter:card" content="summary_large_image" />
<meta name="twitter:label1" content="Beräknad lästid" />
	<meta name="twitter:data1" content="1 minut" />
<script type="application/ld+json" class="yoast-schema-graph">{"@context":"https:\/\/schema.org","@graph":[{"@type":"WebPage","@id":"https:\/\/wp.kristdemokraterna.se\/varmland\/vara-foretradare\/vara-fortoendevalda\/sunne\/","url":"https:\/\/wp.kristdemokraterna.se\/varmland\/vara-foretradare\/vara-fortoendevalda\/sunne\/","name":"- Sunne - Kristdemokraterna i Värmland","isPartOf":{"@id":"https:\/\/wp.kristdemokraterna.se\/varmland\/#website"},"datePublished":"2018-06-18T09:09:04+00:00","dateModified":"2022-05-18T19:34:26+00:00","breadcrumb":{"@id":"https:\/\/wp.kristdemokraterna.se\/varmland\/vara-foretradare\/vara-fortoendevalda\/sunne\/#breadcrumb"},"inLanguage":"sv-SE","potentialAction":[{"@type":"ReadAction","target":["https:\/\/wp.kristdemokraterna.se\/varmland\/vara-foretradare\/vara-fortoendevalda\/sunne\/"]}]},{"@type":"BreadcrumbList","@id":"https:\/\/wp.kristdemokraterna.se\/varmland\/vara-foretradare\/vara-fortoendevalda\/sunne\/#breadcrumb","itemListElement":[{"@type":"ListItem","position":1,"name":"Hem","item":"https:\/\/wp.kristdemokraterna.se\/varmland\/"},{"@type":"ListItem","position":2,"name":"Våra företrädare","item":"https:\/\/wp.kristdemokraterna.se\/varmland\/vara-foretradare\/"},{"@type":"ListItem","position":3,"name":"Våra kandidater valet 2022","item":"https:\/\/wp.kristdemokraterna.se\/varmland\/vara-foretradare\/vara-fortoendevalda\/"},{"@type":"ListItem","position":4,"name":"&#8211; Sunne"}]},{"@type":"WebSite","@id":"https:\/\/wp.kristdemokraterna.se\/varmland\/#website","url":"https:\/\/wp.kristdemokraterna.se\/varmland\/","name":"Kristdemokraterna i Värmland","description":"En till Kristdemokraterna webbplats","inLanguage":"sv-SE"}]}</script>
<!-- / Yoast SEO plugin. -->

- Sunne - Kristdemokraterna i Värmland

Rolf Örnborg, Ljudtekniker, Sunne Carolina Landberg, Hemmaförälder, Sunne Emil Olsén-Johansson, Speciallärare, Sunne Monica Fredriksson, Personalass, V:a Ämtervik Kristoffer Landberg, Transportledare, Sunne Victoria Larsson, Undersköterska, Sunne Mariann Larsson, Sjukgymnast, Gräsmark

Kristdemokraterna i Värmland

Våra företrädare

Våra kandidater valet 2022
