{"id":587,"date":"2018-06-18T11:13:49","date_gmt":"2018-06-18T09:13:49","guid":{"rendered":"http:\/\/wp.kristdemokraterna.se\/varmland2\/?page_id=587"},"modified":"2022-05-18T21:29:08","modified_gmt":"2022-05-18T19:29:08","slug":"kristinehamn","status":"publish","type":"page","link":"https:\/\/wp.kristdemokraterna.se\/varmland\/vara-foretradare\/vara-fortoendevalda\/kristinehamn\/","title":{"rendered":"&#8211; Kristinehamn"},"content":{"rendered":"<ol>\n<li>Ellen H\u00e5kansson, Undersk\u00f6terska, Kristinehamn<\/li>\n<li>Jan-Bj\u00f6rn Jenssen, Bussf\u00f6rare, Kristinehamn<\/li>\n<li>Aina Abrahamsson, Sjuksk\u00f6terska, Vil\u00e5ngen<\/li>\n<li>Marita Abrahamsson, Kostchef, Kristinehamn<\/li>\n<li>Fredrik Maxstad, NC Operat\u00f6r, Kristinehamn<\/li>\n<li>Domitille Niyitegeka, Microbiolog, Kristinehamn<\/li>\n<li>Lars Karlsson, Kemiingenj\u00f6r, Bj\u00f6rneborg<\/li>\n<li>Gunnel Jenssen, F\u00f6retagare, Kristinehamn<\/li>\n<li>Kalle Abrahamsson, Kyrkovaktm\u00e4stare, Vil\u00e5ngen<\/li>\n<li>Anders Sandstr\u00f6m, Tidningsbud, Kristinehamn<\/li>\n<\/ol>\n","protected":false},"excerpt":{"rendered":"<p>Ellen H\u00e5kansson, Undersk\u00f6terska, Kristinehamn Jan-Bj\u00f6rn Jenssen, Bussf\u00f6rare, Kristinehamn Aina Abrahamsson, Sjuksk\u00f6terska, Vil\u00e5ngen Marita Abrahamsson, Kostchef, Kristinehamn Fredrik Maxstad, NC Operat\u00f6r, Kristinehamn Domitille Niyitegeka, Microbiolog, Kristinehamn Lars Karlsson, Kemiingenj\u00f6r, Bj\u00f6rneborg Gunnel Jenssen, F\u00f6retagare, Kristinehamn Kalle Abrahamsson, Kyrkovaktm\u00e4stare, Vil\u00e5ngen Anders Sandstr\u00f6m, Tidningsbud, Kristinehamn<\/p>\n","protected":false},"author":770,"featured_media":0,"parent":564,"menu_order":0,"comment_status":"closed","ping_status":"closed","template":"","meta":{"_acf_changed":false,"footnotes":""},"class_list":["post-587","page","type-page","status-publish","hentry"],"acf":[],"yoast_head":"<!-- This site is optimized with the Yoast SEO plugin v27.4 - https:\/\/yoast.com\/product\/yoast-seo-wordpress\/ -->\n<title>- Kristinehamn - Kristdemokraterna i V\u00e4rmland<\/title>\n<meta name=\"robots\" content=\"index, follow, max-snippet:-1, max-image-preview:large, max-video-preview:-1\" \/>\n<link rel=\"canonical\" href=\"https:\/\/wp.kristdemokraterna.se\/varmland\/vara-foretradare\/vara-fortoendevalda\/kristinehamn\/\" \/>\n<meta property=\"og:locale\" content=\"sv_SE\" \/>\n<meta property=\"og:type\" content=\"article\" \/>\n<meta property=\"og:title\" content=\"- Kristinehamn - Kristdemokraterna i V\u00e4rmland\" \/>\n<meta property=\"og:description\" content=\"Ellen H\u00e5kansson, Undersk\u00f6terska, Kristinehamn Jan-Bj\u00f6rn Jenssen, Bussf\u00f6rare, Kristinehamn Aina Abrahamsson, Sjuksk\u00f6terska, Vil\u00e5ngen Marita Abrahamsson, Kostchef, Kristinehamn Fredrik Maxstad, NC Operat\u00f6r, Kristinehamn Domitille Niyitegeka, Microbiolog, Kristinehamn Lars Karlsson, Kemiingenj\u00f6r, Bj\u00f6rneborg Gunnel Jenssen, F\u00f6retagare, Kristinehamn Kalle Abrahamsson, Kyrkovaktm\u00e4stare, Vil\u00e5ngen Anders Sandstr\u00f6m, Tidningsbud, Kristinehamn\" \/>\n<meta property=\"og:url\" content=\"https:\/\/wp.kristdemokraterna.se\/varmland\/vara-foretradare\/vara-fortoendevalda\/kristinehamn\/\" \/>\n<meta property=\"og:site_name\" content=\"Kristdemokraterna i V\u00e4rmland\" \/>\n<meta property=\"article:modified_time\" content=\"2022-05-18T19:29:08+00:00\" \/>\n<meta name=\"twitter:card\" content=\"summary_large_image\" \/>\n<meta name=\"twitter:label1\" content=\"Ber\u00e4knad l\u00e4stid\" \/>\n\t<meta name=\"twitter:data1\" content=\"1 minut\" \/>\n<script type=\"application\/ld+json\" class=\"yoast-schema-graph\">{\"@context\":\"https:\\\/\\\/schema.org\",\"@graph\":[{\"@type\":\"WebPage\",\"@id\":\"https:\\\/\\\/wp.kristdemokraterna.se\\\/varmland\\\/vara-foretradare\\\/vara-fortoendevalda\\\/kristinehamn\\\/\",\"url\":\"https:\\\/\\\/wp.kristdemokraterna.se\\\/varmland\\\/vara-foretradare\\\/vara-fortoendevalda\\\/kristinehamn\\\/\",\"name\":\"- Kristinehamn - Kristdemokraterna i V\u00e4rmland\",\"isPartOf\":{\"@id\":\"https:\\\/\\\/wp.kristdemokraterna.se\\\/varmland\\\/#website\"},\"datePublished\":\"2018-06-18T09:13:49+00:00\",\"dateModified\":\"2022-05-18T19:29:08+00:00\",\"breadcrumb\":{\"@id\":\"https:\\\/\\\/wp.kristdemokraterna.se\\\/varmland\\\/vara-foretradare\\\/vara-fortoendevalda\\\/kristinehamn\\\/#breadcrumb\"},\"inLanguage\":\"sv-SE\",\"potentialAction\":[{\"@type\":\"ReadAction\",\"target\":[\"https:\\\/\\\/wp.kristdemokraterna.se\\\/varmland\\\/vara-foretradare\\\/vara-fortoendevalda\\\/kristinehamn\\\/\"]}]},{\"@type\":\"BreadcrumbList\",\"@id\":\"https:\\\/\\\/wp.kristdemokraterna.se\\\/varmland\\\/vara-foretradare\\\/vara-fortoendevalda\\\/kristinehamn\\\/#breadcrumb\",\"itemListElement\":[{\"@type\":\"ListItem\",\"position\":1,\"name\":\"Hem\",\"item\":\"https:\\\/\\\/wp.kristdemokraterna.se\\\/varmland\\\/\"},{\"@type\":\"ListItem\",\"position\":2,\"name\":\"V\u00e5ra f\u00f6retr\u00e4dare\",\"item\":\"https:\\\/\\\/wp.kristdemokraterna.se\\\/varmland\\\/vara-foretradare\\\/\"},{\"@type\":\"ListItem\",\"position\":3,\"name\":\"V\u00e5ra kandidater valet 2022\",\"item\":\"https:\\\/\\\/wp.kristdemokraterna.se\\\/varmland\\\/vara-foretradare\\\/vara-fortoendevalda\\\/\"},{\"@type\":\"ListItem\",\"position\":4,\"name\":\"&#8211; Kristinehamn\"}]},{\"@type\":\"WebSite\",\"@id\":\"https:\\\/\\\/wp.kristdemokraterna.se\\\/varmland\\\/#website\",\"url\":\"https:\\\/\\\/wp.kristdemokraterna.se\\\/varmland\\\/\",\"name\":\"Kristdemokraterna i V\u00e4rmland\",\"description\":\"En till Kristdemokraterna webbplats\",\"inLanguage\":\"sv-SE\"}]}<\/script>\n<!-- \/ Yoast SEO plugin. -->","yoast_head_json":{"title":"- Kristinehamn - Kristdemokraterna i V\u00e4rmland","robots":{"index":"index","follow":"follow","max-snippet":"max-snippet:-1","max-image-preview":"max-image-preview:large","max-video-preview":"max-video-preview:-1"},"canonical":"https:\/\/wp.kristdemokraterna.se\/varmland\/vara-foretradare\/vara-fortoendevalda\/kristinehamn\/","og_locale":"sv_SE","og_type":"article","og_title":"- Kristinehamn - Kristdemokraterna i V\u00e4rmland","og_description":"Ellen H\u00e5kansson, Undersk\u00f6terska, Kristinehamn Jan-Bj\u00f6rn Jenssen, Bussf\u00f6rare, Kristinehamn Aina Abrahamsson, Sjuksk\u00f6terska, Vil\u00e5ngen Marita Abrahamsson, Kostchef, Kristinehamn Fredrik Maxstad, NC Operat\u00f6r, Kristinehamn Domitille Niyitegeka, Microbiolog, Kristinehamn Lars Karlsson, Kemiingenj\u00f6r, Bj\u00f6rneborg Gunnel Jenssen, F\u00f6retagare, Kristinehamn Kalle Abrahamsson, Kyrkovaktm\u00e4stare, Vil\u00e5ngen Anders Sandstr\u00f6m, Tidningsbud, Kristinehamn","og_url":"https:\/\/wp.kristdemokraterna.se\/varmland\/vara-foretradare\/vara-fortoendevalda\/kristinehamn\/","og_site_name":"Kristdemokraterna i V\u00e4rmland","article_modified_time":"2022-05-18T19:29:08+00:00","twitter_card":"summary_large_image","twitter_misc":{"Ber\u00e4knad l\u00e4stid":"1 minut"},"schema":{"@context":"https:\/\/schema.org","@graph":[{"@type":"WebPage","@id":"https:\/\/wp.kristdemokraterna.se\/varmland\/vara-foretradare\/vara-fortoendevalda\/kristinehamn\/","url":"https:\/\/wp.kristdemokraterna.se\/varmland\/vara-foretradare\/vara-fortoendevalda\/kristinehamn\/","name":"- Kristinehamn - Kristdemokraterna i V\u00e4rmland","isPartOf":{"@id":"https:\/\/wp.kristdemokraterna.se\/varmland\/#website"},"datePublished":"2018-06-18T09:13:49+00:00","dateModified":"2022-05-18T19:29:08+00:00","breadcrumb":{"@id":"https:\/\/wp.kristdemokraterna.se\/varmland\/vara-foretradare\/vara-fortoendevalda\/kristinehamn\/#breadcrumb"},"inLanguage":"sv-SE","potentialAction":[{"@type":"ReadAction","target":["https:\/\/wp.kristdemokraterna.se\/varmland\/vara-foretradare\/vara-fortoendevalda\/kristinehamn\/"]}]},{"@type":"BreadcrumbList","@id":"https:\/\/wp.kristdemokraterna.se\/varmland\/vara-foretradare\/vara-fortoendevalda\/kristinehamn\/#breadcrumb","itemListElement":[{"@type":"ListItem","position":1,"name":"Hem","item":"https:\/\/wp.kristdemokraterna.se\/varmland\/"},{"@type":"ListItem","position":2,"name":"V\u00e5ra f\u00f6retr\u00e4dare","item":"https:\/\/wp.kristdemokraterna.se\/varmland\/vara-foretradare\/"},{"@type":"ListItem","position":3,"name":"V\u00e5ra kandidater valet 2022","item":"https:\/\/wp.kristdemokraterna.se\/varmland\/vara-foretradare\/vara-fortoendevalda\/"},{"@type":"ListItem","position":4,"name":"&#8211; Kristinehamn"}]},{"@type":"WebSite","@id":"https:\/\/wp.kristdemokraterna.se\/varmland\/#website","url":"https:\/\/wp.kristdemokraterna.se\/varmland\/","name":"Kristdemokraterna i V\u00e4rmland","description":"En till Kristdemokraterna webbplats","inLanguage":"sv-SE"}]}},"_links":{"self":[{"href":"https:\/\/wp.kristdemokraterna.se\/varmland\/wp-json\/wp\/v2\/pages\/587","targetHints":{"allow":["GET"]}}],"collection":[{"href":"https:\/\/wp.kristdemokraterna.se\/varmland\/wp-json\/wp\/v2\/pages"}],"about":[{"href":"https:\/\/wp.kristdemokraterna.se\/varmland\/wp-json\/wp\/v2\/types\/page"}],"author":[{"embeddable":true,"href":"https:\/\/wp.kristdemokraterna.se\/varmland\/wp-json\/wp\/v2\/users\/770"}],"replies":[{"embeddable":true,"href":"https:\/\/wp.kristdemokraterna.se\/varmland\/wp-json\/wp\/v2\/comments?post=587"}],"version-history":[{"count":3,"href":"https:\/\/wp.kristdemokraterna.se\/varmland\/wp-json\/wp\/v2\/pages\/587\/revisions"}],"predecessor-version":[{"id":759,"href":"https:\/\/wp.kristdemokraterna.se\/varmland\/wp-json\/wp\/v2\/pages\/587\/revisions\/759"}],"up":[{"embeddable":true,"href":"https:\/\/wp.kristdemokraterna.se\/varmland\/wp-json\/wp\/v2\/pages\/564"}],"wp:attachment":[{"href":"https:\/\/wp.kristdemokraterna.se\/varmland\/wp-json\/wp\/v2\/media?parent=587"}],"curies":[{"name":"wp","href":"https:\/\/api.w.org\/{rel}","templated":true}]}}