{"id":607,"date":"2018-06-18T15:30:35","date_gmt":"2018-06-18T13:30:35","guid":{"rendered":"http:\/\/wp.kristdemokraterna.se\/varmland2\/?page_id=607"},"modified":"2018-06-18T15:31:38","modified_gmt":"2018-06-18T13:31:38","slug":"politik-a-o","status":"publish","type":"page","link":"https:\/\/wp.kristdemokraterna.se\/varmland\/ett-varmland-dar-det-ar-gott-att-leva\/politik-a-o\/","title":{"rendered":"Politik A-\u00d6"},"content":{"rendered":"<p><a href=\"http:\/\/wp.kristdemokraterna.se\/varmland2\/files\/2016\/10\/banner_ebba_tom.jpg\"><img loading=\"lazy\" decoding=\"async\" class=\"alignnone size-medium wp-image-115\" src=\"http:\/\/wp.kristdemokraterna.se\/varmland2\/files\/2016\/10\/banner_ebba_tom-300x69.jpg\" alt=\"\" width=\"300\" height=\"69\" srcset=\"https:\/\/wp.kristdemokraterna.se\/varmland\/files\/2016\/10\/banner_ebba_tom-300x69.jpg 300w, https:\/\/wp.kristdemokraterna.se\/varmland\/files\/2016\/10\/banner_ebba_tom-768x176.jpg 768w, https:\/\/wp.kristdemokraterna.se\/varmland\/files\/2016\/10\/banner_ebba_tom-1024x234.jpg 1024w, https:\/\/wp.kristdemokraterna.se\/varmland\/files\/2016\/10\/banner_ebba_tom.jpg 1050w\" sizes=\"auto, (max-width: 300px) 100vw, 300px\" \/><\/a><\/p>\n<p>Vill du veta mer vad vi st\u00e5r i olika fr\u00e5gor, klicka <a href=\"https:\/\/kristdemokraterna.se\/politik-a-o\/\">h\u00e4r&gt;&gt;<\/a><\/p>\n","protected":false},"excerpt":{"rendered":"<p>Vill du veta mer vad vi st\u00e5r i olika fr\u00e5gor, klicka h\u00e4r&gt;&gt;<\/p>\n","protected":false},"author":770,"featured_media":0,"parent":517,"menu_order":0,"comment_status":"closed","ping_status":"closed","template":"","meta":{"_acf_changed":false,"footnotes":""},"class_list":["post-607","page","type-page","status-publish","hentry"],"acf":[],"yoast_head":"<!-- This site is optimized with the Yoast SEO plugin v27.4 - https:\/\/yoast.com\/product\/yoast-seo-wordpress\/ -->\n<title>Politik A-\u00d6 - Kristdemokraterna i V\u00e4rmland<\/title>\n<meta name=\"robots\" content=\"index, follow, max-snippet:-1, max-image-preview:large, max-video-preview:-1\" \/>\n<link rel=\"canonical\" href=\"https:\/\/wp.kristdemokraterna.se\/varmland\/ett-varmland-dar-det-ar-gott-att-leva\/politik-a-o\/\" \/>\n<meta property=\"og:locale\" content=\"sv_SE\" \/>\n<meta property=\"og:type\" content=\"article\" \/>\n<meta property=\"og:title\" content=\"Politik A-\u00d6 - Kristdemokraterna i V\u00e4rmland\" \/>\n<meta property=\"og:description\" content=\"Vill du veta mer vad vi st\u00e5r i olika fr\u00e5gor, klicka h\u00e4r&gt;&gt;\" \/>\n<meta property=\"og:url\" content=\"https:\/\/wp.kristdemokraterna.se\/varmland\/ett-varmland-dar-det-ar-gott-att-leva\/politik-a-o\/\" \/>\n<meta property=\"og:site_name\" content=\"Kristdemokraterna i V\u00e4rmland\" \/>\n<meta property=\"article:modified_time\" content=\"2018-06-18T13:31:38+00:00\" \/>\n<meta property=\"og:image\" content=\"http:\/\/wp.kristdemokraterna.se\/varmland2\/files\/2016\/10\/banner_ebba_tom-300x69.jpg\" \/>\n<meta name=\"twitter:card\" content=\"summary_large_image\" \/>\n<script type=\"application\/ld+json\" class=\"yoast-schema-graph\">{\"@context\":\"https:\\\/\\\/schema.org\",\"@graph\":[{\"@type\":\"WebPage\",\"@id\":\"https:\\\/\\\/wp.kristdemokraterna.se\\\/varmland\\\/ett-varmland-dar-det-ar-gott-att-leva\\\/politik-a-o\\\/\",\"url\":\"https:\\\/\\\/wp.kristdemokraterna.se\\\/varmland\\\/ett-varmland-dar-det-ar-gott-att-leva\\\/politik-a-o\\\/\",\"name\":\"Politik A-\u00d6 - Kristdemokraterna i V\u00e4rmland\",\"isPartOf\":{\"@id\":\"https:\\\/\\\/wp.kristdemokraterna.se\\\/varmland\\\/#website\"},\"primaryImageOfPage\":{\"@id\":\"https:\\\/\\\/wp.kristdemokraterna.se\\\/varmland\\\/ett-varmland-dar-det-ar-gott-att-leva\\\/politik-a-o\\\/#primaryimage\"},\"image\":{\"@id\":\"https:\\\/\\\/wp.kristdemokraterna.se\\\/varmland\\\/ett-varmland-dar-det-ar-gott-att-leva\\\/politik-a-o\\\/#primaryimage\"},\"thumbnailUrl\":\"http:\\\/\\\/wp.kristdemokraterna.se\\\/varmland2\\\/files\\\/2016\\\/10\\\/banner_ebba_tom-300x69.jpg\",\"datePublished\":\"2018-06-18T13:30:35+00:00\",\"dateModified\":\"2018-06-18T13:31:38+00:00\",\"breadcrumb\":{\"@id\":\"https:\\\/\\\/wp.kristdemokraterna.se\\\/varmland\\\/ett-varmland-dar-det-ar-gott-att-leva\\\/politik-a-o\\\/#breadcrumb\"},\"inLanguage\":\"sv-SE\",\"potentialAction\":[{\"@type\":\"ReadAction\",\"target\":[\"https:\\\/\\\/wp.kristdemokraterna.se\\\/varmland\\\/ett-varmland-dar-det-ar-gott-att-leva\\\/politik-a-o\\\/\"]}]},{\"@type\":\"ImageObject\",\"inLanguage\":\"sv-SE\",\"@id\":\"https:\\\/\\\/wp.kristdemokraterna.se\\\/varmland\\\/ett-varmland-dar-det-ar-gott-att-leva\\\/politik-a-o\\\/#primaryimage\",\"url\":\"http:\\\/\\\/wp.kristdemokraterna.se\\\/varmland2\\\/files\\\/2016\\\/10\\\/banner_ebba_tom-300x69.jpg\",\"contentUrl\":\"http:\\\/\\\/wp.kristdemokraterna.se\\\/varmland2\\\/files\\\/2016\\\/10\\\/banner_ebba_tom-300x69.jpg\"},{\"@type\":\"BreadcrumbList\",\"@id\":\"https:\\\/\\\/wp.kristdemokraterna.se\\\/varmland\\\/ett-varmland-dar-det-ar-gott-att-leva\\\/politik-a-o\\\/#breadcrumb\",\"itemListElement\":[{\"@type\":\"ListItem\",\"position\":1,\"name\":\"Hem\",\"item\":\"https:\\\/\\\/wp.kristdemokraterna.se\\\/varmland\\\/\"},{\"@type\":\"ListItem\",\"position\":2,\"name\":\"V\u00e5r politik\",\"item\":\"https:\\\/\\\/wp.kristdemokraterna.se\\\/varmland\\\/ett-varmland-dar-det-ar-gott-att-leva\\\/\"},{\"@type\":\"ListItem\",\"position\":3,\"name\":\"Politik A-\u00d6\"}]},{\"@type\":\"WebSite\",\"@id\":\"https:\\\/\\\/wp.kristdemokraterna.se\\\/varmland\\\/#website\",\"url\":\"https:\\\/\\\/wp.kristdemokraterna.se\\\/varmland\\\/\",\"name\":\"Kristdemokraterna i V\u00e4rmland\",\"description\":\"En till Kristdemokraterna webbplats\",\"inLanguage\":\"sv-SE\"}]}<\/script>\n<!-- \/ Yoast SEO plugin. -->","yoast_head_json":{"title":"Politik A-\u00d6 - Kristdemokraterna i V\u00e4rmland","robots":{"index":"index","follow":"follow","max-snippet":"max-snippet:-1","max-image-preview":"max-image-preview:large","max-video-preview":"max-video-preview:-1"},"canonical":"https:\/\/wp.kristdemokraterna.se\/varmland\/ett-varmland-dar-det-ar-gott-att-leva\/politik-a-o\/","og_locale":"sv_SE","og_type":"article","og_title":"Politik A-\u00d6 - Kristdemokraterna i V\u00e4rmland","og_description":"Vill du veta mer vad vi st\u00e5r i olika fr\u00e5gor, klicka h\u00e4r&gt;&gt;","og_url":"https:\/\/wp.kristdemokraterna.se\/varmland\/ett-varmland-dar-det-ar-gott-att-leva\/politik-a-o\/","og_site_name":"Kristdemokraterna i V\u00e4rmland","article_modified_time":"2018-06-18T13:31:38+00:00","og_image":[{"url":"http:\/\/wp.kristdemokraterna.se\/varmland2\/files\/2016\/10\/banner_ebba_tom-300x69.jpg","type":"","width":"","height":""}],"twitter_card":"summary_large_image","schema":{"@context":"https:\/\/schema.org","@graph":[{"@type":"WebPage","@id":"https:\/\/wp.kristdemokraterna.se\/varmland\/ett-varmland-dar-det-ar-gott-att-leva\/politik-a-o\/","url":"https:\/\/wp.kristdemokraterna.se\/varmland\/ett-varmland-dar-det-ar-gott-att-leva\/politik-a-o\/","name":"Politik A-\u00d6 - Kristdemokraterna i V\u00e4rmland","isPartOf":{"@id":"https:\/\/wp.kristdemokraterna.se\/varmland\/#website"},"primaryImageOfPage":{"@id":"https:\/\/wp.kristdemokraterna.se\/varmland\/ett-varmland-dar-det-ar-gott-att-leva\/politik-a-o\/#primaryimage"},"image":{"@id":"https:\/\/wp.kristdemokraterna.se\/varmland\/ett-varmland-dar-det-ar-gott-att-leva\/politik-a-o\/#primaryimage"},"thumbnailUrl":"http:\/\/wp.kristdemokraterna.se\/varmland2\/files\/2016\/10\/banner_ebba_tom-300x69.jpg","datePublished":"2018-06-18T13:30:35+00:00","dateModified":"2018-06-18T13:31:38+00:00","breadcrumb":{"@id":"https:\/\/wp.kristdemokraterna.se\/varmland\/ett-varmland-dar-det-ar-gott-att-leva\/politik-a-o\/#breadcrumb"},"inLanguage":"sv-SE","potentialAction":[{"@type":"ReadAction","target":["https:\/\/wp.kristdemokraterna.se\/varmland\/ett-varmland-dar-det-ar-gott-att-leva\/politik-a-o\/"]}]},{"@type":"ImageObject","inLanguage":"sv-SE","@id":"https:\/\/wp.kristdemokraterna.se\/varmland\/ett-varmland-dar-det-ar-gott-att-leva\/politik-a-o\/#primaryimage","url":"http:\/\/wp.kristdemokraterna.se\/varmland2\/files\/2016\/10\/banner_ebba_tom-300x69.jpg","contentUrl":"http:\/\/wp.kristdemokraterna.se\/varmland2\/files\/2016\/10\/banner_ebba_tom-300x69.jpg"},{"@type":"BreadcrumbList","@id":"https:\/\/wp.kristdemokraterna.se\/varmland\/ett-varmland-dar-det-ar-gott-att-leva\/politik-a-o\/#breadcrumb","itemListElement":[{"@type":"ListItem","position":1,"name":"Hem","item":"https:\/\/wp.kristdemokraterna.se\/varmland\/"},{"@type":"ListItem","position":2,"name":"V\u00e5r politik","item":"https:\/\/wp.kristdemokraterna.se\/varmland\/ett-varmland-dar-det-ar-gott-att-leva\/"},{"@type":"ListItem","position":3,"name":"Politik A-\u00d6"}]},{"@type":"WebSite","@id":"https:\/\/wp.kristdemokraterna.se\/varmland\/#website","url":"https:\/\/wp.kristdemokraterna.se\/varmland\/","name":"Kristdemokraterna i V\u00e4rmland","description":"En till Kristdemokraterna webbplats","inLanguage":"sv-SE"}]}},"_links":{"self":[{"href":"https:\/\/wp.kristdemokraterna.se\/varmland\/wp-json\/wp\/v2\/pages\/607","targetHints":{"allow":["GET"]}}],"collection":[{"href":"https:\/\/wp.kristdemokraterna.se\/varmland\/wp-json\/wp\/v2\/pages"}],"about":[{"href":"https:\/\/wp.kristdemokraterna.se\/varmland\/wp-json\/wp\/v2\/types\/page"}],"author":[{"embeddable":true,"href":"https:\/\/wp.kristdemokraterna.se\/varmland\/wp-json\/wp\/v2\/users\/770"}],"replies":[{"embeddable":true,"href":"https:\/\/wp.kristdemokraterna.se\/varmland\/wp-json\/wp\/v2\/comments?post=607"}],"version-history":[{"count":1,"href":"https:\/\/wp.kristdemokraterna.se\/varmland\/wp-json\/wp\/v2\/pages\/607\/revisions"}],"predecessor-version":[{"id":608,"href":"https:\/\/wp.kristdemokraterna.se\/varmland\/wp-json\/wp\/v2\/pages\/607\/revisions\/608"}],"up":[{"embeddable":true,"href":"https:\/\/wp.kristdemokraterna.se\/varmland\/wp-json\/wp\/v2\/pages\/517"}],"wp:attachment":[{"href":"https:\/\/wp.kristdemokraterna.se\/varmland\/wp-json\/wp\/v2\/media?parent=607"}],"curies":[{"name":"wp","href":"https:\/\/api.w.org\/{rel}","templated":true}]}}

Politik A-Ö

<p><a href="http://wp.kristdemokraterna.se/varmland2/files/2016/10/banner_ebba_tom.jpg"><img loading="lazy" decoding="async" class="alignnone size-medium wp-image-115" src="http://wp.kristdemokraterna.se/varmland2/files/2016/10/banner_ebba_tom-300x69.jpg" alt="" width="300" height="69" srcset="https://wp.kristdemokraterna.se/varmland/files/2016/10/banner_ebba_tom-300x69.jpg 300w, https://wp.kristdemokraterna.se/varmland/files/2016/10/banner_ebba_tom-768x176.jpg 768w, https://wp.kristdemokraterna.se/varmland/files/2016/10/banner_ebba_tom-1024x234.jpg 1024w, https://wp.kristdemokraterna.se/varmland/files/2016/10/banner_ebba_tom.jpg 1050w" sizes="auto, (max-width: 300px) 100vw, 300px" /></a></p>
<p>Vill du veta mer vad vi står i olika frågor, klicka <a href="https://kristdemokraterna.se/politik-a-o/">här&gt;&gt;</a></p>

<p>Vill du veta mer vad vi står i olika frågor, klicka här&gt;&gt;</p>

<!-- This site is optimized with the Yoast SEO plugin v27.4 - https://yoast.com/product/yoast-seo-wordpress/ -->
<title>Politik A-Ö - Kristdemokraterna i Värmland</title>
<meta name="robots" content="index, follow, max-snippet:-1, max-image-preview:large, max-video-preview:-1" />
<link rel="canonical" href="https://wp.kristdemokraterna.se/varmland/ett-varmland-dar-det-ar-gott-att-leva/politik-a-o/" />
<meta property="og:locale" content="sv_SE" />
<meta property="og:type" content="article" />
<meta property="og:title" content="Politik A-Ö - Kristdemokraterna i Värmland" />
<meta property="og:description" content="Vill du veta mer vad vi står i olika frågor, klicka här&gt;&gt;" />
<meta property="og:url" content="https://wp.kristdemokraterna.se/varmland/ett-varmland-dar-det-ar-gott-att-leva/politik-a-o/" />
<meta property="og:site_name" content="Kristdemokraterna i Värmland" />
<meta property="article:modified_time" content="2018-06-18T13:31:38+00:00" />
<meta property="og:image" content="http://wp.kristdemokraterna.se/varmland2/files/2016/10/banner_ebba_tom-300x69.jpg" />
<meta name="twitter:card" content="summary_large_image" />
<script type="application/ld+json" class="yoast-schema-graph">{"@context":"https:\/\/schema.org","@graph":[{"@type":"WebPage","@id":"https:\/\/wp.kristdemokraterna.se\/varmland\/ett-varmland-dar-det-ar-gott-att-leva\/politik-a-o\/","url":"https:\/\/wp.kristdemokraterna.se\/varmland\/ett-varmland-dar-det-ar-gott-att-leva\/politik-a-o\/","name":"Politik A-Ö - Kristdemokraterna i Värmland","isPartOf":{"@id":"https:\/\/wp.kristdemokraterna.se\/varmland\/#website"},"primaryImageOfPage":{"@id":"https:\/\/wp.kristdemokraterna.se\/varmland\/ett-varmland-dar-det-ar-gott-att-leva\/politik-a-o\/#primaryimage"},"image":{"@id":"https:\/\/wp.kristdemokraterna.se\/varmland\/ett-varmland-dar-det-ar-gott-att-leva\/politik-a-o\/#primaryimage"},"thumbnailUrl":"http:\/\/wp.kristdemokraterna.se\/varmland2\/files\/2016\/10\/banner_ebba_tom-300x69.jpg","datePublished":"2018-06-18T13:30:35+00:00","dateModified":"2018-06-18T13:31:38+00:00","breadcrumb":{"@id":"https:\/\/wp.kristdemokraterna.se\/varmland\/ett-varmland-dar-det-ar-gott-att-leva\/politik-a-o\/#breadcrumb"},"inLanguage":"sv-SE","potentialAction":[{"@type":"ReadAction","target":["https:\/\/wp.kristdemokraterna.se\/varmland\/ett-varmland-dar-det-ar-gott-att-leva\/politik-a-o\/"]}]},{"@type":"ImageObject","inLanguage":"sv-SE","@id":"https:\/\/wp.kristdemokraterna.se\/varmland\/ett-varmland-dar-det-ar-gott-att-leva\/politik-a-o\/#primaryimage","url":"http:\/\/wp.kristdemokraterna.se\/varmland2\/files\/2016\/10\/banner_ebba_tom-300x69.jpg","contentUrl":"http:\/\/wp.kristdemokraterna.se\/varmland2\/files\/2016\/10\/banner_ebba_tom-300x69.jpg"},{"@type":"BreadcrumbList","@id":"https:\/\/wp.kristdemokraterna.se\/varmland\/ett-varmland-dar-det-ar-gott-att-leva\/politik-a-o\/#breadcrumb","itemListElement":[{"@type":"ListItem","position":1,"name":"Hem","item":"https:\/\/wp.kristdemokraterna.se\/varmland\/"},{"@type":"ListItem","position":2,"name":"Vår politik","item":"https:\/\/wp.kristdemokraterna.se\/varmland\/ett-varmland-dar-det-ar-gott-att-leva\/"},{"@type":"ListItem","position":3,"name":"Politik A-Ö"}]},{"@type":"WebSite","@id":"https:\/\/wp.kristdemokraterna.se\/varmland\/#website","url":"https:\/\/wp.kristdemokraterna.se\/varmland\/","name":"Kristdemokraterna i Värmland","description":"En till Kristdemokraterna webbplats","inLanguage":"sv-SE"}]}</script>
<!-- / Yoast SEO plugin. -->

Politik A-Ö - Kristdemokraterna i Värmland

Vill du veta mer vad vi står i olika frågor, klicka här&gt;&gt;

Kristdemokraterna i Värmland

Vår politik
