{"id":906,"date":"2024-08-30T12:26:20","date_gmt":"2024-08-30T10:26:20","guid":{"rendered":"https:\/\/wp.kristdemokraterna.se\/varmland\/?page_id=906"},"modified":"2024-08-30T15:10:07","modified_gmt":"2024-08-30T13:10:07","slug":"partiavdelningar","status":"publish","type":"page","link":"https:\/\/wp.kristdemokraterna.se\/varmland\/partiavdelningar\/","title":{"rendered":"Partiavdelningar"},"content":{"rendered":"<p>Kristdemokraterna i V\u00e4rmland har tretton olika partiavdelningar, fr\u00e5n l\u00e4ngst upp i Norra V\u00e4rmland \u00e4nda ner till S\u00e4ffle. I flikarna under &#8221;Partiavdelningar&#8221; kan ni klicka p\u00e5 den partiavdelning som \u00e4r i er hemkommun eller n\u00e4rmast eran hemkommun ifall ni \u00e4r intresserade av att prata med en politiker fr\u00e5n KD, engagera er i partiavdelningen m.m.<\/p>\n<p><a href=\"http:\/\/wp.kristdemokraterna.se\/varmland\/files\/2024\/08\/kd-varmland-bild.jpg\"><img loading=\"lazy\" decoding=\"async\" class=\"wp-image-944 aligncenter\" src=\"http:\/\/wp.kristdemokraterna.se\/varmland\/files\/2024\/08\/kd-varmland-bild-1024x768.jpg\" alt=\"\" width=\"478\" height=\"359\" srcset=\"https:\/\/wp.kristdemokraterna.se\/varmland\/files\/2024\/08\/kd-varmland-bild-1024x768.jpg 1024w, https:\/\/wp.kristdemokraterna.se\/varmland\/files\/2024\/08\/kd-varmland-bild-300x225.jpg 300w, https:\/\/wp.kristdemokraterna.se\/varmland\/files\/2024\/08\/kd-varmland-bild-768x576.jpg 768w, https:\/\/wp.kristdemokraterna.se\/varmland\/files\/2024\/08\/kd-varmland-bild-1536x1152.jpg 1536w, https:\/\/wp.kristdemokraterna.se\/varmland\/files\/2024\/08\/kd-varmland-bild-267x200.jpg 267w, https:\/\/wp.kristdemokraterna.se\/varmland\/files\/2024\/08\/kd-varmland-bild-370x278.jpg 370w, https:\/\/wp.kristdemokraterna.se\/varmland\/files\/2024\/08\/kd-varmland-bild-770x578.jpg 770w, https:\/\/wp.kristdemokraterna.se\/varmland\/files\/2024\/08\/kd-varmland-bild-450x338.jpg 450w, https:\/\/wp.kristdemokraterna.se\/varmland\/files\/2024\/08\/kd-varmland-bild-280x210.jpg 280w, https:\/\/wp.kristdemokraterna.se\/varmland\/files\/2024\/08\/kd-varmland-bild-340x255.jpg 340w, https:\/\/wp.kristdemokraterna.se\/varmland\/files\/2024\/08\/kd-varmland-bild-200x150.jpg 200w, https:\/\/wp.kristdemokraterna.se\/varmland\/files\/2024\/08\/kd-varmland-bild-75x56.jpg 75w, https:\/\/wp.kristdemokraterna.se\/varmland\/files\/2024\/08\/kd-varmland-bild.jpg 2048w\" sizes=\"auto, (max-width: 478px) 100vw, 478px\" \/><\/a><\/p>\n","protected":false},"excerpt":{"rendered":"<p>Kristdemokraterna i V\u00e4rmland har tretton olika partiavdelningar, fr\u00e5n l\u00e4ngst upp i Norra V\u00e4rmland \u00e4nda ner till S\u00e4ffle. I flikarna under &#8221;Partiavdelningar&#8221; kan ni klicka p\u00e5 den partiavdelning som \u00e4r i er hemkommun eller n\u00e4rmast eran hemkommun ifall ni \u00e4r intresserade av att prata med en politiker fr\u00e5n KD, engagera er i partiavdelningen m.m.<\/p>\n","protected":false},"author":444,"featured_media":0,"parent":0,"menu_order":0,"comment_status":"closed","ping_status":"closed","template":"page-full.php","meta":{"_acf_changed":false,"footnotes":""},"class_list":["post-906","page","type-page","status-publish","hentry"],"acf":[],"yoast_head":"<!-- This site is optimized with the Yoast SEO plugin v27.4 - https:\/\/yoast.com\/product\/yoast-seo-wordpress\/ -->\n<title>Partiavdelningar - Kristdemokraterna i V\u00e4rmland<\/title>\n<meta name=\"robots\" content=\"index, follow, max-snippet:-1, max-image-preview:large, max-video-preview:-1\" \/>\n<link rel=\"canonical\" href=\"https:\/\/wp.kristdemokraterna.se\/varmland\/partiavdelningar\/\" \/>\n<meta property=\"og:locale\" content=\"sv_SE\" \/>\n<meta property=\"og:type\" content=\"article\" \/>\n<meta property=\"og:title\" content=\"Partiavdelningar - Kristdemokraterna i V\u00e4rmland\" \/>\n<meta property=\"og:description\" content=\"Kristdemokraterna i V\u00e4rmland har tretton olika partiavdelningar, fr\u00e5n l\u00e4ngst upp i Norra V\u00e4rmland \u00e4nda ner till S\u00e4ffle. I flikarna under &#8221;Partiavdelningar&#8221; kan ni klicka p\u00e5 den partiavdelning som \u00e4r i er hemkommun eller n\u00e4rmast eran hemkommun ifall ni \u00e4r intresserade av att prata med en politiker fr\u00e5n KD, engagera er i partiavdelningen m.m.\" \/>\n<meta property=\"og:url\" content=\"https:\/\/wp.kristdemokraterna.se\/varmland\/partiavdelningar\/\" \/>\n<meta property=\"og:site_name\" content=\"Kristdemokraterna i V\u00e4rmland\" \/>\n<meta property=\"article:modified_time\" content=\"2024-08-30T13:10:07+00:00\" \/>\n<meta property=\"og:image\" content=\"http:\/\/wp.kristdemokraterna.se\/varmland\/files\/2024\/08\/kd-varmland-bild-1024x768.jpg\" \/>\n<meta name=\"twitter:card\" content=\"summary_large_image\" \/>\n<meta name=\"twitter:label1\" content=\"Ber\u00e4knad l\u00e4stid\" \/>\n\t<meta name=\"twitter:data1\" content=\"1 minut\" \/>\n<script type=\"application\/ld+json\" class=\"yoast-schema-graph\">{\"@context\":\"https:\\\/\\\/schema.org\",\"@graph\":[{\"@type\":\"WebPage\",\"@id\":\"https:\\\/\\\/wp.kristdemokraterna.se\\\/varmland\\\/partiavdelningar\\\/\",\"url\":\"https:\\\/\\\/wp.kristdemokraterna.se\\\/varmland\\\/partiavdelningar\\\/\",\"name\":\"Partiavdelningar - Kristdemokraterna i V\u00e4rmland\",\"isPartOf\":{\"@id\":\"https:\\\/\\\/wp.kristdemokraterna.se\\\/varmland\\\/#website\"},\"primaryImageOfPage\":{\"@id\":\"https:\\\/\\\/wp.kristdemokraterna.se\\\/varmland\\\/partiavdelningar\\\/#primaryimage\"},\"image\":{\"@id\":\"https:\\\/\\\/wp.kristdemokraterna.se\\\/varmland\\\/partiavdelningar\\\/#primaryimage\"},\"thumbnailUrl\":\"http:\\\/\\\/wp.kristdemokraterna.se\\\/varmland\\\/files\\\/2024\\\/08\\\/kd-varmland-bild-1024x768.jpg\",\"datePublished\":\"2024-08-30T10:26:20+00:00\",\"dateModified\":\"2024-08-30T13:10:07+00:00\",\"breadcrumb\":{\"@id\":\"https:\\\/\\\/wp.kristdemokraterna.se\\\/varmland\\\/partiavdelningar\\\/#breadcrumb\"},\"inLanguage\":\"sv-SE\",\"potentialAction\":[{\"@type\":\"ReadAction\",\"target\":[\"https:\\\/\\\/wp.kristdemokraterna.se\\\/varmland\\\/partiavdelningar\\\/\"]}]},{\"@type\":\"ImageObject\",\"inLanguage\":\"sv-SE\",\"@id\":\"https:\\\/\\\/wp.kristdemokraterna.se\\\/varmland\\\/partiavdelningar\\\/#primaryimage\",\"url\":\"https:\\\/\\\/wp.kristdemokraterna.se\\\/varmland\\\/files\\\/2024\\\/08\\\/kd-varmland-bild.jpg\",\"contentUrl\":\"https:\\\/\\\/wp.kristdemokraterna.se\\\/varmland\\\/files\\\/2024\\\/08\\\/kd-varmland-bild.jpg\",\"width\":2048,\"height\":1536},{\"@type\":\"BreadcrumbList\",\"@id\":\"https:\\\/\\\/wp.kristdemokraterna.se\\\/varmland\\\/partiavdelningar\\\/#breadcrumb\",\"itemListElement\":[{\"@type\":\"ListItem\",\"position\":1,\"name\":\"Hem\",\"item\":\"https:\\\/\\\/wp.kristdemokraterna.se\\\/varmland\\\/\"},{\"@type\":\"ListItem\",\"position\":2,\"name\":\"Partiavdelningar\"}]},{\"@type\":\"WebSite\",\"@id\":\"https:\\\/\\\/wp.kristdemokraterna.se\\\/varmland\\\/#website\",\"url\":\"https:\\\/\\\/wp.kristdemokraterna.se\\\/varmland\\\/\",\"name\":\"Kristdemokraterna i V\u00e4rmland\",\"description\":\"En till Kristdemokraterna webbplats\",\"inLanguage\":\"sv-SE\"}]}<\/script>\n<!-- \/ Yoast SEO plugin. -->","yoast_head_json":{"title":"Partiavdelningar - Kristdemokraterna i V\u00e4rmland","robots":{"index":"index","follow":"follow","max-snippet":"max-snippet:-1","max-image-preview":"max-image-preview:large","max-video-preview":"max-video-preview:-1"},"canonical":"https:\/\/wp.kristdemokraterna.se\/varmland\/partiavdelningar\/","og_locale":"sv_SE","og_type":"article","og_title":"Partiavdelningar - Kristdemokraterna i V\u00e4rmland","og_description":"Kristdemokraterna i V\u00e4rmland har tretton olika partiavdelningar, fr\u00e5n l\u00e4ngst upp i Norra V\u00e4rmland \u00e4nda ner till S\u00e4ffle. I flikarna under &#8221;Partiavdelningar&#8221; kan ni klicka p\u00e5 den partiavdelning som \u00e4r i er hemkommun eller n\u00e4rmast eran hemkommun ifall ni \u00e4r intresserade av att prata med en politiker fr\u00e5n KD, engagera er i partiavdelningen m.m.","og_url":"https:\/\/wp.kristdemokraterna.se\/varmland\/partiavdelningar\/","og_site_name":"Kristdemokraterna i V\u00e4rmland","article_modified_time":"2024-08-30T13:10:07+00:00","og_image":[{"url":"http:\/\/wp.kristdemokraterna.se\/varmland\/files\/2024\/08\/kd-varmland-bild-1024x768.jpg","type":"","width":"","height":""}],"twitter_card":"summary_large_image","twitter_misc":{"Ber\u00e4knad l\u00e4stid":"1 minut"},"schema":{"@context":"https:\/\/schema.org","@graph":[{"@type":"WebPage","@id":"https:\/\/wp.kristdemokraterna.se\/varmland\/partiavdelningar\/","url":"https:\/\/wp.kristdemokraterna.se\/varmland\/partiavdelningar\/","name":"Partiavdelningar - Kristdemokraterna i V\u00e4rmland","isPartOf":{"@id":"https:\/\/wp.kristdemokraterna.se\/varmland\/#website"},"primaryImageOfPage":{"@id":"https:\/\/wp.kristdemokraterna.se\/varmland\/partiavdelningar\/#primaryimage"},"image":{"@id":"https:\/\/wp.kristdemokraterna.se\/varmland\/partiavdelningar\/#primaryimage"},"thumbnailUrl":"http:\/\/wp.kristdemokraterna.se\/varmland\/files\/2024\/08\/kd-varmland-bild-1024x768.jpg","datePublished":"2024-08-30T10:26:20+00:00","dateModified":"2024-08-30T13:10:07+00:00","breadcrumb":{"@id":"https:\/\/wp.kristdemokraterna.se\/varmland\/partiavdelningar\/#breadcrumb"},"inLanguage":"sv-SE","potentialAction":[{"@type":"ReadAction","target":["https:\/\/wp.kristdemokraterna.se\/varmland\/partiavdelningar\/"]}]},{"@type":"ImageObject","inLanguage":"sv-SE","@id":"https:\/\/wp.kristdemokraterna.se\/varmland\/partiavdelningar\/#primaryimage","url":"https:\/\/wp.kristdemokraterna.se\/varmland\/files\/2024\/08\/kd-varmland-bild.jpg","contentUrl":"https:\/\/wp.kristdemokraterna.se\/varmland\/files\/2024\/08\/kd-varmland-bild.jpg","width":2048,"height":1536},{"@type":"BreadcrumbList","@id":"https:\/\/wp.kristdemokraterna.se\/varmland\/partiavdelningar\/#breadcrumb","itemListElement":[{"@type":"ListItem","position":1,"name":"Hem","item":"https:\/\/wp.kristdemokraterna.se\/varmland\/"},{"@type":"ListItem","position":2,"name":"Partiavdelningar"}]},{"@type":"WebSite","@id":"https:\/\/wp.kristdemokraterna.se\/varmland\/#website","url":"https:\/\/wp.kristdemokraterna.se\/varmland\/","name":"Kristdemokraterna i V\u00e4rmland","description":"En till Kristdemokraterna webbplats","inLanguage":"sv-SE"}]}},"_links":{"self":[{"href":"https:\/\/wp.kristdemokraterna.se\/varmland\/wp-json\/wp\/v2\/pages\/906","targetHints":{"allow":["GET"]}}],"collection":[{"href":"https:\/\/wp.kristdemokraterna.se\/varmland\/wp-json\/wp\/v2\/pages"}],"about":[{"href":"https:\/\/wp.kristdemokraterna.se\/varmland\/wp-json\/wp\/v2\/types\/page"}],"author":[{"embeddable":true,"href":"https:\/\/wp.kristdemokraterna.se\/varmland\/wp-json\/wp\/v2\/users\/444"}],"replies":[{"embeddable":true,"href":"https:\/\/wp.kristdemokraterna.se\/varmland\/wp-json\/wp\/v2\/comments?post=906"}],"version-history":[{"count":6,"href":"https:\/\/wp.kristdemokraterna.se\/varmland\/wp-json\/wp\/v2\/pages\/906\/revisions"}],"predecessor-version":[{"id":948,"href":"https:\/\/wp.kristdemokraterna.se\/varmland\/wp-json\/wp\/v2\/pages\/906\/revisions\/948"}],"wp:attachment":[{"href":"https:\/\/wp.kristdemokraterna.se\/varmland\/wp-json\/wp\/v2\/media?parent=906"}],"curies":[{"name":"wp","href":"https:\/\/api.w.org\/{rel}","templated":true}]}}

<p>Kristdemokraterna i Värmland har tretton olika partiavdelningar, från längst upp i Norra Värmland ända ner till Säffle. I flikarna under &#8221;Partiavdelningar&#8221; kan ni klicka på den partiavdelning som är i er hemkommun eller närmast eran hemkommun ifall ni är intresserade av att prata med en politiker från KD, engagera er i partiavdelningen m.m.</p>
<p><a href="http://wp.kristdemokraterna.se/varmland/files/2024/08/kd-varmland-bild.jpg"><img loading="lazy" decoding="async" class="wp-image-944 aligncenter" src="http://wp.kristdemokraterna.se/varmland/files/2024/08/kd-varmland-bild-1024x768.jpg" alt="" width="478" height="359" srcset="https://wp.kristdemokraterna.se/varmland/files/2024/08/kd-varmland-bild-1024x768.jpg 1024w, https://wp.kristdemokraterna.se/varmland/files/2024/08/kd-varmland-bild-300x225.jpg 300w, https://wp.kristdemokraterna.se/varmland/files/2024/08/kd-varmland-bild-768x576.jpg 768w, https://wp.kristdemokraterna.se/varmland/files/2024/08/kd-varmland-bild-1536x1152.jpg 1536w, https://wp.kristdemokraterna.se/varmland/files/2024/08/kd-varmland-bild-267x200.jpg 267w, https://wp.kristdemokraterna.se/varmland/files/2024/08/kd-varmland-bild-370x278.jpg 370w, https://wp.kristdemokraterna.se/varmland/files/2024/08/kd-varmland-bild-770x578.jpg 770w, https://wp.kristdemokraterna.se/varmland/files/2024/08/kd-varmland-bild-450x338.jpg 450w, https://wp.kristdemokraterna.se/varmland/files/2024/08/kd-varmland-bild-280x210.jpg 280w, https://wp.kristdemokraterna.se/varmland/files/2024/08/kd-varmland-bild-340x255.jpg 340w, https://wp.kristdemokraterna.se/varmland/files/2024/08/kd-varmland-bild-200x150.jpg 200w, https://wp.kristdemokraterna.se/varmland/files/2024/08/kd-varmland-bild-75x56.jpg 75w, https://wp.kristdemokraterna.se/varmland/files/2024/08/kd-varmland-bild.jpg 2048w" sizes="auto, (max-width: 478px) 100vw, 478px" /></a></p>

<p>Kristdemokraterna i Värmland har tretton olika partiavdelningar, från längst upp i Norra Värmland ända ner till Säffle. I flikarna under &#8221;Partiavdelningar&#8221; kan ni klicka på den partiavdelning som är i er hemkommun eller närmast eran hemkommun ifall ni är intresserade av att prata med en politiker från KD, engagera er i partiavdelningen m.m.</p>

<!-- This site is optimized with the Yoast SEO plugin v27.4 - https://yoast.com/product/yoast-seo-wordpress/ -->
<title>Partiavdelningar - Kristdemokraterna i Värmland</title>
<meta name="robots" content="index, follow, max-snippet:-1, max-image-preview:large, max-video-preview:-1" />
<link rel="canonical" href="https://wp.kristdemokraterna.se/varmland/partiavdelningar/" />
<meta property="og:locale" content="sv_SE" />
<meta property="og:type" content="article" />
<meta property="og:title" content="Partiavdelningar - Kristdemokraterna i Värmland" />
<meta property="og:description" content="Kristdemokraterna i Värmland har tretton olika partiavdelningar, från längst upp i Norra Värmland ända ner till Säffle. I flikarna under &#8221;Partiavdelningar&#8221; kan ni klicka på den partiavdelning som är i er hemkommun eller närmast eran hemkommun ifall ni är intresserade av att prata med en politiker från KD, engagera er i partiavdelningen m.m." />
<meta property="og:url" content="https://wp.kristdemokraterna.se/varmland/partiavdelningar/" />
<meta property="og:site_name" content="Kristdemokraterna i Värmland" />
<meta property="article:modified_time" content="2024-08-30T13:10:07+00:00" />
<meta property="og:image" content="http://wp.kristdemokraterna.se/varmland/files/2024/08/kd-varmland-bild-1024x768.jpg" />
<meta name="twitter:card" content="summary_large_image" />
<meta name="twitter:label1" content="Beräknad lästid" />
	<meta name="twitter:data1" content="1 minut" />
<script type="application/ld+json" class="yoast-schema-graph">{"@context":"https:\/\/schema.org","@graph":[{"@type":"WebPage","@id":"https:\/\/wp.kristdemokraterna.se\/varmland\/partiavdelningar\/","url":"https:\/\/wp.kristdemokraterna.se\/varmland\/partiavdelningar\/","name":"Partiavdelningar - Kristdemokraterna i Värmland","isPartOf":{"@id":"https:\/\/wp.kristdemokraterna.se\/varmland\/#website"},"primaryImageOfPage":{"@id":"https:\/\/wp.kristdemokraterna.se\/varmland\/partiavdelningar\/#primaryimage"},"image":{"@id":"https:\/\/wp.kristdemokraterna.se\/varmland\/partiavdelningar\/#primaryimage"},"thumbnailUrl":"http:\/\/wp.kristdemokraterna.se\/varmland\/files\/2024\/08\/kd-varmland-bild-1024x768.jpg","datePublished":"2024-08-30T10:26:20+00:00","dateModified":"2024-08-30T13:10:07+00:00","breadcrumb":{"@id":"https:\/\/wp.kristdemokraterna.se\/varmland\/partiavdelningar\/#breadcrumb"},"inLanguage":"sv-SE","potentialAction":[{"@type":"ReadAction","target":["https:\/\/wp.kristdemokraterna.se\/varmland\/partiavdelningar\/"]}]},{"@type":"ImageObject","inLanguage":"sv-SE","@id":"https:\/\/wp.kristdemokraterna.se\/varmland\/partiavdelningar\/#primaryimage","url":"https:\/\/wp.kristdemokraterna.se\/varmland\/files\/2024\/08\/kd-varmland-bild.jpg","contentUrl":"https:\/\/wp.kristdemokraterna.se\/varmland\/files\/2024\/08\/kd-varmland-bild.jpg","width":2048,"height":1536},{"@type":"BreadcrumbList","@id":"https:\/\/wp.kristdemokraterna.se\/varmland\/partiavdelningar\/#breadcrumb","itemListElement":[{"@type":"ListItem","position":1,"name":"Hem","item":"https:\/\/wp.kristdemokraterna.se\/varmland\/"},{"@type":"ListItem","position":2,"name":"Partiavdelningar"}]},{"@type":"WebSite","@id":"https:\/\/wp.kristdemokraterna.se\/varmland\/#website","url":"https:\/\/wp.kristdemokraterna.se\/varmland\/","name":"Kristdemokraterna i Värmland","description":"En till Kristdemokraterna webbplats","inLanguage":"sv-SE"}]}</script>
<!-- / Yoast SEO plugin. -->

Partiavdelningar - Kristdemokraterna i Värmland

Kristdemokraterna i Värmland har tretton olika partiavdelningar, från längst upp i Norra Värmland ända ner till Säffle. I flikarna under &#8221;Partiavdelningar&#8221; kan ni klicka på den partiavdelning som är i er hemkommun eller närmast eran hemkommun ifall ni är intresserade av att prata med en politiker från KD, engagera er i partiavdelningen m.m.

Kristdemokraterna i Värmland
