{"id":2925,"date":"2013-10-20T15:17:54","date_gmt":"2013-10-20T13:17:54","guid":{"rendered":"http:\/\/wp.kristdemokraterna.se\/varnamo\/?page_id=2925"},"modified":"2018-03-08T22:54:54","modified_gmt":"2018-03-08T21:54:54","slug":"val-1998","status":"publish","type":"page","link":"https:\/\/wp.kristdemokraterna.se\/varnamo\/val\/val-1998\/","title":{"rendered":"Val 1998"},"content":{"rendered":"<p><strong>Valmanifest 1998:<br \/>\n<\/strong><\/p>\n<p><em>Alltf\u00f6r ofta blir bilden av v\u00e5rt samh\u00e4lle f\u00f6r negativ. Den st\u00e4mmer d\u00e5 inte med verkligheten!<\/em><\/p>\n<h2>V\u00e4rnamo \u00e4r en bra kommun att leva i!<\/h2>\n<p>Vi har<\/p>\n<ul>\n<li>n\u00e4ra till gr\u00f6na skogar och glittrande sj\u00f6ar.<\/li>\n<li>ett framg\u00e5ngsrikt och utvecklingsbart n\u00e4ringsliv.<\/li>\n<li>en bra \u00e4ldre- och barnomsorg och skola.<\/li>\n<li>en stabil kommunal ekonomi.<\/li>\n<\/ul>\n<h3>Vi kristdemokrater har varit med och tagit ansvar f\u00f6r kommunens utveckling!<\/h3>\n<p>Barn- och utbildningsn\u00e4mnden och V\u00e4rnamo Energi har varit v\u00e5ra s\u00e4rskilda ansvarsomr\u00e5den. D\u00e4r har vi varit med och byggt nya skollokaler i V\u00e4rnamo, Rydaholm, Bredaryd, Bor och H\u00e5nger, samt rustat upp ytterligare ett antal. Vi har ocks\u00e5 varit med och f\u00f6renat kommunens olika delar med en &#8221;digital motorv\u00e4g&#8221;. V\u00e5rdavdelningen Svalan, f\u00f6r v\u00e5rd i livets slutskede, \u00e4r ytterligare en kristdemokratisk id\u00e9 som har blivit verklighet under mandatperioden.<\/p>\n<p><em>Vi vill forts\u00e4tta att arbeta f\u00f6r en social och ekologisk samh\u00e4llsgemenskap, d\u00e4r trygghet, m\u00e4nniskov\u00e4rde och ansvarsfullt f\u00f6rvaltarskap visar v\u00e4gen in i framtiden. V\u00e5rt program beh\u00f6vs, nu mer \u00e4n n\u00e5gonsin &#8211; och framf\u00f6r allt fram\u00f6ver. Det \u00e4r vi \u00f6vertygade om!<\/em><\/p>\n<h3>I V\u00e4rnamo kommun vill kristdemokraterna &#8211; med st\u00f6d av Din r\u00f6st &#8211; i f\u00f6rsta hand arbeta f\u00f6r<\/h3>\n<dl>\n<dt>att\u00a0<em>v\u00e5ra barn och ungdomar<\/em>\u00a0garanteras en kvalitetss\u00e4krad barnomsorg och skola.<\/dt>\n<dd>&#8211; Vi vill bland annat forts\u00e4tta k\u00e4mpa f\u00f6r ett kommunalt v\u00e5rdnadsbidrag.<\/dd>\n<dd>&#8211; Vi vill \u00e4ven satsa p\u00e5 F-9-skola och fritidsg\u00e5rd i Rydaholm.<\/dd>\n<dt>att\u00a0<em>skolan<\/em>\u00a0ger livskunskap i en trygg och harmonisk milj\u00f6.<\/dt>\n<dd>&#8211; Vi vill bland annat f\u00f6rst\u00e4rka skolh\u00e4lsov\u00e5rden.<\/dd>\n<dd>&#8211; Vi vill \u00e4ven \u00f6ka integrationen mellan nya och gamla svenskar.<\/dd>\n<dt>att\u00a0<em>v\u00e5ra gamla<\/em>\u00a0garanteras en v\u00e4rdig v\u00e5rd.<\/dt>\n<dd>&#8211; Vi vill bland annat inr\u00e4tta ett dagcenter f\u00f6r demenssjuka.<\/dd>\n<dt>att\u00a0<em>milj\u00f6<\/em>certifiera V\u00e4rnamo kommun.<\/dt>\n<dd>&#8211; Vi vill bland annat bygga ut fj\u00e4rrv\u00e4rmen\u00e4tet och planera f\u00f6r en ekoby.<\/dd>\n<dt>att\u00a0<em>V\u00e4rnamo<\/em>\u00a0stad utvecklas som handels- och kulturcentrum.<\/dt>\n<dd>&#8211; Vi vill bland annat utveckla parkmilj\u00f6n l\u00e4ngs Lagan och rusta upp kyrktorget och Vr\u00e5ens centrum. Ett vattenspel skulle pryda sin plats.<\/dd>\n<dd>&#8211; Vi vill \u00e4ven bygga nya bost\u00e4der i Bredaryd.<\/dd>\n<\/dl>\n<hr \/>\n<h2>V\u00e5ra kandidater<\/h2>\n<div id=\"attachment_2930\" style=\"width: 410px\" class=\"wp-caption alignnone\"><a href=\"http:\/\/wp.kristdemokraterna.se\/varnamo\/files\/2013\/10\/kandidat.jpg\"><img loading=\"lazy\" decoding=\"async\" aria-describedby=\"caption-attachment-2930\" class=\"size-full wp-image-2930 \" title=\"Kristdemokraternas toppkandidater i kommunfullm\u00e4ktigevalet den 20 september 1998. (Foto: Fotograf M\u00e4ster Olof)\" src=\"http:\/\/wp.kristdemokraterna.se\/varnamo\/files\/2013\/10\/kandidat.jpg\" alt=\"Kristdemokraternas toppkandidater i kommunfullm\u00e4ktigevalet den 20 september 1998. (Foto: Fotograf M\u00e4ster Olof)\" width=\"400\" height=\"302\" srcset=\"https:\/\/wp.kristdemokraterna.se\/varnamo\/files\/2013\/10\/kandidat.jpg 400w, https:\/\/wp.kristdemokraterna.se\/varnamo\/files\/2013\/10\/kandidat-300x226.jpg 300w, https:\/\/wp.kristdemokraterna.se\/varnamo\/files\/2013\/10\/kandidat-148x112.jpg 148w\" sizes=\"auto, (max-width: 400px) 100vw, 400px\" \/><\/a><p id=\"caption-attachment-2930\" class=\"wp-caption-text\">Kristdemokraternas toppkandidater i kommunfullm\u00e4ktigevalet den 20 september 1998. (Foto: Fotograf M\u00e4ster Olof)<\/p><\/div>\n<h3>St\u00e5ende<\/h3>\n<p>Christer Fjordevik, Bengt Sandolf, Britt Eriksson, Gunnar Crona, Gunnel Youngstr\u00f6m, Leif B\u00e4ckrud, Ibrahim Candemir.<\/p>\n<h3>Sittande<\/h3>\n<p>Ann-Britt Deiver, Herrmy Nenkert, Berit H\u00f6glund.<\/p>\n","protected":false},"excerpt":{"rendered":"<p>Valmanifest 1998: Alltf\u00f6r ofta blir bilden av v\u00e5rt samh\u00e4lle f\u00f6r negativ. Den st\u00e4mmer d\u00e5 inte med verkligheten! V\u00e4rnamo \u00e4r en bra kommun att leva i! Vi har n\u00e4ra till gr\u00f6na skogar och glittrande sj\u00f6ar. ett framg\u00e5ngsrikt och utvecklingsbart n\u00e4ringsliv. en bra \u00e4ldre- och barnomsorg och skola. en stabil kommunal ekonomi. Vi kristdemokrater har varit med <a class=\"read-more-link\" href=\"https:\/\/wp.kristdemokraterna.se\/varnamo\/val\/val-1998\/\">Read More<\/a><\/p>\n","protected":false},"author":412,"featured_media":2930,"parent":2927,"menu_order":14,"comment_status":"closed","ping_status":"closed","template":"","meta":{"_acf_changed":false,"footnotes":""},"class_list":["post-2925","page","type-page","status-publish","hentry"],"acf":[],"yoast_head":"<!-- This site is optimized with the Yoast SEO plugin v27.3 - https:\/\/yoast.com\/product\/yoast-seo-wordpress\/ -->\n<title>Val 1998 - KRISTDEMOKRATERNA V\u00c4RNAMO<\/title>\n<meta name=\"robots\" content=\"index, follow, max-snippet:-1, max-image-preview:large, max-video-preview:-1\" \/>\n<link rel=\"canonical\" href=\"https:\/\/wp.kristdemokraterna.se\/varnamo\/val\/val-1998\/\" \/>\n<meta property=\"og:locale\" content=\"sv_SE\" \/>\n<meta property=\"og:type\" content=\"article\" \/>\n<meta property=\"og:title\" content=\"Val 1998 - KRISTDEMOKRATERNA V\u00c4RNAMO\" \/>\n<meta property=\"og:description\" content=\"Valmanifest 1998: Alltf\u00f6r ofta blir bilden av v\u00e5rt samh\u00e4lle f\u00f6r negativ. Den st\u00e4mmer d\u00e5 inte med verkligheten! V\u00e4rnamo \u00e4r en bra kommun att leva i! Vi har n\u00e4ra till gr\u00f6na skogar och glittrande sj\u00f6ar. ett framg\u00e5ngsrikt och utvecklingsbart n\u00e4ringsliv. en bra \u00e4ldre- och barnomsorg och skola. en stabil kommunal ekonomi. Vi kristdemokrater har varit med Read More\" \/>\n<meta property=\"og:url\" content=\"https:\/\/wp.kristdemokraterna.se\/varnamo\/val\/val-1998\/\" \/>\n<meta property=\"og:site_name\" content=\"KRISTDEMOKRATERNA V\u00c4RNAMO\" \/>\n<meta property=\"article:publisher\" content=\"https:\/\/www.facebook.com\/KDVarnamo\/\" \/>\n<meta property=\"article:modified_time\" content=\"2018-03-08T21:54:54+00:00\" \/>\n<meta property=\"og:image\" content=\"https:\/\/wp.kristdemokraterna.se\/varnamo\/files\/2013\/10\/kandidat.jpg\" \/>\n\t<meta property=\"og:image:width\" content=\"400\" \/>\n\t<meta property=\"og:image:height\" content=\"302\" \/>\n\t<meta property=\"og:image:type\" content=\"image\/jpeg\" \/>\n<meta name=\"twitter:card\" content=\"summary_large_image\" \/>\n<meta name=\"twitter:site\" content=\"@KDVarnamo\" \/>\n<meta name=\"twitter:label1\" content=\"Ber\u00e4knad l\u00e4stid\" \/>\n\t<meta name=\"twitter:data1\" content=\"2 minuter\" \/>\n<script type=\"application\/ld+json\" class=\"yoast-schema-graph\">{\"@context\":\"https:\\\/\\\/schema.org\",\"@graph\":[{\"@type\":\"WebPage\",\"@id\":\"https:\\\/\\\/wp.kristdemokraterna.se\\\/varnamo\\\/val\\\/val-1998\\\/\",\"url\":\"https:\\\/\\\/wp.kristdemokraterna.se\\\/varnamo\\\/val\\\/val-1998\\\/\",\"name\":\"Val 1998 - KRISTDEMOKRATERNA V\u00c4RNAMO\",\"isPartOf\":{\"@id\":\"https:\\\/\\\/wp.kristdemokraterna.se\\\/varnamo\\\/#website\"},\"primaryImageOfPage\":{\"@id\":\"https:\\\/\\\/wp.kristdemokraterna.se\\\/varnamo\\\/val\\\/val-1998\\\/#primaryimage\"},\"image\":{\"@id\":\"https:\\\/\\\/wp.kristdemokraterna.se\\\/varnamo\\\/val\\\/val-1998\\\/#primaryimage\"},\"thumbnailUrl\":\"https:\\\/\\\/wp.kristdemokraterna.se\\\/varnamo\\\/files\\\/2013\\\/10\\\/kandidat.jpg\",\"datePublished\":\"2013-10-20T13:17:54+00:00\",\"dateModified\":\"2018-03-08T21:54:54+00:00\",\"breadcrumb\":{\"@id\":\"https:\\\/\\\/wp.kristdemokraterna.se\\\/varnamo\\\/val\\\/val-1998\\\/#breadcrumb\"},\"inLanguage\":\"sv-SE\",\"potentialAction\":[{\"@type\":\"ReadAction\",\"target\":[\"https:\\\/\\\/wp.kristdemokraterna.se\\\/varnamo\\\/val\\\/val-1998\\\/\"]}]},{\"@type\":\"ImageObject\",\"inLanguage\":\"sv-SE\",\"@id\":\"https:\\\/\\\/wp.kristdemokraterna.se\\\/varnamo\\\/val\\\/val-1998\\\/#primaryimage\",\"url\":\"https:\\\/\\\/wp.kristdemokraterna.se\\\/varnamo\\\/files\\\/2013\\\/10\\\/kandidat.jpg\",\"contentUrl\":\"https:\\\/\\\/wp.kristdemokraterna.se\\\/varnamo\\\/files\\\/2013\\\/10\\\/kandidat.jpg\",\"width\":400,\"height\":302},{\"@type\":\"BreadcrumbList\",\"@id\":\"https:\\\/\\\/wp.kristdemokraterna.se\\\/varnamo\\\/val\\\/val-1998\\\/#breadcrumb\",\"itemListElement\":[{\"@type\":\"ListItem\",\"position\":1,\"name\":\"Hem\",\"item\":\"https:\\\/\\\/wp.kristdemokraterna.se\\\/varnamo\\\/\"},{\"@type\":\"ListItem\",\"position\":2,\"name\":\"Val\",\"item\":\"https:\\\/\\\/wp.kristdemokraterna.se\\\/varnamo\\\/val\\\/\"},{\"@type\":\"ListItem\",\"position\":3,\"name\":\"Val 1998\"}]},{\"@type\":\"WebSite\",\"@id\":\"https:\\\/\\\/wp.kristdemokraterna.se\\\/varnamo\\\/#website\",\"url\":\"https:\\\/\\\/wp.kristdemokraterna.se\\\/varnamo\\\/\",\"name\":\"KRISTDEMOKRATERNA V\u00c4RNAMO\",\"description\":\"Med hj\u00e4rta f\u00f6r V\u00e4rnamo\",\"publisher\":{\"@id\":\"https:\\\/\\\/wp.kristdemokraterna.se\\\/varnamo\\\/#organization\"},\"inLanguage\":\"sv-SE\"},{\"@type\":\"Organization\",\"@id\":\"https:\\\/\\\/wp.kristdemokraterna.se\\\/varnamo\\\/#organization\",\"name\":\"Kristdemokraterna V\u00e4rnamo\",\"url\":\"https:\\\/\\\/wp.kristdemokraterna.se\\\/varnamo\\\/\",\"logo\":{\"@type\":\"ImageObject\",\"inLanguage\":\"sv-SE\",\"@id\":\"https:\\\/\\\/wp.kristdemokraterna.se\\\/varnamo\\\/#\\\/schema\\\/logo\\\/image\\\/\",\"url\":\"https:\\\/\\\/wp.kristdemokraterna.se\\\/varnamo\\\/files\\\/2022\\\/08\\\/va\u2560ernamo-sida-bla-300dpi.png\",\"contentUrl\":\"https:\\\/\\\/wp.kristdemokraterna.se\\\/varnamo\\\/files\\\/2022\\\/08\\\/va\u2560ernamo-sida-bla-300dpi.png\",\"width\":1485,\"height\":681,\"caption\":\"Kristdemokraterna V\u00e4rnamo\"},\"image\":{\"@id\":\"https:\\\/\\\/wp.kristdemokraterna.se\\\/varnamo\\\/#\\\/schema\\\/logo\\\/image\\\/\"},\"sameAs\":[\"https:\\\/\\\/www.facebook.com\\\/KDVarnamo\\\/\",\"https:\\\/\\\/x.com\\\/KDVarnamo\",\"https:\\\/\\\/www.instagram.com\\\/\",\"https:\\\/\\\/www.youtube.com\\\/user\\\/studiokd\\\/videos\"]}]}<\/script>\n<!-- \/ Yoast SEO plugin. -->","yoast_head_json":{"title":"Val 1998 - KRISTDEMOKRATERNA V\u00c4RNAMO","robots":{"index":"index","follow":"follow","max-snippet":"max-snippet:-1","max-image-preview":"max-image-preview:large","max-video-preview":"max-video-preview:-1"},"canonical":"https:\/\/wp.kristdemokraterna.se\/varnamo\/val\/val-1998\/","og_locale":"sv_SE","og_type":"article","og_title":"Val 1998 - KRISTDEMOKRATERNA V\u00c4RNAMO","og_description":"Valmanifest 1998: Alltf\u00f6r ofta blir bilden av v\u00e5rt samh\u00e4lle f\u00f6r negativ. Den st\u00e4mmer d\u00e5 inte med verkligheten! V\u00e4rnamo \u00e4r en bra kommun att leva i! Vi har n\u00e4ra till gr\u00f6na skogar och glittrande sj\u00f6ar. ett framg\u00e5ngsrikt och utvecklingsbart n\u00e4ringsliv. en bra \u00e4ldre- och barnomsorg och skola. en stabil kommunal ekonomi. Vi kristdemokrater har varit med Read More","og_url":"https:\/\/wp.kristdemokraterna.se\/varnamo\/val\/val-1998\/","og_site_name":"KRISTDEMOKRATERNA V\u00c4RNAMO","article_publisher":"https:\/\/www.facebook.com\/KDVarnamo\/","article_modified_time":"2018-03-08T21:54:54+00:00","og_image":[{"width":400,"height":302,"url":"https:\/\/wp.kristdemokraterna.se\/varnamo\/files\/2013\/10\/kandidat.jpg","type":"image\/jpeg"}],"twitter_card":"summary_large_image","twitter_site":"@KDVarnamo","twitter_misc":{"Ber\u00e4knad l\u00e4stid":"2 minuter"},"schema":{"@context":"https:\/\/schema.org","@graph":[{"@type":"WebPage","@id":"https:\/\/wp.kristdemokraterna.se\/varnamo\/val\/val-1998\/","url":"https:\/\/wp.kristdemokraterna.se\/varnamo\/val\/val-1998\/","name":"Val 1998 - KRISTDEMOKRATERNA V\u00c4RNAMO","isPartOf":{"@id":"https:\/\/wp.kristdemokraterna.se\/varnamo\/#website"},"primaryImageOfPage":{"@id":"https:\/\/wp.kristdemokraterna.se\/varnamo\/val\/val-1998\/#primaryimage"},"image":{"@id":"https:\/\/wp.kristdemokraterna.se\/varnamo\/val\/val-1998\/#primaryimage"},"thumbnailUrl":"https:\/\/wp.kristdemokraterna.se\/varnamo\/files\/2013\/10\/kandidat.jpg","datePublished":"2013-10-20T13:17:54+00:00","dateModified":"2018-03-08T21:54:54+00:00","breadcrumb":{"@id":"https:\/\/wp.kristdemokraterna.se\/varnamo\/val\/val-1998\/#breadcrumb"},"inLanguage":"sv-SE","potentialAction":[{"@type":"ReadAction","target":["https:\/\/wp.kristdemokraterna.se\/varnamo\/val\/val-1998\/"]}]},{"@type":"ImageObject","inLanguage":"sv-SE","@id":"https:\/\/wp.kristdemokraterna.se\/varnamo\/val\/val-1998\/#primaryimage","url":"https:\/\/wp.kristdemokraterna.se\/varnamo\/files\/2013\/10\/kandidat.jpg","contentUrl":"https:\/\/wp.kristdemokraterna.se\/varnamo\/files\/2013\/10\/kandidat.jpg","width":400,"height":302},{"@type":"BreadcrumbList","@id":"https:\/\/wp.kristdemokraterna.se\/varnamo\/val\/val-1998\/#breadcrumb","itemListElement":[{"@type":"ListItem","position":1,"name":"Hem","item":"https:\/\/wp.kristdemokraterna.se\/varnamo\/"},{"@type":"ListItem","position":2,"name":"Val","item":"https:\/\/wp.kristdemokraterna.se\/varnamo\/val\/"},{"@type":"ListItem","position":3,"name":"Val 1998"}]},{"@type":"WebSite","@id":"https:\/\/wp.kristdemokraterna.se\/varnamo\/#website","url":"https:\/\/wp.kristdemokraterna.se\/varnamo\/","name":"KRISTDEMOKRATERNA V\u00c4RNAMO","description":"Med hj\u00e4rta f\u00f6r V\u00e4rnamo","publisher":{"@id":"https:\/\/wp.kristdemokraterna.se\/varnamo\/#organization"},"inLanguage":"sv-SE"},{"@type":"Organization","@id":"https:\/\/wp.kristdemokraterna.se\/varnamo\/#organization","name":"Kristdemokraterna V\u00e4rnamo","url":"https:\/\/wp.kristdemokraterna.se\/varnamo\/","logo":{"@type":"ImageObject","inLanguage":"sv-SE","@id":"https:\/\/wp.kristdemokraterna.se\/varnamo\/#\/schema\/logo\/image\/","url":"https:\/\/wp.kristdemokraterna.se\/varnamo\/files\/2022\/08\/va\u2560ernamo-sida-bla-300dpi.png","contentUrl":"https:\/\/wp.kristdemokraterna.se\/varnamo\/files\/2022\/08\/va\u2560ernamo-sida-bla-300dpi.png","width":1485,"height":681,"caption":"Kristdemokraterna V\u00e4rnamo"},"image":{"@id":"https:\/\/wp.kristdemokraterna.se\/varnamo\/#\/schema\/logo\/image\/"},"sameAs":["https:\/\/www.facebook.com\/KDVarnamo\/","https:\/\/x.com\/KDVarnamo","https:\/\/www.instagram.com\/","https:\/\/www.youtube.com\/user\/studiokd\/videos"]}]}},"_links":{"self":[{"href":"https:\/\/wp.kristdemokraterna.se\/varnamo\/wp-json\/wp\/v2\/pages\/2925","targetHints":{"allow":["GET"]}}],"collection":[{"href":"https:\/\/wp.kristdemokraterna.se\/varnamo\/wp-json\/wp\/v2\/pages"}],"about":[{"href":"https:\/\/wp.kristdemokraterna.se\/varnamo\/wp-json\/wp\/v2\/types\/page"}],"author":[{"embeddable":true,"href":"https:\/\/wp.kristdemokraterna.se\/varnamo\/wp-json\/wp\/v2\/users\/412"}],"replies":[{"embeddable":true,"href":"https:\/\/wp.kristdemokraterna.se\/varnamo\/wp-json\/wp\/v2\/comments?post=2925"}],"version-history":[{"count":6,"href":"https:\/\/wp.kristdemokraterna.se\/varnamo\/wp-json\/wp\/v2\/pages\/2925\/revisions"}],"predecessor-version":[{"id":7666,"href":"https:\/\/wp.kristdemokraterna.se\/varnamo\/wp-json\/wp\/v2\/pages\/2925\/revisions\/7666"}],"up":[{"embeddable":true,"href":"https:\/\/wp.kristdemokraterna.se\/varnamo\/wp-json\/wp\/v2\/pages\/2927"}],"wp:featuredmedia":[{"embeddable":true,"href":"https:\/\/wp.kristdemokraterna.se\/varnamo\/wp-json\/wp\/v2\/media\/2930"}],"wp:attachment":[{"href":"https:\/\/wp.kristdemokraterna.se\/varnamo\/wp-json\/wp\/v2\/media?parent=2925"}],"curies":[{"name":"wp","href":"https:\/\/api.w.org\/{rel}","templated":true}]}}