{"id":3995,"date":"2013-11-29T22:57:34","date_gmt":"2013-11-29T21:57:34","guid":{"rendered":"http:\/\/wp.kristdemokraterna.se\/varnamo\/?page_id=3995"},"modified":"2022-08-18T20:38:45","modified_gmt":"2022-08-18T18:38:45","slug":"kontakta-oss","status":"publish","type":"page","link":"https:\/\/wp.kristdemokraterna.se\/varnamo\/kontakta-oss\/","title":{"rendered":"Kontakta oss"},"content":{"rendered":"<p>Kontakta oss g\u00e4rna \u2013 Kristdemokraterna V\u00e4rnamo<\/p>\n<h2>Partilokal<\/h2>\n<address>Stadshuset<br \/>\nV\u00e4rnamo<\/address>\n<h2>Kontaktm\u00f6jligheter<\/h2>\n<dl>\n<dt>Postadress:<\/dt>\n<dd>\n<address>c\/o Crona<\/address>\n<address>Vallgatan 12<br \/>\n331 30 V\u00c4RNAMO<\/address>\n<\/dd>\n<dt>Telefon:<\/dt>\n<dd>070-3228012 (ordf\u00f6rande Gunnar Crona)<\/dd>\n<\/dl>\n<h3>Internet<\/h3>\n<dl>\n<dt>e-post:<\/dt>\n<dd><a title=\"L\u00e4nk: Skicka e-post till kristdemokraterna i V\u00e4rnamo kommun. Vi svarar inom 24 timmar!\" href=\"mailto:varnamo@kristdemokraterna.se\">varnamo@kristdemokraterna.se<\/a><\/dd>\n<dt>Webbplats:<\/dt>\n<dd><a title=\"L\u00e4nk till kristdemokraternas hemsida i V\u00e4rnamo\" href=\"http:\/\/varnamo.kristdemokraterna.se\/\">varnamo.kristdemokraterna.se<\/a><\/dd>\n<dt>Facebook<\/dt>\n<dd><a title=\"L\u00e4nk till Kristdemokraternas Facebooksida i V\u00e4rnamo\" href=\"https:\/\/www.facebook.com\/KDVarnamo\" target=\"_blank\" rel=\"noopener noreferrer\">Kristdemokraterna V\u00e4rnamo (KDVarnamo)<\/a><\/dd>\n<dt>Twitter<\/dt>\n<dd><a title=\"L\u00e4nk till Kristdemokraternas Twitterfl\u00f6de i V\u00e4rnamo\" href=\"https:\/\/twitter.com\/KDVarnamo\" target=\"_blank\" rel=\"noopener noreferrer\">@KDVarnamo<\/a><\/dd>\n<dt>Instagram<\/dt>\n<dd><a title=\"L\u00e4nk till Kristdemokraternas Instagramkonto i V\u00e4rnamo\" href=\"http:\/\/instagram.com\/KDVarnamo\" target=\"_blank\" rel=\"noopener noreferrer\">KDVarnamo<\/a><\/dd>\n<\/dl>\n<h3>\u00d6vrigt<\/h3>\n<dl>\n<dt>Bankgiro:<\/dt>\n<dd>230-7809<\/dd>\n<dt>Organisationsnummer:<\/dt>\n<dd>828000-8106<\/dd>\n<\/dl>\n","protected":false},"excerpt":{"rendered":"<p>Kontakta oss g\u00e4rna \u2013 Kristdemokraterna V\u00e4rnamo Partilokal Stadshuset V\u00e4rnamo Kontaktm\u00f6jligheter Postadress: c\/o Crona Vallgatan 12 331 30 V\u00c4RNAMO Telefon: 070-3228012 (ordf\u00f6rande Gunnar Crona) Internet e-post: varnamo@kristdemokraterna.se Webbplats: varnamo.kristdemokraterna.se Facebook Kristdemokraterna V\u00e4rnamo (KDVarnamo) Twitter @KDVarnamo Instagram KDVarnamo \u00d6vrigt Bankgiro: 230-7809 Organisationsnummer: 828000-8106<\/p>\n","protected":false},"author":412,"featured_media":9638,"parent":0,"menu_order":0,"comment_status":"closed","ping_status":"closed","template":"","meta":{"_acf_changed":false,"footnotes":""},"class_list":["post-3995","page","type-page","status-publish","hentry"],"acf":[],"yoast_head":"<!-- This site is optimized with the Yoast SEO plugin v27.4 - https:\/\/yoast.com\/product\/yoast-seo-wordpress\/ -->\n<title>Kontakta oss - KRISTDEMOKRATERNA V\u00c4RNAMO<\/title>\n<meta name=\"description\" content=\"Kontakta oss g\u00e4rna \u2013 Kontaktuppgifter till Kristdemokraterna V\u00e4rnamo: partilokal, adresser, sociala medier och \u00f6vriga kontaktv\u00e4gar.\" \/>\n<meta name=\"robots\" content=\"index, follow, max-snippet:-1, max-image-preview:large, max-video-preview:-1\" \/>\n<link rel=\"canonical\" href=\"https:\/\/wp.kristdemokraterna.se\/varnamo\/kontakta-oss\/\" \/>\n<meta property=\"og:locale\" content=\"sv_SE\" \/>\n<meta property=\"og:type\" content=\"article\" \/>\n<meta property=\"og:title\" content=\"Kontakta oss - KRISTDEMOKRATERNA V\u00c4RNAMO\" \/>\n<meta property=\"og:description\" content=\"Kontakta oss g\u00e4rna \u2013 Kontaktuppgifter till Kristdemokraterna V\u00e4rnamo: partilokal, adresser, sociala medier och \u00f6vriga kontaktv\u00e4gar.\" \/>\n<meta property=\"og:url\" content=\"https:\/\/wp.kristdemokraterna.se\/varnamo\/kontakta-oss\/\" \/>\n<meta property=\"og:site_name\" content=\"KRISTDEMOKRATERNA V\u00c4RNAMO\" \/>\n<meta property=\"article:publisher\" content=\"https:\/\/www.facebook.com\/KDVarnamo\/\" \/>\n<meta property=\"article:modified_time\" content=\"2022-08-18T18:38:45+00:00\" \/>\n<meta property=\"og:image\" content=\"https:\/\/wp.kristdemokraterna.se\/varnamo\/files\/2022\/08\/va\u2560ernamo-sida-bla-300dpi.png\" \/>\n\t<meta property=\"og:image:width\" content=\"1485\" \/>\n\t<meta property=\"og:image:height\" content=\"681\" \/>\n\t<meta property=\"og:image:type\" content=\"image\/png\" \/>\n<meta name=\"twitter:card\" content=\"summary_large_image\" \/>\n<meta name=\"twitter:site\" content=\"@KDVarnamo\" \/>\n<script type=\"application\/ld+json\" class=\"yoast-schema-graph\">{\"@context\":\"https:\\\/\\\/schema.org\",\"@graph\":[{\"@type\":\"WebPage\",\"@id\":\"https:\\\/\\\/wp.kristdemokraterna.se\\\/varnamo\\\/kontakta-oss\\\/\",\"url\":\"https:\\\/\\\/wp.kristdemokraterna.se\\\/varnamo\\\/kontakta-oss\\\/\",\"name\":\"Kontakta oss - KRISTDEMOKRATERNA V\u00c4RNAMO\",\"isPartOf\":{\"@id\":\"https:\\\/\\\/wp.kristdemokraterna.se\\\/varnamo\\\/#website\"},\"primaryImageOfPage\":{\"@id\":\"https:\\\/\\\/wp.kristdemokraterna.se\\\/varnamo\\\/kontakta-oss\\\/#primaryimage\"},\"image\":{\"@id\":\"https:\\\/\\\/wp.kristdemokraterna.se\\\/varnamo\\\/kontakta-oss\\\/#primaryimage\"},\"thumbnailUrl\":\"https:\\\/\\\/wp.kristdemokraterna.se\\\/varnamo\\\/files\\\/2022\\\/08\\\/kd-logo-blue.png\",\"datePublished\":\"2013-11-29T21:57:34+00:00\",\"dateModified\":\"2022-08-18T18:38:45+00:00\",\"description\":\"Kontakta oss g\u00e4rna \u2013 Kontaktuppgifter till Kristdemokraterna V\u00e4rnamo: partilokal, adresser, sociala medier och \u00f6vriga kontaktv\u00e4gar.\",\"breadcrumb\":{\"@id\":\"https:\\\/\\\/wp.kristdemokraterna.se\\\/varnamo\\\/kontakta-oss\\\/#breadcrumb\"},\"inLanguage\":\"sv-SE\",\"potentialAction\":[{\"@type\":\"ReadAction\",\"target\":[\"https:\\\/\\\/wp.kristdemokraterna.se\\\/varnamo\\\/kontakta-oss\\\/\"]}]},{\"@type\":\"ImageObject\",\"inLanguage\":\"sv-SE\",\"@id\":\"https:\\\/\\\/wp.kristdemokraterna.se\\\/varnamo\\\/kontakta-oss\\\/#primaryimage\",\"url\":\"https:\\\/\\\/wp.kristdemokraterna.se\\\/varnamo\\\/files\\\/2022\\\/08\\\/kd-logo-blue.png\",\"contentUrl\":\"https:\\\/\\\/wp.kristdemokraterna.se\\\/varnamo\\\/files\\\/2022\\\/08\\\/kd-logo-blue.png\",\"width\":2000,\"height\":2000,\"caption\":\"Kristdemokraternas logotyp\"},{\"@type\":\"BreadcrumbList\",\"@id\":\"https:\\\/\\\/wp.kristdemokraterna.se\\\/varnamo\\\/kontakta-oss\\\/#breadcrumb\",\"itemListElement\":[{\"@type\":\"ListItem\",\"position\":1,\"name\":\"Hem\",\"item\":\"https:\\\/\\\/wp.kristdemokraterna.se\\\/varnamo\\\/\"},{\"@type\":\"ListItem\",\"position\":2,\"name\":\"Kontakta oss\"}]},{\"@type\":\"WebSite\",\"@id\":\"https:\\\/\\\/wp.kristdemokraterna.se\\\/varnamo\\\/#website\",\"url\":\"https:\\\/\\\/wp.kristdemokraterna.se\\\/varnamo\\\/\",\"name\":\"KRISTDEMOKRATERNA V\u00c4RNAMO\",\"description\":\"Med hj\u00e4rta f\u00f6r V\u00e4rnamo\",\"publisher\":{\"@id\":\"https:\\\/\\\/wp.kristdemokraterna.se\\\/varnamo\\\/#organization\"},\"inLanguage\":\"sv-SE\"},{\"@type\":\"Organization\",\"@id\":\"https:\\\/\\\/wp.kristdemokraterna.se\\\/varnamo\\\/#organization\",\"name\":\"Kristdemokraterna V\u00e4rnamo\",\"url\":\"https:\\\/\\\/wp.kristdemokraterna.se\\\/varnamo\\\/\",\"logo\":{\"@type\":\"ImageObject\",\"inLanguage\":\"sv-SE\",\"@id\":\"https:\\\/\\\/wp.kristdemokraterna.se\\\/varnamo\\\/#\\\/schema\\\/logo\\\/image\\\/\",\"url\":\"https:\\\/\\\/wp.kristdemokraterna.se\\\/varnamo\\\/files\\\/2022\\\/08\\\/va\u2560ernamo-sida-bla-300dpi.png\",\"contentUrl\":\"https:\\\/\\\/wp.kristdemokraterna.se\\\/varnamo\\\/files\\\/2022\\\/08\\\/va\u2560ernamo-sida-bla-300dpi.png\",\"width\":1485,\"height\":681,\"caption\":\"Kristdemokraterna V\u00e4rnamo\"},\"image\":{\"@id\":\"https:\\\/\\\/wp.kristdemokraterna.se\\\/varnamo\\\/#\\\/schema\\\/logo\\\/image\\\/\"},\"sameAs\":[\"https:\\\/\\\/www.facebook.com\\\/KDVarnamo\\\/\",\"https:\\\/\\\/x.com\\\/KDVarnamo\",\"https:\\\/\\\/www.instagram.com\\\/\",\"https:\\\/\\\/www.youtube.com\\\/user\\\/studiokd\\\/videos\"]}]}<\/script>\n<!-- \/ Yoast SEO plugin. -->","yoast_head_json":{"title":"Kontakta oss - KRISTDEMOKRATERNA V\u00c4RNAMO","description":"Kontakta oss g\u00e4rna \u2013 Kontaktuppgifter till Kristdemokraterna V\u00e4rnamo: partilokal, adresser, sociala medier och \u00f6vriga kontaktv\u00e4gar.","robots":{"index":"index","follow":"follow","max-snippet":"max-snippet:-1","max-image-preview":"max-image-preview:large","max-video-preview":"max-video-preview:-1"},"canonical":"https:\/\/wp.kristdemokraterna.se\/varnamo\/kontakta-oss\/","og_locale":"sv_SE","og_type":"article","og_title":"Kontakta oss - KRISTDEMOKRATERNA V\u00c4RNAMO","og_description":"Kontakta oss g\u00e4rna \u2013 Kontaktuppgifter till Kristdemokraterna V\u00e4rnamo: partilokal, adresser, sociala medier och \u00f6vriga kontaktv\u00e4gar.","og_url":"https:\/\/wp.kristdemokraterna.se\/varnamo\/kontakta-oss\/","og_site_name":"KRISTDEMOKRATERNA V\u00c4RNAMO","article_publisher":"https:\/\/www.facebook.com\/KDVarnamo\/","article_modified_time":"2022-08-18T18:38:45+00:00","og_image":[{"width":1485,"height":681,"url":"https:\/\/wp.kristdemokraterna.se\/varnamo\/files\/2022\/08\/va\u2560ernamo-sida-bla-300dpi.png","type":"image\/png"}],"twitter_card":"summary_large_image","twitter_site":"@KDVarnamo","schema":{"@context":"https:\/\/schema.org","@graph":[{"@type":"WebPage","@id":"https:\/\/wp.kristdemokraterna.se\/varnamo\/kontakta-oss\/","url":"https:\/\/wp.kristdemokraterna.se\/varnamo\/kontakta-oss\/","name":"Kontakta oss - KRISTDEMOKRATERNA V\u00c4RNAMO","isPartOf":{"@id":"https:\/\/wp.kristdemokraterna.se\/varnamo\/#website"},"primaryImageOfPage":{"@id":"https:\/\/wp.kristdemokraterna.se\/varnamo\/kontakta-oss\/#primaryimage"},"image":{"@id":"https:\/\/wp.kristdemokraterna.se\/varnamo\/kontakta-oss\/#primaryimage"},"thumbnailUrl":"https:\/\/wp.kristdemokraterna.se\/varnamo\/files\/2022\/08\/kd-logo-blue.png","datePublished":"2013-11-29T21:57:34+00:00","dateModified":"2022-08-18T18:38:45+00:00","description":"Kontakta oss g\u00e4rna \u2013 Kontaktuppgifter till Kristdemokraterna V\u00e4rnamo: partilokal, adresser, sociala medier och \u00f6vriga kontaktv\u00e4gar.","breadcrumb":{"@id":"https:\/\/wp.kristdemokraterna.se\/varnamo\/kontakta-oss\/#breadcrumb"},"inLanguage":"sv-SE","potentialAction":[{"@type":"ReadAction","target":["https:\/\/wp.kristdemokraterna.se\/varnamo\/kontakta-oss\/"]}]},{"@type":"ImageObject","inLanguage":"sv-SE","@id":"https:\/\/wp.kristdemokraterna.se\/varnamo\/kontakta-oss\/#primaryimage","url":"https:\/\/wp.kristdemokraterna.se\/varnamo\/files\/2022\/08\/kd-logo-blue.png","contentUrl":"https:\/\/wp.kristdemokraterna.se\/varnamo\/files\/2022\/08\/kd-logo-blue.png","width":2000,"height":2000,"caption":"Kristdemokraternas logotyp"},{"@type":"BreadcrumbList","@id":"https:\/\/wp.kristdemokraterna.se\/varnamo\/kontakta-oss\/#breadcrumb","itemListElement":[{"@type":"ListItem","position":1,"name":"Hem","item":"https:\/\/wp.kristdemokraterna.se\/varnamo\/"},{"@type":"ListItem","position":2,"name":"Kontakta oss"}]},{"@type":"WebSite","@id":"https:\/\/wp.kristdemokraterna.se\/varnamo\/#website","url":"https:\/\/wp.kristdemokraterna.se\/varnamo\/","name":"KRISTDEMOKRATERNA V\u00c4RNAMO","description":"Med hj\u00e4rta f\u00f6r V\u00e4rnamo","publisher":{"@id":"https:\/\/wp.kristdemokraterna.se\/varnamo\/#organization"},"inLanguage":"sv-SE"},{"@type":"Organization","@id":"https:\/\/wp.kristdemokraterna.se\/varnamo\/#organization","name":"Kristdemokraterna V\u00e4rnamo","url":"https:\/\/wp.kristdemokraterna.se\/varnamo\/","logo":{"@type":"ImageObject","inLanguage":"sv-SE","@id":"https:\/\/wp.kristdemokraterna.se\/varnamo\/#\/schema\/logo\/image\/","url":"https:\/\/wp.kristdemokraterna.se\/varnamo\/files\/2022\/08\/va\u2560ernamo-sida-bla-300dpi.png","contentUrl":"https:\/\/wp.kristdemokraterna.se\/varnamo\/files\/2022\/08\/va\u2560ernamo-sida-bla-300dpi.png","width":1485,"height":681,"caption":"Kristdemokraterna V\u00e4rnamo"},"image":{"@id":"https:\/\/wp.kristdemokraterna.se\/varnamo\/#\/schema\/logo\/image\/"},"sameAs":["https:\/\/www.facebook.com\/KDVarnamo\/","https:\/\/x.com\/KDVarnamo","https:\/\/www.instagram.com\/","https:\/\/www.youtube.com\/user\/studiokd\/videos"]}]}},"_links":{"self":[{"href":"https:\/\/wp.kristdemokraterna.se\/varnamo\/wp-json\/wp\/v2\/pages\/3995","targetHints":{"allow":["GET"]}}],"collection":[{"href":"https:\/\/wp.kristdemokraterna.se\/varnamo\/wp-json\/wp\/v2\/pages"}],"about":[{"href":"https:\/\/wp.kristdemokraterna.se\/varnamo\/wp-json\/wp\/v2\/types\/page"}],"author":[{"embeddable":true,"href":"https:\/\/wp.kristdemokraterna.se\/varnamo\/wp-json\/wp\/v2\/users\/412"}],"replies":[{"embeddable":true,"href":"https:\/\/wp.kristdemokraterna.se\/varnamo\/wp-json\/wp\/v2\/comments?post=3995"}],"version-history":[{"count":15,"href":"https:\/\/wp.kristdemokraterna.se\/varnamo\/wp-json\/wp\/v2\/pages\/3995\/revisions"}],"predecessor-version":[{"id":9640,"href":"https:\/\/wp.kristdemokraterna.se\/varnamo\/wp-json\/wp\/v2\/pages\/3995\/revisions\/9640"}],"wp:featuredmedia":[{"embeddable":true,"href":"https:\/\/wp.kristdemokraterna.se\/varnamo\/wp-json\/wp\/v2\/media\/9638"}],"wp:attachment":[{"href":"https:\/\/wp.kristdemokraterna.se\/varnamo\/wp-json\/wp\/v2\/media?parent=3995"}],"curies":[{"name":"wp","href":"https:\/\/api.w.org\/{rel}","templated":true}]}}