{"version":"1.0","provider_name":"KRISTDEMOKRATERNA i V\u00e4sterbotten","provider_url":"https:\/\/wp.kristdemokraterna.se\/vasterbotten","title":"Socialdemokraterna v\u00e4grar debattera KD-motion - KRISTDEMOKRATERNA i V\u00e4sterbotten","type":"rich","width":600,"height":338,"html":"<blockquote class=\"wp-embedded-content\" data-secret=\"Bb8KtOWJbS\"><a href=\"https:\/\/wp.kristdemokraterna.se\/vasterbotten\/socialdemokraterna-vagrar-debattera-kd-motion\/\">Socialdemokraterna v\u00e4grar debattera KD-motion<\/a><\/blockquote><iframe sandbox=\"allow-scripts\" security=\"restricted\" src=\"https:\/\/wp.kristdemokraterna.se\/vasterbotten\/socialdemokraterna-vagrar-debattera-kd-motion\/embed\/#?secret=Bb8KtOWJbS\" width=\"600\" height=\"338\" title=\"\u201dSocialdemokraterna v\u00e4grar debattera KD-motion\u201d &ndash; KRISTDEMOKRATERNA i V\u00e4sterbotten\" data-secret=\"Bb8KtOWJbS\" frameborder=\"0\" marginwidth=\"0\" marginheight=\"0\" scrolling=\"no\" class=\"wp-embedded-content\"><\/iframe><script type=\"text\/javascript\">\n\/* <![CDATA[ *\/\n\/*! This file is auto-generated *\/\n!function(d,l){\"use strict\";l.querySelector&&d.addEventListener&&\"undefined\"!=typeof URL&&(d.wp=d.wp||{},d.wp.receiveEmbedMessage||(d.wp.receiveEmbedMessage=function(e){var t=e.data;if((t||t.secret||t.message||t.value)&&!\/[^a-zA-Z0-9]\/.test(t.secret)){for(var s,r,n,a=l.querySelectorAll('iframe[data-secret=\"'+t.secret+'\"]'),o=l.querySelectorAll('blockquote[data-secret=\"'+t.secret+'\"]'),c=new RegExp(\"^https?:$\",\"i\"),i=0;i<o.length;i++)o[i].style.display=\"none\";for(i=0;i<a.length;i++)s=a[i],e.source===s.contentWindow&&(s.removeAttribute(\"style\"),\"height\"===t.message?(1e3<(r=parseInt(t.value,10))?r=1e3:~~r<200&&(r=200),s.height=r):\"link\"===t.message&&(r=new URL(s.getAttribute(\"src\")),n=new URL(t.value),c.test(n.protocol))&&n.host===r.host&&l.activeElement===s&&(d.top.location.href=t.value))}},d.addEventListener(\"message\",d.wp.receiveEmbedMessage,!1),l.addEventListener(\"DOMContentLoaded\",function(){for(var e,t,s=l.querySelectorAll(\"iframe.wp-embedded-content\"),r=0;r<s.length;r++)(t=(e=s[r]).getAttribute(\"data-secret\"))||(t=Math.random().toString(36).substring(2,12),e.src+=\"#?secret=\"+t,e.setAttribute(\"data-secret\",t)),e.contentWindow.postMessage({message:\"ready\",secret:t},\"*\")},!1)))}(window,document);\n\/\/# sourceURL=https:\/\/wp.kristdemokraterna.se\/vasterbotten\/wp-includes\/js\/wp-embed.min.js\n\/* ]]> *\/\n<\/script>\n","description":"F\u00f6r precis ett \u00e5r sedan l\u00e4mnade kristdemokraterna in en motion till landstingsfullm\u00e4ktige d\u00e4r jag f\u00f6reslog att landstinget skulle ans\u00f6ka om att bli en direktvald regionkommun med ansvar f\u00f6r bland annat sjukv\u00e5rd och regional utveckling. Det skulle bli mer demokratiskt och kostnadseffektivt \u00e4n som idag ha tv\u00e5 organisationer, b\u00e5de landstinget och Region V\u00e4sterbotten som har ett Read More"}

KRISTDEMOKRATERNA i Västerbotten

Socialdemokraterna vägrar debattera KD-motion - KRISTDEMOKRATERNA i Västerbotten

<blockquote class="wp-embedded-content" data-secret="Bb8KtOWJbS"><a href="https://wp.kristdemokraterna.se/vasterbotten/socialdemokraterna-vagrar-debattera-kd-motion/">Socialdemokraterna vägrar debattera KD-motion</a></blockquote><iframe sandbox="allow-scripts" security="restricted" src="https://wp.kristdemokraterna.se/vasterbotten/socialdemokraterna-vagrar-debattera-kd-motion/embed/#?secret=Bb8KtOWJbS" width="600" height="338" title="”Socialdemokraterna vägrar debattera KD-motion” &ndash; KRISTDEMOKRATERNA i Västerbotten" data-secret="Bb8KtOWJbS" frameborder="0" marginwidth="0" marginheight="0" scrolling="no" class="wp-embedded-content"></iframe><script type="text/javascript">
/* <![CDATA[ */
/*! This file is auto-generated */
!function(d,l){"use strict";l.querySelector&&d.addEventListener&&"undefined"!=typeof URL&&(d.wp=d.wp||{},d.wp.receiveEmbedMessage||(d.wp.receiveEmbedMessage=function(e){var t=e.data;if((t||t.secret||t.message||t.value)&&!/[^a-zA-Z0-9]/.test(t.secret)){for(var s,r,n,a=l.querySelectorAll('iframe[data-secret="'+t.secret+'"]'),o=l.querySelectorAll('blockquote[data-secret="'+t.secret+'"]'),c=new RegExp("^https?:$","i"),i=0;i<o.length;i++)o[i].style.display="none";for(i=0;i<a.length;i++)s=a[i],e.source===s.contentWindow&&(s.removeAttribute("style"),"height"===t.message?(1e3<(r=parseInt(t.value,10))?r=1e3:~~r<200&&(r=200),s.height=r):"link"===t.message&&(r=new URL(s.getAttribute("src")),n=new URL(t.value),c.test(n.protocol))&&n.host===r.host&&l.activeElement===s&&(d.top.location.href=t.value))}},d.addEventListener("message",d.wp.receiveEmbedMessage,!1),l.addEventListener("DOMContentLoaded",function(){for(var e,t,s=l.querySelectorAll("iframe.wp-embedded-content"),r=0;r<s.length;r++)(t=(e=s[r]).getAttribute("data-secret"))||(t=Math.random().toString(36).substring(2,12),e.src+="#?secret="+t,e.setAttribute("data-secret",t)),e.contentWindow.postMessage({message:"ready",secret:t},"*")},!1)))}(window,document);
//# sourceURL=https://wp.kristdemokraterna.se/vasterbotten/wp-includes/js/wp-embed.min.js
/* ]]> */
</script>

För precis ett år sedan lämnade kristdemokraterna in en motion till landstingsfullmäktige där jag föreslog att landstinget skulle ansöka om att bli en direktvald regionkommun med ansvar för bland annat sjukvård och regional utveckling. Det skulle bli mer demokratiskt och kostnadseffektivt än som idag ha två organisationer, både landstinget och Region Västerbotten som har ett Read More
