{"version":"1.0","provider_name":"KRISTDEMOKRATERNA i V\u00e4sterbotten","provider_url":"https:\/\/wp.kristdemokraterna.se\/vasterbotten","title":"Vi ska v\u00e4rna om det svenska skogsbruket - KRISTDEMOKRATERNA i V\u00e4sterbotten","type":"rich","width":600,"height":338,"html":"<blockquote class=\"wp-embedded-content\" data-secret=\"MsCxlzXV0w\"><a href=\"https:\/\/wp.kristdemokraterna.se\/vasterbotten\/vi-ska-varna-om-det-svenska-skogsbruket\/\">Vi ska v\u00e4rna om det svenska skogsbruket<\/a><\/blockquote><iframe sandbox=\"allow-scripts\" security=\"restricted\" src=\"https:\/\/wp.kristdemokraterna.se\/vasterbotten\/vi-ska-varna-om-det-svenska-skogsbruket\/embed\/#?secret=MsCxlzXV0w\" width=\"600\" height=\"338\" title=\"\u201dVi ska v\u00e4rna om det svenska skogsbruket\u201d &ndash; KRISTDEMOKRATERNA i V\u00e4sterbotten\" data-secret=\"MsCxlzXV0w\" frameborder=\"0\" marginwidth=\"0\" marginheight=\"0\" scrolling=\"no\" class=\"wp-embedded-content\"><\/iframe><script type=\"text\/javascript\">\n\/* <![CDATA[ *\/\n\/*! This file is auto-generated *\/\n!function(d,l){\"use strict\";l.querySelector&&d.addEventListener&&\"undefined\"!=typeof URL&&(d.wp=d.wp||{},d.wp.receiveEmbedMessage||(d.wp.receiveEmbedMessage=function(e){var t=e.data;if((t||t.secret||t.message||t.value)&&!\/[^a-zA-Z0-9]\/.test(t.secret)){for(var s,r,n,a=l.querySelectorAll('iframe[data-secret=\"'+t.secret+'\"]'),o=l.querySelectorAll('blockquote[data-secret=\"'+t.secret+'\"]'),c=new RegExp(\"^https?:$\",\"i\"),i=0;i<o.length;i++)o[i].style.display=\"none\";for(i=0;i<a.length;i++)s=a[i],e.source===s.contentWindow&&(s.removeAttribute(\"style\"),\"height\"===t.message?(1e3<(r=parseInt(t.value,10))?r=1e3:~~r<200&&(r=200),s.height=r):\"link\"===t.message&&(r=new URL(s.getAttribute(\"src\")),n=new URL(t.value),c.test(n.protocol))&&n.host===r.host&&l.activeElement===s&&(d.top.location.href=t.value))}},d.addEventListener(\"message\",d.wp.receiveEmbedMessage,!1),l.addEventListener(\"DOMContentLoaded\",function(){for(var e,t,s=l.querySelectorAll(\"iframe.wp-embedded-content\"),r=0;r<s.length;r++)(t=(e=s[r]).getAttribute(\"data-secret\"))||(t=Math.random().toString(36).substring(2,12),e.src+=\"#?secret=\"+t,e.setAttribute(\"data-secret\",t)),e.contentWindow.postMessage({message:\"ready\",secret:t},\"*\")},!1)))}(window,document);\n\/\/# sourceURL=https:\/\/wp.kristdemokraterna.se\/vasterbotten\/wp-includes\/js\/wp-embed.min.js\n\/* ]]> *\/\n<\/script>\n","description":"Skogen och skogsprodukterna har under decennier varit en av Sveriges viktigaste tillg\u00e5ngar, inte minst n\u00e4r det g\u00e4ller export. Bara exportv\u00e4rdet f\u00f6r skogsn\u00e4ringens produkter motsvarade \u00e5r 2020 \u00f6ver tv\u00e5 g\u00e5nger mer \u00e4n regionernas totala kostnader f\u00f6r prim\u00e4rv\u00e5rd. Ungef\u00e4r h\u00e4lften av den svenska skogen \u00e4gs av ca 330 000 privata skogs\u00e4gare. Denna m\u00e5ngfald av skogs\u00e4gare borgar f\u00f6r Read More","thumbnail_url":"https:\/\/static.xx.fbcdn.net\/images\/emoji.php\/v9\/tb\/2\/16\/1f499.png"}

KRISTDEMOKRATERNA i Västerbotten

Vi ska värna om det svenska skogsbruket - KRISTDEMOKRATERNA i Västerbotten

<blockquote class="wp-embedded-content" data-secret="MsCxlzXV0w"><a href="https://wp.kristdemokraterna.se/vasterbotten/vi-ska-varna-om-det-svenska-skogsbruket/">Vi ska värna om det svenska skogsbruket</a></blockquote><iframe sandbox="allow-scripts" security="restricted" src="https://wp.kristdemokraterna.se/vasterbotten/vi-ska-varna-om-det-svenska-skogsbruket/embed/#?secret=MsCxlzXV0w" width="600" height="338" title="”Vi ska värna om det svenska skogsbruket” &ndash; KRISTDEMOKRATERNA i Västerbotten" data-secret="MsCxlzXV0w" frameborder="0" marginwidth="0" marginheight="0" scrolling="no" class="wp-embedded-content"></iframe><script type="text/javascript">
/* <![CDATA[ */
/*! This file is auto-generated */
!function(d,l){"use strict";l.querySelector&&d.addEventListener&&"undefined"!=typeof URL&&(d.wp=d.wp||{},d.wp.receiveEmbedMessage||(d.wp.receiveEmbedMessage=function(e){var t=e.data;if((t||t.secret||t.message||t.value)&&!/[^a-zA-Z0-9]/.test(t.secret)){for(var s,r,n,a=l.querySelectorAll('iframe[data-secret="'+t.secret+'"]'),o=l.querySelectorAll('blockquote[data-secret="'+t.secret+'"]'),c=new RegExp("^https?:$","i"),i=0;i<o.length;i++)o[i].style.display="none";for(i=0;i<a.length;i++)s=a[i],e.source===s.contentWindow&&(s.removeAttribute("style"),"height"===t.message?(1e3<(r=parseInt(t.value,10))?r=1e3:~~r<200&&(r=200),s.height=r):"link"===t.message&&(r=new URL(s.getAttribute("src")),n=new URL(t.value),c.test(n.protocol))&&n.host===r.host&&l.activeElement===s&&(d.top.location.href=t.value))}},d.addEventListener("message",d.wp.receiveEmbedMessage,!1),l.addEventListener("DOMContentLoaded",function(){for(var e,t,s=l.querySelectorAll("iframe.wp-embedded-content"),r=0;r<s.length;r++)(t=(e=s[r]).getAttribute("data-secret"))||(t=Math.random().toString(36).substring(2,12),e.src+="#?secret="+t,e.setAttribute("data-secret",t)),e.contentWindow.postMessage({message:"ready",secret:t},"*")},!1)))}(window,document);
//# sourceURL=https://wp.kristdemokraterna.se/vasterbotten/wp-includes/js/wp-embed.min.js
/* ]]> */
</script>

Skogen och skogsprodukterna har under decennier varit en av Sveriges viktigaste tillgångar, inte minst när det gäller export. Bara exportvärdet för skogsnäringens produkter motsvarade år 2020 över två gånger mer än regionernas totala kostnader för primärvård. Ungefär hälften av den svenska skogen ägs av ca 330 000 privata skogsägare. Denna mångfald av skogsägare borgar för Read More
