{"id":1917,"date":"2018-03-13T17:09:34","date_gmt":"2018-03-13T16:09:34","guid":{"rendered":"http:\/\/wp.kristdemokraterna.se\/vasterbotten\/?page_id=1917"},"modified":"2022-05-19T10:55:49","modified_gmt":"2022-05-19T08:55:49","slug":"partidistriktet","status":"publish","type":"page","link":"https:\/\/wp.kristdemokraterna.se\/vasterbotten\/partidistriktet\/","title":{"rendered":"Partidistriktet"},"content":{"rendered":"<p><strong>V\u00e4sterbottens partidistrikt<\/strong><br \/>\nPostadress:\u00d6stra Kyrkogatan 14A, 90330 Ume\u00e5<br \/>\nTelefon: 070-314 50 53<br \/>\n<a href=\"http:\/\/www.vasterbotten.kristdemokraterna.se\">www.vasterbotten.kristdemokraterna.se<\/a><\/p>\n<h2><strong>Partidistriktsstyrelse<\/strong><\/h2>\n<p><strong>Roland Sj\u00f6gren<br \/>\n<\/strong>Partidistriktsordf\u00f6rande, Lycksele<\/p>\n<p><strong>Veronica Kerr<\/strong><br \/>\n1:e vice partidistriktsordf\u00f6rande, Holmsund<\/p>\n<p><strong>Per Bostr\u00f6m<\/strong><br \/>\n2:e vice partidistriktsordf\u00f6rande, Skellefte\u00e5<\/p>\n<p><strong>Anna-Karin Lundberg<br \/>\n<\/strong>Partidistriktsstyrelse, ledamot, Nordmaling<\/p>\n<p><strong>Hans-Inge Smetana<\/strong><br \/>\nPartidistriktsstyrelse, ledamot, V\u00e4nn\u00e4s<\/p>\n<p><strong>Birgitta Nordvall<\/strong><br \/>\nPartidistriktsstyrelse, ledamot, Ume\u00e5<\/p>\n<p><strong>Anders Hettinger<\/strong><br \/>\nPartidistriktsstyrelse, ledamot, Skellefte\u00e5<\/p>\n<p><strong>Betty-Ann Nilsson<\/strong><br \/>\nPartidistriktsstyrelse, ledamot, Lycksele<\/p>\n<p><strong>Max Fredriksson<\/strong><br \/>\nPartidistriktsstyrelse, ledamot, Vilhelmina<\/p>\n<p><strong>Lennart Fjellman<\/strong><br \/>\nPartidistriktsstyrelse, ers\u00e4ttare, Vilhelmina<\/p>\n<p><strong>Maria Eriksson<\/strong><br \/>\nPartidistriktsstyrelse, ers\u00e4ttare, Ume\u00e5<\/p>\n<p><strong>Hel\u00e9n Edlund<\/strong><br \/>\nPartidistriktsstyrelse, ers\u00e4ttare, Ume\u00e5<\/p>\n<p><strong>Sven-\u00c5ke Granberg<\/strong><br \/>\nPartidistriktsstyrelse, ers\u00e4ttare, Ume\u00e5<\/p>\n<p><strong>Frida L\u00f6froth<\/strong><br \/>\nPartidistriktsstyrelse, ers\u00e4ttare, Skellefte\u00e5<\/p>\n<p><strong>Jan Kollberg<\/strong><br \/>\nPartidistriktsstyrelse, ers\u00e4ttare, Ume\u00e5<\/p>\n<p>&nbsp;<\/p>\n","protected":false},"excerpt":{"rendered":"<p>V\u00e4sterbottens partidistrikt Postadress:\u00d6stra Kyrkogatan 14A, 90330 Ume\u00e5 Telefon: 070-314 50 53 www.vasterbotten.kristdemokraterna.se Partidistriktsstyrelse Roland Sj\u00f6gren Partidistriktsordf\u00f6rande, Lycksele Veronica Kerr 1:e vice partidistriktsordf\u00f6rande, Holmsund Per Bostr\u00f6m 2:e vice partidistriktsordf\u00f6rande, Skellefte\u00e5 Anna-Karin Lundberg Partidistriktsstyrelse, ledamot, Nordmaling Hans-Inge Smetana Partidistriktsstyrelse, ledamot, V\u00e4nn\u00e4s Birgitta Nordvall Partidistriktsstyrelse, ledamot, Ume\u00e5 Anders Hettinger Partidistriktsstyrelse, ledamot, Skellefte\u00e5 Betty-Ann Nilsson Partidistriktsstyrelse, ledamot, Lycksele Max <a class=\"read-more-link\" href=\"https:\/\/wp.kristdemokraterna.se\/vasterbotten\/partidistriktet\/\">Read More<\/a><\/p>\n","protected":false},"author":444,"featured_media":0,"parent":0,"menu_order":0,"comment_status":"closed","ping_status":"closed","template":"page.php","meta":{"_acf_changed":false,"footnotes":""},"class_list":["post-1917","page","type-page","status-publish","hentry"],"acf":[],"yoast_head":"<!-- This site is optimized with the Yoast SEO plugin v27.4 - https:\/\/yoast.com\/product\/yoast-seo-wordpress\/ -->\n<title>Partidistriktet - KRISTDEMOKRATERNA i V\u00e4sterbotten<\/title>\n<meta name=\"robots\" content=\"index, follow, max-snippet:-1, max-image-preview:large, max-video-preview:-1\" \/>\n<link rel=\"canonical\" href=\"https:\/\/wp.kristdemokraterna.se\/vasterbotten\/partidistriktet\/\" \/>\n<meta property=\"og:locale\" content=\"sv_SE\" \/>\n<meta property=\"og:type\" content=\"article\" \/>\n<meta property=\"og:title\" content=\"Partidistriktet - KRISTDEMOKRATERNA i V\u00e4sterbotten\" \/>\n<meta property=\"og:description\" content=\"V\u00e4sterbottens partidistrikt Postadress:\u00d6stra Kyrkogatan 14A, 90330 Ume\u00e5 Telefon: 070-314 50 53 www.vasterbotten.kristdemokraterna.se Partidistriktsstyrelse Roland Sj\u00f6gren Partidistriktsordf\u00f6rande, Lycksele Veronica Kerr 1:e vice partidistriktsordf\u00f6rande, Holmsund Per Bostr\u00f6m 2:e vice partidistriktsordf\u00f6rande, Skellefte\u00e5 Anna-Karin Lundberg Partidistriktsstyrelse, ledamot, Nordmaling Hans-Inge Smetana Partidistriktsstyrelse, ledamot, V\u00e4nn\u00e4s Birgitta Nordvall Partidistriktsstyrelse, ledamot, Ume\u00e5 Anders Hettinger Partidistriktsstyrelse, ledamot, Skellefte\u00e5 Betty-Ann Nilsson Partidistriktsstyrelse, ledamot, Lycksele Max Read More\" \/>\n<meta property=\"og:url\" content=\"https:\/\/wp.kristdemokraterna.se\/vasterbotten\/partidistriktet\/\" \/>\n<meta property=\"og:site_name\" content=\"KRISTDEMOKRATERNA i V\u00e4sterbotten\" \/>\n<meta property=\"article:publisher\" content=\"https:\/\/www.facebook.com\/kdvasterbotten\/\" \/>\n<meta property=\"article:modified_time\" content=\"2022-05-19T08:55:49+00:00\" \/>\n<meta name=\"twitter:card\" content=\"summary_large_image\" \/>\n<meta name=\"twitter:site\" content=\"@kdvasterbotten\" \/>\n<meta name=\"twitter:label1\" content=\"Ber\u00e4knad l\u00e4stid\" \/>\n\t<meta name=\"twitter:data1\" content=\"1 minut\" \/>\n<script type=\"application\/ld+json\" class=\"yoast-schema-graph\">{\"@context\":\"https:\\\/\\\/schema.org\",\"@graph\":[{\"@type\":\"WebPage\",\"@id\":\"https:\\\/\\\/wp.kristdemokraterna.se\\\/vasterbotten\\\/partidistriktet\\\/\",\"url\":\"https:\\\/\\\/wp.kristdemokraterna.se\\\/vasterbotten\\\/partidistriktet\\\/\",\"name\":\"Partidistriktet - KRISTDEMOKRATERNA i V\u00e4sterbotten\",\"isPartOf\":{\"@id\":\"https:\\\/\\\/wp.kristdemokraterna.se\\\/vasterbotten\\\/#website\"},\"datePublished\":\"2018-03-13T16:09:34+00:00\",\"dateModified\":\"2022-05-19T08:55:49+00:00\",\"breadcrumb\":{\"@id\":\"https:\\\/\\\/wp.kristdemokraterna.se\\\/vasterbotten\\\/partidistriktet\\\/#breadcrumb\"},\"inLanguage\":\"sv-SE\",\"potentialAction\":[{\"@type\":\"ReadAction\",\"target\":[\"https:\\\/\\\/wp.kristdemokraterna.se\\\/vasterbotten\\\/partidistriktet\\\/\"]}]},{\"@type\":\"BreadcrumbList\",\"@id\":\"https:\\\/\\\/wp.kristdemokraterna.se\\\/vasterbotten\\\/partidistriktet\\\/#breadcrumb\",\"itemListElement\":[{\"@type\":\"ListItem\",\"position\":1,\"name\":\"Hem\",\"item\":\"https:\\\/\\\/wp.kristdemokraterna.se\\\/vasterbotten\\\/\"},{\"@type\":\"ListItem\",\"position\":2,\"name\":\"Partidistriktet\"}]},{\"@type\":\"WebSite\",\"@id\":\"https:\\\/\\\/wp.kristdemokraterna.se\\\/vasterbotten\\\/#website\",\"url\":\"https:\\\/\\\/wp.kristdemokraterna.se\\\/vasterbotten\\\/\",\"name\":\"KRISTDEMOKRATERNA i V\u00e4sterbotten\",\"description\":\"Varje m\u00e4nniska ska bem\u00f6tas med v\u00e4rdighet!\",\"inLanguage\":\"sv-SE\"}]}<\/script>\n<!-- \/ Yoast SEO plugin. -->","yoast_head_json":{"title":"Partidistriktet - KRISTDEMOKRATERNA i V\u00e4sterbotten","robots":{"index":"index","follow":"follow","max-snippet":"max-snippet:-1","max-image-preview":"max-image-preview:large","max-video-preview":"max-video-preview:-1"},"canonical":"https:\/\/wp.kristdemokraterna.se\/vasterbotten\/partidistriktet\/","og_locale":"sv_SE","og_type":"article","og_title":"Partidistriktet - KRISTDEMOKRATERNA i V\u00e4sterbotten","og_description":"V\u00e4sterbottens partidistrikt Postadress:\u00d6stra Kyrkogatan 14A, 90330 Ume\u00e5 Telefon: 070-314 50 53 www.vasterbotten.kristdemokraterna.se Partidistriktsstyrelse Roland Sj\u00f6gren Partidistriktsordf\u00f6rande, Lycksele Veronica Kerr 1:e vice partidistriktsordf\u00f6rande, Holmsund Per Bostr\u00f6m 2:e vice partidistriktsordf\u00f6rande, Skellefte\u00e5 Anna-Karin Lundberg Partidistriktsstyrelse, ledamot, Nordmaling Hans-Inge Smetana Partidistriktsstyrelse, ledamot, V\u00e4nn\u00e4s Birgitta Nordvall Partidistriktsstyrelse, ledamot, Ume\u00e5 Anders Hettinger Partidistriktsstyrelse, ledamot, Skellefte\u00e5 Betty-Ann Nilsson Partidistriktsstyrelse, ledamot, Lycksele Max Read More","og_url":"https:\/\/wp.kristdemokraterna.se\/vasterbotten\/partidistriktet\/","og_site_name":"KRISTDEMOKRATERNA i V\u00e4sterbotten","article_publisher":"https:\/\/www.facebook.com\/kdvasterbotten\/","article_modified_time":"2022-05-19T08:55:49+00:00","twitter_card":"summary_large_image","twitter_site":"@kdvasterbotten","twitter_misc":{"Ber\u00e4knad l\u00e4stid":"1 minut"},"schema":{"@context":"https:\/\/schema.org","@graph":[{"@type":"WebPage","@id":"https:\/\/wp.kristdemokraterna.se\/vasterbotten\/partidistriktet\/","url":"https:\/\/wp.kristdemokraterna.se\/vasterbotten\/partidistriktet\/","name":"Partidistriktet - KRISTDEMOKRATERNA i V\u00e4sterbotten","isPartOf":{"@id":"https:\/\/wp.kristdemokraterna.se\/vasterbotten\/#website"},"datePublished":"2018-03-13T16:09:34+00:00","dateModified":"2022-05-19T08:55:49+00:00","breadcrumb":{"@id":"https:\/\/wp.kristdemokraterna.se\/vasterbotten\/partidistriktet\/#breadcrumb"},"inLanguage":"sv-SE","potentialAction":[{"@type":"ReadAction","target":["https:\/\/wp.kristdemokraterna.se\/vasterbotten\/partidistriktet\/"]}]},{"@type":"BreadcrumbList","@id":"https:\/\/wp.kristdemokraterna.se\/vasterbotten\/partidistriktet\/#breadcrumb","itemListElement":[{"@type":"ListItem","position":1,"name":"Hem","item":"https:\/\/wp.kristdemokraterna.se\/vasterbotten\/"},{"@type":"ListItem","position":2,"name":"Partidistriktet"}]},{"@type":"WebSite","@id":"https:\/\/wp.kristdemokraterna.se\/vasterbotten\/#website","url":"https:\/\/wp.kristdemokraterna.se\/vasterbotten\/","name":"KRISTDEMOKRATERNA i V\u00e4sterbotten","description":"Varje m\u00e4nniska ska bem\u00f6tas med v\u00e4rdighet!","inLanguage":"sv-SE"}]}},"_links":{"self":[{"href":"https:\/\/wp.kristdemokraterna.se\/vasterbotten\/wp-json\/wp\/v2\/pages\/1917","targetHints":{"allow":["GET"]}}],"collection":[{"href":"https:\/\/wp.kristdemokraterna.se\/vasterbotten\/wp-json\/wp\/v2\/pages"}],"about":[{"href":"https:\/\/wp.kristdemokraterna.se\/vasterbotten\/wp-json\/wp\/v2\/types\/page"}],"author":[{"embeddable":true,"href":"https:\/\/wp.kristdemokraterna.se\/vasterbotten\/wp-json\/wp\/v2\/users\/444"}],"replies":[{"embeddable":true,"href":"https:\/\/wp.kristdemokraterna.se\/vasterbotten\/wp-json\/wp\/v2\/comments?post=1917"}],"version-history":[{"count":7,"href":"https:\/\/wp.kristdemokraterna.se\/vasterbotten\/wp-json\/wp\/v2\/pages\/1917\/revisions"}],"predecessor-version":[{"id":2547,"href":"https:\/\/wp.kristdemokraterna.se\/vasterbotten\/wp-json\/wp\/v2\/pages\/1917\/revisions\/2547"}],"wp:attachment":[{"href":"https:\/\/wp.kristdemokraterna.se\/vasterbotten\/wp-json\/wp\/v2\/media?parent=1917"}],"curies":[{"name":"wp","href":"https:\/\/api.w.org\/{rel}","templated":true}]}}

<p><strong>Västerbottens partidistrikt</strong><br />
Postadress:Östra Kyrkogatan 14A, 90330 Umeå<br />
Telefon: 070-314 50 53<br />
<a href="http://www.vasterbotten.kristdemokraterna.se">www.vasterbotten.kristdemokraterna.se</a></p>
<h2><strong>Partidistriktsstyrelse</strong></h2>
<p><strong>Roland Sjögren<br />
</strong>Partidistriktsordförande, Lycksele</p>
<p><strong>Veronica Kerr</strong><br />
1:e vice partidistriktsordförande, Holmsund</p>
<p><strong>Per Boström</strong><br />
2:e vice partidistriktsordförande, Skellefteå</p>
<p><strong>Anna-Karin Lundberg<br />
</strong>Partidistriktsstyrelse, ledamot, Nordmaling</p>
<p><strong>Hans-Inge Smetana</strong><br />
Partidistriktsstyrelse, ledamot, Vännäs</p>
<p><strong>Birgitta Nordvall</strong><br />
Partidistriktsstyrelse, ledamot, Umeå</p>
<p><strong>Anders Hettinger</strong><br />
Partidistriktsstyrelse, ledamot, Skellefteå</p>
<p><strong>Betty-Ann Nilsson</strong><br />
Partidistriktsstyrelse, ledamot, Lycksele</p>
<p><strong>Max Fredriksson</strong><br />
Partidistriktsstyrelse, ledamot, Vilhelmina</p>
<p><strong>Lennart Fjellman</strong><br />
Partidistriktsstyrelse, ersättare, Vilhelmina</p>
<p><strong>Maria Eriksson</strong><br />
Partidistriktsstyrelse, ersättare, Umeå</p>
<p><strong>Helén Edlund</strong><br />
Partidistriktsstyrelse, ersättare, Umeå</p>
<p><strong>Sven-Åke Granberg</strong><br />
Partidistriktsstyrelse, ersättare, Umeå</p>
<p><strong>Frida Löfroth</strong><br />
Partidistriktsstyrelse, ersättare, Skellefteå</p>
<p><strong>Jan Kollberg</strong><br />
Partidistriktsstyrelse, ersättare, Umeå</p>
<p>&nbsp;</p>

<p>Västerbottens partidistrikt Postadress:Östra Kyrkogatan 14A, 90330 Umeå Telefon: 070-314 50 53 www.vasterbotten.kristdemokraterna.se Partidistriktsstyrelse Roland Sjögren Partidistriktsordförande, Lycksele Veronica Kerr 1:e vice partidistriktsordförande, Holmsund Per Boström 2:e vice partidistriktsordförande, Skellefteå Anna-Karin Lundberg Partidistriktsstyrelse, ledamot, Nordmaling Hans-Inge Smetana Partidistriktsstyrelse, ledamot, Vännäs Birgitta Nordvall Partidistriktsstyrelse, ledamot, Umeå Anders Hettinger Partidistriktsstyrelse, ledamot, Skellefteå Betty-Ann Nilsson Partidistriktsstyrelse, ledamot, Lycksele Max <a class="read-more-link" href="https://wp.kristdemokraterna.se/vasterbotten/partidistriktet/">Read More</a></p>

<!-- This site is optimized with the Yoast SEO plugin v27.4 - https://yoast.com/product/yoast-seo-wordpress/ -->
<title>Partidistriktet - KRISTDEMOKRATERNA i Västerbotten</title>
<meta name="robots" content="index, follow, max-snippet:-1, max-image-preview:large, max-video-preview:-1" />
<link rel="canonical" href="https://wp.kristdemokraterna.se/vasterbotten/partidistriktet/" />
<meta property="og:locale" content="sv_SE" />
<meta property="og:type" content="article" />
<meta property="og:title" content="Partidistriktet - KRISTDEMOKRATERNA i Västerbotten" />
<meta property="og:description" content="Västerbottens partidistrikt Postadress:Östra Kyrkogatan 14A, 90330 Umeå Telefon: 070-314 50 53 www.vasterbotten.kristdemokraterna.se Partidistriktsstyrelse Roland Sjögren Partidistriktsordförande, Lycksele Veronica Kerr 1:e vice partidistriktsordförande, Holmsund Per Boström 2:e vice partidistriktsordförande, Skellefteå Anna-Karin Lundberg Partidistriktsstyrelse, ledamot, Nordmaling Hans-Inge Smetana Partidistriktsstyrelse, ledamot, Vännäs Birgitta Nordvall Partidistriktsstyrelse, ledamot, Umeå Anders Hettinger Partidistriktsstyrelse, ledamot, Skellefteå Betty-Ann Nilsson Partidistriktsstyrelse, ledamot, Lycksele Max Read More" />
<meta property="og:url" content="https://wp.kristdemokraterna.se/vasterbotten/partidistriktet/" />
<meta property="og:site_name" content="KRISTDEMOKRATERNA i Västerbotten" />
<meta property="article:publisher" content="https://www.facebook.com/kdvasterbotten/" />
<meta property="article:modified_time" content="2022-05-19T08:55:49+00:00" />
<meta name="twitter:card" content="summary_large_image" />
<meta name="twitter:site" content="@kdvasterbotten" />
<meta name="twitter:label1" content="Beräknad lästid" />
	<meta name="twitter:data1" content="1 minut" />
<script type="application/ld+json" class="yoast-schema-graph">{"@context":"https:\/\/schema.org","@graph":[{"@type":"WebPage","@id":"https:\/\/wp.kristdemokraterna.se\/vasterbotten\/partidistriktet\/","url":"https:\/\/wp.kristdemokraterna.se\/vasterbotten\/partidistriktet\/","name":"Partidistriktet - KRISTDEMOKRATERNA i Västerbotten","isPartOf":{"@id":"https:\/\/wp.kristdemokraterna.se\/vasterbotten\/#website"},"datePublished":"2018-03-13T16:09:34+00:00","dateModified":"2022-05-19T08:55:49+00:00","breadcrumb":{"@id":"https:\/\/wp.kristdemokraterna.se\/vasterbotten\/partidistriktet\/#breadcrumb"},"inLanguage":"sv-SE","potentialAction":[{"@type":"ReadAction","target":["https:\/\/wp.kristdemokraterna.se\/vasterbotten\/partidistriktet\/"]}]},{"@type":"BreadcrumbList","@id":"https:\/\/wp.kristdemokraterna.se\/vasterbotten\/partidistriktet\/#breadcrumb","itemListElement":[{"@type":"ListItem","position":1,"name":"Hem","item":"https:\/\/wp.kristdemokraterna.se\/vasterbotten\/"},{"@type":"ListItem","position":2,"name":"Partidistriktet"}]},{"@type":"WebSite","@id":"https:\/\/wp.kristdemokraterna.se\/vasterbotten\/#website","url":"https:\/\/wp.kristdemokraterna.se\/vasterbotten\/","name":"KRISTDEMOKRATERNA i Västerbotten","description":"Varje människa ska bemötas med värdighet!","inLanguage":"sv-SE"}]}</script>
<!-- / Yoast SEO plugin. -->

Partidistriktet - KRISTDEMOKRATERNA i Västerbotten

Västerbottens partidistrikt Postadress:Östra Kyrkogatan 14A, 90330 Umeå Telefon: 070-314 50 53 www.vasterbotten.kristdemokraterna.se Partidistriktsstyrelse Roland Sjögren Partidistriktsordförande, Lycksele Veronica Kerr 1:e vice partidistriktsordförande, Holmsund Per Boström 2:e vice partidistriktsordförande, Skellefteå Anna-Karin Lundberg Partidistriktsstyrelse, ledamot, Nordmaling Hans-Inge Smetana Partidistriktsstyrelse, ledamot, Vännäs Birgitta Nordvall Partidistriktsstyrelse, ledamot, Umeå Anders Hettinger Partidistriktsstyrelse, ledamot, Skellefteå Betty-Ann Nilsson Partidistriktsstyrelse, ledamot, Lycksele Max Read More

KRISTDEMOKRATERNA i Västerbotten

Varje människa ska bemötas med värdighet!
