{"id":1931,"date":"2018-03-13T17:23:55","date_gmt":"2018-03-13T16:23:55","guid":{"rendered":"http:\/\/wp.kristdemokraterna.se\/vasterbotten\/?page_id=1931"},"modified":"2023-04-18T14:39:13","modified_gmt":"2023-04-18T12:39:13","slug":"kontakta-oss","status":"publish","type":"page","link":"https:\/\/wp.kristdemokraterna.se\/vasterbotten\/partidistriktet\/kontakta-oss\/","title":{"rendered":"Kontakta oss KD V\u00e4sterbotten"},"content":{"rendered":"<p><strong>V\u00e4sterbottens partidistrikt<\/strong><br \/>\nPostadress: \u00d6stra Kyrkogatan 14A, 90330 Ume\u00e5<br \/>\nvasterbotten@kristdemokraterna.se<\/p>\n<p><strong>Ombudsman<br \/>\n<\/strong>Frida Fr\u00f6berg<br \/>\nfrida.froberg@kristdemokraterna.se<br \/>\n073 505 94 77<\/p>\n<p><strong>Partidistriktsordf\u00f6rande<br \/>\n<\/strong>Roland Sj\u00f6gren<br \/>\nroland.sjogren@kristdemokraterna.se<br \/>\n070 325 02 76<\/p>\n<p><strong>Vice\u00a0<\/strong><b>partidistriktsordf\u00f6rande<br \/>\n<\/b>Veronica Kerr<br \/>\nveronica.kerr@kristdemokraterna.se<br \/>\n070 259 55 95<\/p>\n<p style=\"text-align: left\"><strong>2:a vice partidistriktsordf\u00f6rande<br \/>\n<\/strong>Per Bostr\u00f6m<br \/>\nper.bostrom@kristdemokraterna.se<br \/>\n070 677 81 66<\/p>\n<p><strong>Kristdemokraternas Gruppledare Region V\u00e4sterbotten<br \/>\n<\/strong>Hans-Inge Smetana<br \/>\nhans-inge.smetana@kristdemokraterna.se<br \/>\n070 628 01 02<\/p>\n","protected":false},"excerpt":{"rendered":"<p>V\u00e4sterbottens partidistrikt Postadress: \u00d6stra Kyrkogatan 14A, 90330 Ume\u00e5 vasterbotten@kristdemokraterna.se Ombudsman Frida Fr\u00f6berg frida.froberg@kristdemokraterna.se 073 505 94 77 Partidistriktsordf\u00f6rande Roland Sj\u00f6gren roland.sjogren@kristdemokraterna.se 070 325 02 76 Vice\u00a0partidistriktsordf\u00f6rande Veronica Kerr veronica.kerr@kristdemokraterna.se 070 259 55 95 2:a vice partidistriktsordf\u00f6rande Per Bostr\u00f6m per.bostrom@kristdemokraterna.se 070 677 81 66 Kristdemokraternas Gruppledare Region V\u00e4sterbotten Hans-Inge Smetana hans-inge.smetana@kristdemokraterna.se 070 628 01 02<\/p>\n","protected":false},"author":444,"featured_media":0,"parent":1917,"menu_order":6,"comment_status":"closed","ping_status":"closed","template":"","meta":{"_acf_changed":false,"footnotes":""},"class_list":["post-1931","page","type-page","status-publish","hentry"],"acf":[],"yoast_head":"<!-- This site is optimized with the Yoast SEO plugin v27.4 - https:\/\/yoast.com\/product\/yoast-seo-wordpress\/ -->\n<title>Kontakta oss KD V\u00e4sterbotten - KRISTDEMOKRATERNA i V\u00e4sterbotten<\/title>\n<meta name=\"robots\" content=\"index, follow, max-snippet:-1, max-image-preview:large, max-video-preview:-1\" \/>\n<link rel=\"canonical\" href=\"https:\/\/wp.kristdemokraterna.se\/vasterbotten\/partidistriktet\/kontakta-oss\/\" \/>\n<meta property=\"og:locale\" content=\"sv_SE\" \/>\n<meta property=\"og:type\" content=\"article\" \/>\n<meta property=\"og:title\" content=\"Kontakta oss KD V\u00e4sterbotten - KRISTDEMOKRATERNA i V\u00e4sterbotten\" \/>\n<meta property=\"og:description\" content=\"V\u00e4sterbottens partidistrikt Postadress: \u00d6stra Kyrkogatan 14A, 90330 Ume\u00e5 vasterbotten@kristdemokraterna.se Ombudsman Frida Fr\u00f6berg frida.froberg@kristdemokraterna.se 073 505 94 77 Partidistriktsordf\u00f6rande Roland Sj\u00f6gren roland.sjogren@kristdemokraterna.se 070 325 02 76 Vice\u00a0partidistriktsordf\u00f6rande Veronica Kerr veronica.kerr@kristdemokraterna.se 070 259 55 95 2:a vice partidistriktsordf\u00f6rande Per Bostr\u00f6m per.bostrom@kristdemokraterna.se 070 677 81 66 Kristdemokraternas Gruppledare Region V\u00e4sterbotten Hans-Inge Smetana hans-inge.smetana@kristdemokraterna.se 070 628 01 02\" \/>\n<meta property=\"og:url\" content=\"https:\/\/wp.kristdemokraterna.se\/vasterbotten\/partidistriktet\/kontakta-oss\/\" \/>\n<meta property=\"og:site_name\" content=\"KRISTDEMOKRATERNA i V\u00e4sterbotten\" \/>\n<meta property=\"article:publisher\" content=\"https:\/\/www.facebook.com\/kdvasterbotten\/\" \/>\n<meta property=\"article:modified_time\" content=\"2023-04-18T12:39:13+00:00\" \/>\n<meta name=\"twitter:card\" content=\"summary_large_image\" \/>\n<meta name=\"twitter:site\" content=\"@kdvasterbotten\" \/>\n<meta name=\"twitter:label1\" content=\"Ber\u00e4knad l\u00e4stid\" \/>\n\t<meta name=\"twitter:data1\" content=\"1 minut\" \/>\n<script type=\"application\/ld+json\" class=\"yoast-schema-graph\">{\"@context\":\"https:\\\/\\\/schema.org\",\"@graph\":[{\"@type\":\"WebPage\",\"@id\":\"https:\\\/\\\/wp.kristdemokraterna.se\\\/vasterbotten\\\/partidistriktet\\\/kontakta-oss\\\/\",\"url\":\"https:\\\/\\\/wp.kristdemokraterna.se\\\/vasterbotten\\\/partidistriktet\\\/kontakta-oss\\\/\",\"name\":\"Kontakta oss KD V\u00e4sterbotten - KRISTDEMOKRATERNA i V\u00e4sterbotten\",\"isPartOf\":{\"@id\":\"https:\\\/\\\/wp.kristdemokraterna.se\\\/vasterbotten\\\/#website\"},\"datePublished\":\"2018-03-13T16:23:55+00:00\",\"dateModified\":\"2023-04-18T12:39:13+00:00\",\"breadcrumb\":{\"@id\":\"https:\\\/\\\/wp.kristdemokraterna.se\\\/vasterbotten\\\/partidistriktet\\\/kontakta-oss\\\/#breadcrumb\"},\"inLanguage\":\"sv-SE\",\"potentialAction\":[{\"@type\":\"ReadAction\",\"target\":[\"https:\\\/\\\/wp.kristdemokraterna.se\\\/vasterbotten\\\/partidistriktet\\\/kontakta-oss\\\/\"]}]},{\"@type\":\"BreadcrumbList\",\"@id\":\"https:\\\/\\\/wp.kristdemokraterna.se\\\/vasterbotten\\\/partidistriktet\\\/kontakta-oss\\\/#breadcrumb\",\"itemListElement\":[{\"@type\":\"ListItem\",\"position\":1,\"name\":\"Hem\",\"item\":\"https:\\\/\\\/wp.kristdemokraterna.se\\\/vasterbotten\\\/\"},{\"@type\":\"ListItem\",\"position\":2,\"name\":\"Partidistriktet\",\"item\":\"https:\\\/\\\/wp.kristdemokraterna.se\\\/vasterbotten\\\/partidistriktet\\\/\"},{\"@type\":\"ListItem\",\"position\":3,\"name\":\"Kontakta oss KD V\u00e4sterbotten\"}]},{\"@type\":\"WebSite\",\"@id\":\"https:\\\/\\\/wp.kristdemokraterna.se\\\/vasterbotten\\\/#website\",\"url\":\"https:\\\/\\\/wp.kristdemokraterna.se\\\/vasterbotten\\\/\",\"name\":\"KRISTDEMOKRATERNA i V\u00e4sterbotten\",\"description\":\"Varje m\u00e4nniska ska bem\u00f6tas med v\u00e4rdighet!\",\"inLanguage\":\"sv-SE\"}]}<\/script>\n<!-- \/ Yoast SEO plugin. -->","yoast_head_json":{"title":"Kontakta oss KD V\u00e4sterbotten - KRISTDEMOKRATERNA i V\u00e4sterbotten","robots":{"index":"index","follow":"follow","max-snippet":"max-snippet:-1","max-image-preview":"max-image-preview:large","max-video-preview":"max-video-preview:-1"},"canonical":"https:\/\/wp.kristdemokraterna.se\/vasterbotten\/partidistriktet\/kontakta-oss\/","og_locale":"sv_SE","og_type":"article","og_title":"Kontakta oss KD V\u00e4sterbotten - KRISTDEMOKRATERNA i V\u00e4sterbotten","og_description":"V\u00e4sterbottens partidistrikt Postadress: \u00d6stra Kyrkogatan 14A, 90330 Ume\u00e5 vasterbotten@kristdemokraterna.se Ombudsman Frida Fr\u00f6berg frida.froberg@kristdemokraterna.se 073 505 94 77 Partidistriktsordf\u00f6rande Roland Sj\u00f6gren roland.sjogren@kristdemokraterna.se 070 325 02 76 Vice\u00a0partidistriktsordf\u00f6rande Veronica Kerr veronica.kerr@kristdemokraterna.se 070 259 55 95 2:a vice partidistriktsordf\u00f6rande Per Bostr\u00f6m per.bostrom@kristdemokraterna.se 070 677 81 66 Kristdemokraternas Gruppledare Region V\u00e4sterbotten Hans-Inge Smetana hans-inge.smetana@kristdemokraterna.se 070 628 01 02","og_url":"https:\/\/wp.kristdemokraterna.se\/vasterbotten\/partidistriktet\/kontakta-oss\/","og_site_name":"KRISTDEMOKRATERNA i V\u00e4sterbotten","article_publisher":"https:\/\/www.facebook.com\/kdvasterbotten\/","article_modified_time":"2023-04-18T12:39:13+00:00","twitter_card":"summary_large_image","twitter_site":"@kdvasterbotten","twitter_misc":{"Ber\u00e4knad l\u00e4stid":"1 minut"},"schema":{"@context":"https:\/\/schema.org","@graph":[{"@type":"WebPage","@id":"https:\/\/wp.kristdemokraterna.se\/vasterbotten\/partidistriktet\/kontakta-oss\/","url":"https:\/\/wp.kristdemokraterna.se\/vasterbotten\/partidistriktet\/kontakta-oss\/","name":"Kontakta oss KD V\u00e4sterbotten - KRISTDEMOKRATERNA i V\u00e4sterbotten","isPartOf":{"@id":"https:\/\/wp.kristdemokraterna.se\/vasterbotten\/#website"},"datePublished":"2018-03-13T16:23:55+00:00","dateModified":"2023-04-18T12:39:13+00:00","breadcrumb":{"@id":"https:\/\/wp.kristdemokraterna.se\/vasterbotten\/partidistriktet\/kontakta-oss\/#breadcrumb"},"inLanguage":"sv-SE","potentialAction":[{"@type":"ReadAction","target":["https:\/\/wp.kristdemokraterna.se\/vasterbotten\/partidistriktet\/kontakta-oss\/"]}]},{"@type":"BreadcrumbList","@id":"https:\/\/wp.kristdemokraterna.se\/vasterbotten\/partidistriktet\/kontakta-oss\/#breadcrumb","itemListElement":[{"@type":"ListItem","position":1,"name":"Hem","item":"https:\/\/wp.kristdemokraterna.se\/vasterbotten\/"},{"@type":"ListItem","position":2,"name":"Partidistriktet","item":"https:\/\/wp.kristdemokraterna.se\/vasterbotten\/partidistriktet\/"},{"@type":"ListItem","position":3,"name":"Kontakta oss KD V\u00e4sterbotten"}]},{"@type":"WebSite","@id":"https:\/\/wp.kristdemokraterna.se\/vasterbotten\/#website","url":"https:\/\/wp.kristdemokraterna.se\/vasterbotten\/","name":"KRISTDEMOKRATERNA i V\u00e4sterbotten","description":"Varje m\u00e4nniska ska bem\u00f6tas med v\u00e4rdighet!","inLanguage":"sv-SE"}]}},"_links":{"self":[{"href":"https:\/\/wp.kristdemokraterna.se\/vasterbotten\/wp-json\/wp\/v2\/pages\/1931","targetHints":{"allow":["GET"]}}],"collection":[{"href":"https:\/\/wp.kristdemokraterna.se\/vasterbotten\/wp-json\/wp\/v2\/pages"}],"about":[{"href":"https:\/\/wp.kristdemokraterna.se\/vasterbotten\/wp-json\/wp\/v2\/types\/page"}],"author":[{"embeddable":true,"href":"https:\/\/wp.kristdemokraterna.se\/vasterbotten\/wp-json\/wp\/v2\/users\/444"}],"replies":[{"embeddable":true,"href":"https:\/\/wp.kristdemokraterna.se\/vasterbotten\/wp-json\/wp\/v2\/comments?post=1931"}],"version-history":[{"count":17,"href":"https:\/\/wp.kristdemokraterna.se\/vasterbotten\/wp-json\/wp\/v2\/pages\/1931\/revisions"}],"predecessor-version":[{"id":2844,"href":"https:\/\/wp.kristdemokraterna.se\/vasterbotten\/wp-json\/wp\/v2\/pages\/1931\/revisions\/2844"}],"up":[{"embeddable":true,"href":"https:\/\/wp.kristdemokraterna.se\/vasterbotten\/wp-json\/wp\/v2\/pages\/1917"}],"wp:attachment":[{"href":"https:\/\/wp.kristdemokraterna.se\/vasterbotten\/wp-json\/wp\/v2\/media?parent=1931"}],"curies":[{"name":"wp","href":"https:\/\/api.w.org\/{rel}","templated":true}]}}

Kontakta oss KD Västerbotten

<p><strong>Västerbottens partidistrikt</strong><br />
Postadress: Östra Kyrkogatan 14A, 90330 Umeå<br />
vasterbotten@kristdemokraterna.se</p>
<p><strong>Ombudsman<br />
</strong>Frida Fröberg<br />
frida.froberg@kristdemokraterna.se<br />
073 505 94 77</p>
<p><strong>Partidistriktsordförande<br />
</strong>Roland Sjögren<br />
roland.sjogren@kristdemokraterna.se<br />
070 325 02 76</p>
<p><strong>Vice </strong><b>partidistriktsordförande<br />
</b>Veronica Kerr<br />
veronica.kerr@kristdemokraterna.se<br />
070 259 55 95</p>
<p style="text-align: left"><strong>2:a vice partidistriktsordförande<br />
</strong>Per Boström<br />
per.bostrom@kristdemokraterna.se<br />
070 677 81 66</p>
<p><strong>Kristdemokraternas Gruppledare Region Västerbotten<br />
</strong>Hans-Inge Smetana<br />
hans-inge.smetana@kristdemokraterna.se<br />
070 628 01 02</p>

<p>Västerbottens partidistrikt Postadress: Östra Kyrkogatan 14A, 90330 Umeå vasterbotten@kristdemokraterna.se Ombudsman Frida Fröberg frida.froberg@kristdemokraterna.se 073 505 94 77 Partidistriktsordförande Roland Sjögren roland.sjogren@kristdemokraterna.se 070 325 02 76 Vice partidistriktsordförande Veronica Kerr veronica.kerr@kristdemokraterna.se 070 259 55 95 2:a vice partidistriktsordförande Per Boström per.bostrom@kristdemokraterna.se 070 677 81 66 Kristdemokraternas Gruppledare Region Västerbotten Hans-Inge Smetana hans-inge.smetana@kristdemokraterna.se 070 628 01 02</p>

<!-- This site is optimized with the Yoast SEO plugin v27.4 - https://yoast.com/product/yoast-seo-wordpress/ -->
<title>Kontakta oss KD Västerbotten - KRISTDEMOKRATERNA i Västerbotten</title>
<meta name="robots" content="index, follow, max-snippet:-1, max-image-preview:large, max-video-preview:-1" />
<link rel="canonical" href="https://wp.kristdemokraterna.se/vasterbotten/partidistriktet/kontakta-oss/" />
<meta property="og:locale" content="sv_SE" />
<meta property="og:type" content="article" />
<meta property="og:title" content="Kontakta oss KD Västerbotten - KRISTDEMOKRATERNA i Västerbotten" />
<meta property="og:description" content="Västerbottens partidistrikt Postadress: Östra Kyrkogatan 14A, 90330 Umeå vasterbotten@kristdemokraterna.se Ombudsman Frida Fröberg frida.froberg@kristdemokraterna.se 073 505 94 77 Partidistriktsordförande Roland Sjögren roland.sjogren@kristdemokraterna.se 070 325 02 76 Vice partidistriktsordförande Veronica Kerr veronica.kerr@kristdemokraterna.se 070 259 55 95 2:a vice partidistriktsordförande Per Boström per.bostrom@kristdemokraterna.se 070 677 81 66 Kristdemokraternas Gruppledare Region Västerbotten Hans-Inge Smetana hans-inge.smetana@kristdemokraterna.se 070 628 01 02" />
<meta property="og:url" content="https://wp.kristdemokraterna.se/vasterbotten/partidistriktet/kontakta-oss/" />
<meta property="og:site_name" content="KRISTDEMOKRATERNA i Västerbotten" />
<meta property="article:publisher" content="https://www.facebook.com/kdvasterbotten/" />
<meta property="article:modified_time" content="2023-04-18T12:39:13+00:00" />
<meta name="twitter:card" content="summary_large_image" />
<meta name="twitter:site" content="@kdvasterbotten" />
<meta name="twitter:label1" content="Beräknad lästid" />
	<meta name="twitter:data1" content="1 minut" />
<script type="application/ld+json" class="yoast-schema-graph">{"@context":"https:\/\/schema.org","@graph":[{"@type":"WebPage","@id":"https:\/\/wp.kristdemokraterna.se\/vasterbotten\/partidistriktet\/kontakta-oss\/","url":"https:\/\/wp.kristdemokraterna.se\/vasterbotten\/partidistriktet\/kontakta-oss\/","name":"Kontakta oss KD Västerbotten - KRISTDEMOKRATERNA i Västerbotten","isPartOf":{"@id":"https:\/\/wp.kristdemokraterna.se\/vasterbotten\/#website"},"datePublished":"2018-03-13T16:23:55+00:00","dateModified":"2023-04-18T12:39:13+00:00","breadcrumb":{"@id":"https:\/\/wp.kristdemokraterna.se\/vasterbotten\/partidistriktet\/kontakta-oss\/#breadcrumb"},"inLanguage":"sv-SE","potentialAction":[{"@type":"ReadAction","target":["https:\/\/wp.kristdemokraterna.se\/vasterbotten\/partidistriktet\/kontakta-oss\/"]}]},{"@type":"BreadcrumbList","@id":"https:\/\/wp.kristdemokraterna.se\/vasterbotten\/partidistriktet\/kontakta-oss\/#breadcrumb","itemListElement":[{"@type":"ListItem","position":1,"name":"Hem","item":"https:\/\/wp.kristdemokraterna.se\/vasterbotten\/"},{"@type":"ListItem","position":2,"name":"Partidistriktet","item":"https:\/\/wp.kristdemokraterna.se\/vasterbotten\/partidistriktet\/"},{"@type":"ListItem","position":3,"name":"Kontakta oss KD Västerbotten"}]},{"@type":"WebSite","@id":"https:\/\/wp.kristdemokraterna.se\/vasterbotten\/#website","url":"https:\/\/wp.kristdemokraterna.se\/vasterbotten\/","name":"KRISTDEMOKRATERNA i Västerbotten","description":"Varje människa ska bemötas med värdighet!","inLanguage":"sv-SE"}]}</script>
<!-- / Yoast SEO plugin. -->

Kontakta oss KD Västerbotten - KRISTDEMOKRATERNA i Västerbotten

Västerbottens partidistrikt Postadress: Östra Kyrkogatan 14A, 90330 Umeå vasterbotten@kristdemokraterna.se Ombudsman Frida Fröberg frida.froberg@kristdemokraterna.se 073 505 94 77 Partidistriktsordförande Roland Sjögren roland.sjogren@kristdemokraterna.se 070 325 02 76 Vice partidistriktsordförande Veronica Kerr veronica.kerr@kristdemokraterna.se 070 259 55 95 2:a vice partidistriktsordförande Per Boström per.bostrom@kristdemokraterna.se 070 677 81 66 Kristdemokraternas Gruppledare Region Västerbotten Hans-Inge Smetana hans-inge.smetana@kristdemokraterna.se 070 628 01 02

KRISTDEMOKRATERNA i Västerbotten

Varje människa ska bemötas med värdighet!
