{"id":2584,"date":"2022-05-19T13:24:26","date_gmt":"2022-05-19T11:24:26","guid":{"rendered":"https:\/\/wp.kristdemokraterna.se\/vasterbotten\/?page_id=2584"},"modified":"2022-05-19T13:30:09","modified_gmt":"2022-05-19T11:30:09","slug":"bjurholm","status":"publish","type":"page","link":"https:\/\/wp.kristdemokraterna.se\/vasterbotten\/bjurholm\/","title":{"rendered":"Bjurholm"},"content":{"rendered":"<p><img loading=\"lazy\" decoding=\"async\" class=\"alignnone size-large wp-image-2585\" src=\"http:\/\/wp.kristdemokraterna.se\/vasterbotten\/files\/2022\/05\/bjurholm-ny-1024x576.jpg\" alt=\"\" width=\"1024\" height=\"576\" srcset=\"https:\/\/wp.kristdemokraterna.se\/vasterbotten\/files\/2022\/05\/bjurholm-ny-1024x576.jpg 1024w, https:\/\/wp.kristdemokraterna.se\/vasterbotten\/files\/2022\/05\/bjurholm-ny-300x169.jpg 300w, https:\/\/wp.kristdemokraterna.se\/vasterbotten\/files\/2022\/05\/bjurholm-ny-768x432.jpg 768w, https:\/\/wp.kristdemokraterna.se\/vasterbotten\/files\/2022\/05\/bjurholm-ny-1536x864.jpg 1536w, https:\/\/wp.kristdemokraterna.se\/vasterbotten\/files\/2022\/05\/bjurholm-ny-2048x1152.jpg 2048w, https:\/\/wp.kristdemokraterna.se\/vasterbotten\/files\/2022\/05\/bjurholm-ny-356x200.jpg 356w, https:\/\/wp.kristdemokraterna.se\/vasterbotten\/files\/2022\/05\/bjurholm-ny-370x208.jpg 370w, https:\/\/wp.kristdemokraterna.se\/vasterbotten\/files\/2022\/05\/bjurholm-ny-770x433.jpg 770w, https:\/\/wp.kristdemokraterna.se\/vasterbotten\/files\/2022\/05\/bjurholm-ny-450x253.jpg 450w, https:\/\/wp.kristdemokraterna.se\/vasterbotten\/files\/2022\/05\/bjurholm-ny-280x158.jpg 280w, https:\/\/wp.kristdemokraterna.se\/vasterbotten\/files\/2022\/05\/bjurholm-ny-340x191.jpg 340w, https:\/\/wp.kristdemokraterna.se\/vasterbotten\/files\/2022\/05\/bjurholm-ny-200x113.jpg 200w, https:\/\/wp.kristdemokraterna.se\/vasterbotten\/files\/2022\/05\/bjurholm-ny-100x56.jpg 100w\" sizes=\"auto, (max-width: 1024px) 100vw, 1024px\" \/><\/p>\n<p>Toppkandidater i kommunvalet: Per Lindqvist, Gunilla Forsberg &amp; \u00d6rjan Svensson<\/p>\n<p><strong>VALPROGRAM<\/strong><\/p>\n<p><img loading=\"lazy\" decoding=\"async\" class=\"alignnone size-large wp-image-2589\" src=\"http:\/\/wp.kristdemokraterna.se\/vasterbotten\/files\/2022\/05\/screenshot-2022-05-19-at-13.28.36-616x1024.png\" alt=\"\" width=\"616\" height=\"1024\" srcset=\"https:\/\/wp.kristdemokraterna.se\/vasterbotten\/files\/2022\/05\/screenshot-2022-05-19-at-13.28.36-616x1024.png 616w, https:\/\/wp.kristdemokraterna.se\/vasterbotten\/files\/2022\/05\/screenshot-2022-05-19-at-13.28.36-180x300.png 180w, https:\/\/wp.kristdemokraterna.se\/vasterbotten\/files\/2022\/05\/screenshot-2022-05-19-at-13.28.36-768x1278.png 768w, https:\/\/wp.kristdemokraterna.se\/vasterbotten\/files\/2022\/05\/screenshot-2022-05-19-at-13.28.36-120x200.png 120w, https:\/\/wp.kristdemokraterna.se\/vasterbotten\/files\/2022\/05\/screenshot-2022-05-19-at-13.28.36-370x615.png 370w, https:\/\/wp.kristdemokraterna.se\/vasterbotten\/files\/2022\/05\/screenshot-2022-05-19-at-13.28.36-770x1281.png 770w, https:\/\/wp.kristdemokraterna.se\/vasterbotten\/files\/2022\/05\/screenshot-2022-05-19-at-13.28.36-450x749.png 450w, https:\/\/wp.kristdemokraterna.se\/vasterbotten\/files\/2022\/05\/screenshot-2022-05-19-at-13.28.36-242x402.png 242w, https:\/\/wp.kristdemokraterna.se\/vasterbotten\/files\/2022\/05\/screenshot-2022-05-19-at-13.28.36-340x566.png 340w, https:\/\/wp.kristdemokraterna.se\/vasterbotten\/files\/2022\/05\/screenshot-2022-05-19-at-13.28.36-34x56.png 34w, https:\/\/wp.kristdemokraterna.se\/vasterbotten\/files\/2022\/05\/screenshot-2022-05-19-at-13.28.36.png 844w\" sizes=\"auto, (max-width: 616px) 100vw, 616px\" \/><\/p>\n<p>&nbsp;<\/p>\n","protected":false},"excerpt":{"rendered":"<p>Toppkandidater i kommunvalet: Per Lindqvist, Gunilla Forsberg &amp; \u00d6rjan Svensson VALPROGRAM &nbsp;<\/p>\n","protected":false},"author":1024,"featured_media":0,"parent":0,"menu_order":0,"comment_status":"closed","ping_status":"closed","template":"","meta":{"_acf_changed":false,"footnotes":""},"class_list":["post-2584","page","type-page","status-publish","hentry"],"acf":[],"yoast_head":"<!-- This site is optimized with the Yoast SEO plugin v27.4 - https:\/\/yoast.com\/product\/yoast-seo-wordpress\/ -->\n<title>Bjurholm - KRISTDEMOKRATERNA i V\u00e4sterbotten<\/title>\n<meta name=\"robots\" content=\"index, follow, max-snippet:-1, max-image-preview:large, max-video-preview:-1\" \/>\n<link rel=\"canonical\" href=\"https:\/\/wp.kristdemokraterna.se\/vasterbotten\/bjurholm\/\" \/>\n<meta property=\"og:locale\" content=\"sv_SE\" \/>\n<meta property=\"og:type\" content=\"article\" \/>\n<meta property=\"og:title\" content=\"Bjurholm - KRISTDEMOKRATERNA i V\u00e4sterbotten\" \/>\n<meta property=\"og:description\" content=\"Toppkandidater i kommunvalet: Per Lindqvist, Gunilla Forsberg &amp; \u00d6rjan Svensson VALPROGRAM &nbsp;\" \/>\n<meta property=\"og:url\" content=\"https:\/\/wp.kristdemokraterna.se\/vasterbotten\/bjurholm\/\" \/>\n<meta property=\"og:site_name\" content=\"KRISTDEMOKRATERNA i V\u00e4sterbotten\" \/>\n<meta property=\"article:publisher\" content=\"https:\/\/www.facebook.com\/kdvasterbotten\/\" \/>\n<meta property=\"article:modified_time\" content=\"2022-05-19T11:30:09+00:00\" \/>\n<meta property=\"og:image\" content=\"http:\/\/wp.kristdemokraterna.se\/vasterbotten\/files\/2022\/05\/bjurholm-ny-1024x576.jpg\" \/>\n<meta name=\"twitter:card\" content=\"summary_large_image\" \/>\n<meta name=\"twitter:site\" content=\"@kdvasterbotten\" \/>\n<meta name=\"twitter:label1\" content=\"Ber\u00e4knad l\u00e4stid\" \/>\n\t<meta name=\"twitter:data1\" content=\"1 minut\" \/>\n<script type=\"application\/ld+json\" class=\"yoast-schema-graph\">{\"@context\":\"https:\\\/\\\/schema.org\",\"@graph\":[{\"@type\":\"WebPage\",\"@id\":\"https:\\\/\\\/wp.kristdemokraterna.se\\\/vasterbotten\\\/bjurholm\\\/\",\"url\":\"https:\\\/\\\/wp.kristdemokraterna.se\\\/vasterbotten\\\/bjurholm\\\/\",\"name\":\"Bjurholm - KRISTDEMOKRATERNA i V\u00e4sterbotten\",\"isPartOf\":{\"@id\":\"https:\\\/\\\/wp.kristdemokraterna.se\\\/vasterbotten\\\/#website\"},\"primaryImageOfPage\":{\"@id\":\"https:\\\/\\\/wp.kristdemokraterna.se\\\/vasterbotten\\\/bjurholm\\\/#primaryimage\"},\"image\":{\"@id\":\"https:\\\/\\\/wp.kristdemokraterna.se\\\/vasterbotten\\\/bjurholm\\\/#primaryimage\"},\"thumbnailUrl\":\"http:\\\/\\\/wp.kristdemokraterna.se\\\/vasterbotten\\\/files\\\/2022\\\/05\\\/bjurholm-ny-1024x576.jpg\",\"datePublished\":\"2022-05-19T11:24:26+00:00\",\"dateModified\":\"2022-05-19T11:30:09+00:00\",\"breadcrumb\":{\"@id\":\"https:\\\/\\\/wp.kristdemokraterna.se\\\/vasterbotten\\\/bjurholm\\\/#breadcrumb\"},\"inLanguage\":\"sv-SE\",\"potentialAction\":[{\"@type\":\"ReadAction\",\"target\":[\"https:\\\/\\\/wp.kristdemokraterna.se\\\/vasterbotten\\\/bjurholm\\\/\"]}]},{\"@type\":\"ImageObject\",\"inLanguage\":\"sv-SE\",\"@id\":\"https:\\\/\\\/wp.kristdemokraterna.se\\\/vasterbotten\\\/bjurholm\\\/#primaryimage\",\"url\":\"http:\\\/\\\/wp.kristdemokraterna.se\\\/vasterbotten\\\/files\\\/2022\\\/05\\\/bjurholm-ny-1024x576.jpg\",\"contentUrl\":\"http:\\\/\\\/wp.kristdemokraterna.se\\\/vasterbotten\\\/files\\\/2022\\\/05\\\/bjurholm-ny-1024x576.jpg\"},{\"@type\":\"BreadcrumbList\",\"@id\":\"https:\\\/\\\/wp.kristdemokraterna.se\\\/vasterbotten\\\/bjurholm\\\/#breadcrumb\",\"itemListElement\":[{\"@type\":\"ListItem\",\"position\":1,\"name\":\"Hem\",\"item\":\"https:\\\/\\\/wp.kristdemokraterna.se\\\/vasterbotten\\\/\"},{\"@type\":\"ListItem\",\"position\":2,\"name\":\"Bjurholm\"}]},{\"@type\":\"WebSite\",\"@id\":\"https:\\\/\\\/wp.kristdemokraterna.se\\\/vasterbotten\\\/#website\",\"url\":\"https:\\\/\\\/wp.kristdemokraterna.se\\\/vasterbotten\\\/\",\"name\":\"KRISTDEMOKRATERNA i V\u00e4sterbotten\",\"description\":\"Varje m\u00e4nniska ska bem\u00f6tas med v\u00e4rdighet!\",\"inLanguage\":\"sv-SE\"}]}<\/script>\n<!-- \/ Yoast SEO plugin. -->","yoast_head_json":{"title":"Bjurholm - KRISTDEMOKRATERNA i V\u00e4sterbotten","robots":{"index":"index","follow":"follow","max-snippet":"max-snippet:-1","max-image-preview":"max-image-preview:large","max-video-preview":"max-video-preview:-1"},"canonical":"https:\/\/wp.kristdemokraterna.se\/vasterbotten\/bjurholm\/","og_locale":"sv_SE","og_type":"article","og_title":"Bjurholm - KRISTDEMOKRATERNA i V\u00e4sterbotten","og_description":"Toppkandidater i kommunvalet: Per Lindqvist, Gunilla Forsberg &amp; \u00d6rjan Svensson VALPROGRAM &nbsp;","og_url":"https:\/\/wp.kristdemokraterna.se\/vasterbotten\/bjurholm\/","og_site_name":"KRISTDEMOKRATERNA i V\u00e4sterbotten","article_publisher":"https:\/\/www.facebook.com\/kdvasterbotten\/","article_modified_time":"2022-05-19T11:30:09+00:00","og_image":[{"url":"http:\/\/wp.kristdemokraterna.se\/vasterbotten\/files\/2022\/05\/bjurholm-ny-1024x576.jpg","type":"","width":"","height":""}],"twitter_card":"summary_large_image","twitter_site":"@kdvasterbotten","twitter_misc":{"Ber\u00e4knad l\u00e4stid":"1 minut"},"schema":{"@context":"https:\/\/schema.org","@graph":[{"@type":"WebPage","@id":"https:\/\/wp.kristdemokraterna.se\/vasterbotten\/bjurholm\/","url":"https:\/\/wp.kristdemokraterna.se\/vasterbotten\/bjurholm\/","name":"Bjurholm - KRISTDEMOKRATERNA i V\u00e4sterbotten","isPartOf":{"@id":"https:\/\/wp.kristdemokraterna.se\/vasterbotten\/#website"},"primaryImageOfPage":{"@id":"https:\/\/wp.kristdemokraterna.se\/vasterbotten\/bjurholm\/#primaryimage"},"image":{"@id":"https:\/\/wp.kristdemokraterna.se\/vasterbotten\/bjurholm\/#primaryimage"},"thumbnailUrl":"http:\/\/wp.kristdemokraterna.se\/vasterbotten\/files\/2022\/05\/bjurholm-ny-1024x576.jpg","datePublished":"2022-05-19T11:24:26+00:00","dateModified":"2022-05-19T11:30:09+00:00","breadcrumb":{"@id":"https:\/\/wp.kristdemokraterna.se\/vasterbotten\/bjurholm\/#breadcrumb"},"inLanguage":"sv-SE","potentialAction":[{"@type":"ReadAction","target":["https:\/\/wp.kristdemokraterna.se\/vasterbotten\/bjurholm\/"]}]},{"@type":"ImageObject","inLanguage":"sv-SE","@id":"https:\/\/wp.kristdemokraterna.se\/vasterbotten\/bjurholm\/#primaryimage","url":"http:\/\/wp.kristdemokraterna.se\/vasterbotten\/files\/2022\/05\/bjurholm-ny-1024x576.jpg","contentUrl":"http:\/\/wp.kristdemokraterna.se\/vasterbotten\/files\/2022\/05\/bjurholm-ny-1024x576.jpg"},{"@type":"BreadcrumbList","@id":"https:\/\/wp.kristdemokraterna.se\/vasterbotten\/bjurholm\/#breadcrumb","itemListElement":[{"@type":"ListItem","position":1,"name":"Hem","item":"https:\/\/wp.kristdemokraterna.se\/vasterbotten\/"},{"@type":"ListItem","position":2,"name":"Bjurholm"}]},{"@type":"WebSite","@id":"https:\/\/wp.kristdemokraterna.se\/vasterbotten\/#website","url":"https:\/\/wp.kristdemokraterna.se\/vasterbotten\/","name":"KRISTDEMOKRATERNA i V\u00e4sterbotten","description":"Varje m\u00e4nniska ska bem\u00f6tas med v\u00e4rdighet!","inLanguage":"sv-SE"}]}},"_links":{"self":[{"href":"https:\/\/wp.kristdemokraterna.se\/vasterbotten\/wp-json\/wp\/v2\/pages\/2584","targetHints":{"allow":["GET"]}}],"collection":[{"href":"https:\/\/wp.kristdemokraterna.se\/vasterbotten\/wp-json\/wp\/v2\/pages"}],"about":[{"href":"https:\/\/wp.kristdemokraterna.se\/vasterbotten\/wp-json\/wp\/v2\/types\/page"}],"author":[{"embeddable":true,"href":"https:\/\/wp.kristdemokraterna.se\/vasterbotten\/wp-json\/wp\/v2\/users\/1024"}],"replies":[{"embeddable":true,"href":"https:\/\/wp.kristdemokraterna.se\/vasterbotten\/wp-json\/wp\/v2\/comments?post=2584"}],"version-history":[{"count":3,"href":"https:\/\/wp.kristdemokraterna.se\/vasterbotten\/wp-json\/wp\/v2\/pages\/2584\/revisions"}],"predecessor-version":[{"id":2591,"href":"https:\/\/wp.kristdemokraterna.se\/vasterbotten\/wp-json\/wp\/v2\/pages\/2584\/revisions\/2591"}],"wp:attachment":[{"href":"https:\/\/wp.kristdemokraterna.se\/vasterbotten\/wp-json\/wp\/v2\/media?parent=2584"}],"curies":[{"name":"wp","href":"https:\/\/api.w.org\/{rel}","templated":true}]}}

<p><img loading="lazy" decoding="async" class="alignnone size-large wp-image-2585" src="http://wp.kristdemokraterna.se/vasterbotten/files/2022/05/bjurholm-ny-1024x576.jpg" alt="" width="1024" height="576" srcset="https://wp.kristdemokraterna.se/vasterbotten/files/2022/05/bjurholm-ny-1024x576.jpg 1024w, https://wp.kristdemokraterna.se/vasterbotten/files/2022/05/bjurholm-ny-300x169.jpg 300w, https://wp.kristdemokraterna.se/vasterbotten/files/2022/05/bjurholm-ny-768x432.jpg 768w, https://wp.kristdemokraterna.se/vasterbotten/files/2022/05/bjurholm-ny-1536x864.jpg 1536w, https://wp.kristdemokraterna.se/vasterbotten/files/2022/05/bjurholm-ny-2048x1152.jpg 2048w, https://wp.kristdemokraterna.se/vasterbotten/files/2022/05/bjurholm-ny-356x200.jpg 356w, https://wp.kristdemokraterna.se/vasterbotten/files/2022/05/bjurholm-ny-370x208.jpg 370w, https://wp.kristdemokraterna.se/vasterbotten/files/2022/05/bjurholm-ny-770x433.jpg 770w, https://wp.kristdemokraterna.se/vasterbotten/files/2022/05/bjurholm-ny-450x253.jpg 450w, https://wp.kristdemokraterna.se/vasterbotten/files/2022/05/bjurholm-ny-280x158.jpg 280w, https://wp.kristdemokraterna.se/vasterbotten/files/2022/05/bjurholm-ny-340x191.jpg 340w, https://wp.kristdemokraterna.se/vasterbotten/files/2022/05/bjurholm-ny-200x113.jpg 200w, https://wp.kristdemokraterna.se/vasterbotten/files/2022/05/bjurholm-ny-100x56.jpg 100w" sizes="auto, (max-width: 1024px) 100vw, 1024px" /></p>
<p>Toppkandidater i kommunvalet: Per Lindqvist, Gunilla Forsberg &amp; Örjan Svensson</p>
<p><strong>VALPROGRAM</strong></p>
<p><img loading="lazy" decoding="async" class="alignnone size-large wp-image-2589" src="http://wp.kristdemokraterna.se/vasterbotten/files/2022/05/screenshot-2022-05-19-at-13.28.36-616x1024.png" alt="" width="616" height="1024" srcset="https://wp.kristdemokraterna.se/vasterbotten/files/2022/05/screenshot-2022-05-19-at-13.28.36-616x1024.png 616w, https://wp.kristdemokraterna.se/vasterbotten/files/2022/05/screenshot-2022-05-19-at-13.28.36-180x300.png 180w, https://wp.kristdemokraterna.se/vasterbotten/files/2022/05/screenshot-2022-05-19-at-13.28.36-768x1278.png 768w, https://wp.kristdemokraterna.se/vasterbotten/files/2022/05/screenshot-2022-05-19-at-13.28.36-120x200.png 120w, https://wp.kristdemokraterna.se/vasterbotten/files/2022/05/screenshot-2022-05-19-at-13.28.36-370x615.png 370w, https://wp.kristdemokraterna.se/vasterbotten/files/2022/05/screenshot-2022-05-19-at-13.28.36-770x1281.png 770w, https://wp.kristdemokraterna.se/vasterbotten/files/2022/05/screenshot-2022-05-19-at-13.28.36-450x749.png 450w, https://wp.kristdemokraterna.se/vasterbotten/files/2022/05/screenshot-2022-05-19-at-13.28.36-242x402.png 242w, https://wp.kristdemokraterna.se/vasterbotten/files/2022/05/screenshot-2022-05-19-at-13.28.36-340x566.png 340w, https://wp.kristdemokraterna.se/vasterbotten/files/2022/05/screenshot-2022-05-19-at-13.28.36-34x56.png 34w, https://wp.kristdemokraterna.se/vasterbotten/files/2022/05/screenshot-2022-05-19-at-13.28.36.png 844w" sizes="auto, (max-width: 616px) 100vw, 616px" /></p>
<p>&nbsp;</p>

<p>Toppkandidater i kommunvalet: Per Lindqvist, Gunilla Forsberg &amp; Örjan Svensson VALPROGRAM &nbsp;</p>

<!-- This site is optimized with the Yoast SEO plugin v27.4 - https://yoast.com/product/yoast-seo-wordpress/ -->
<title>Bjurholm - KRISTDEMOKRATERNA i Västerbotten</title>
<meta name="robots" content="index, follow, max-snippet:-1, max-image-preview:large, max-video-preview:-1" />
<link rel="canonical" href="https://wp.kristdemokraterna.se/vasterbotten/bjurholm/" />
<meta property="og:locale" content="sv_SE" />
<meta property="og:type" content="article" />
<meta property="og:title" content="Bjurholm - KRISTDEMOKRATERNA i Västerbotten" />
<meta property="og:description" content="Toppkandidater i kommunvalet: Per Lindqvist, Gunilla Forsberg &amp; Örjan Svensson VALPROGRAM &nbsp;" />
<meta property="og:url" content="https://wp.kristdemokraterna.se/vasterbotten/bjurholm/" />
<meta property="og:site_name" content="KRISTDEMOKRATERNA i Västerbotten" />
<meta property="article:publisher" content="https://www.facebook.com/kdvasterbotten/" />
<meta property="article:modified_time" content="2022-05-19T11:30:09+00:00" />
<meta property="og:image" content="http://wp.kristdemokraterna.se/vasterbotten/files/2022/05/bjurholm-ny-1024x576.jpg" />
<meta name="twitter:card" content="summary_large_image" />
<meta name="twitter:site" content="@kdvasterbotten" />
<meta name="twitter:label1" content="Beräknad lästid" />
	<meta name="twitter:data1" content="1 minut" />
<script type="application/ld+json" class="yoast-schema-graph">{"@context":"https:\/\/schema.org","@graph":[{"@type":"WebPage","@id":"https:\/\/wp.kristdemokraterna.se\/vasterbotten\/bjurholm\/","url":"https:\/\/wp.kristdemokraterna.se\/vasterbotten\/bjurholm\/","name":"Bjurholm - KRISTDEMOKRATERNA i Västerbotten","isPartOf":{"@id":"https:\/\/wp.kristdemokraterna.se\/vasterbotten\/#website"},"primaryImageOfPage":{"@id":"https:\/\/wp.kristdemokraterna.se\/vasterbotten\/bjurholm\/#primaryimage"},"image":{"@id":"https:\/\/wp.kristdemokraterna.se\/vasterbotten\/bjurholm\/#primaryimage"},"thumbnailUrl":"http:\/\/wp.kristdemokraterna.se\/vasterbotten\/files\/2022\/05\/bjurholm-ny-1024x576.jpg","datePublished":"2022-05-19T11:24:26+00:00","dateModified":"2022-05-19T11:30:09+00:00","breadcrumb":{"@id":"https:\/\/wp.kristdemokraterna.se\/vasterbotten\/bjurholm\/#breadcrumb"},"inLanguage":"sv-SE","potentialAction":[{"@type":"ReadAction","target":["https:\/\/wp.kristdemokraterna.se\/vasterbotten\/bjurholm\/"]}]},{"@type":"ImageObject","inLanguage":"sv-SE","@id":"https:\/\/wp.kristdemokraterna.se\/vasterbotten\/bjurholm\/#primaryimage","url":"http:\/\/wp.kristdemokraterna.se\/vasterbotten\/files\/2022\/05\/bjurholm-ny-1024x576.jpg","contentUrl":"http:\/\/wp.kristdemokraterna.se\/vasterbotten\/files\/2022\/05\/bjurholm-ny-1024x576.jpg"},{"@type":"BreadcrumbList","@id":"https:\/\/wp.kristdemokraterna.se\/vasterbotten\/bjurholm\/#breadcrumb","itemListElement":[{"@type":"ListItem","position":1,"name":"Hem","item":"https:\/\/wp.kristdemokraterna.se\/vasterbotten\/"},{"@type":"ListItem","position":2,"name":"Bjurholm"}]},{"@type":"WebSite","@id":"https:\/\/wp.kristdemokraterna.se\/vasterbotten\/#website","url":"https:\/\/wp.kristdemokraterna.se\/vasterbotten\/","name":"KRISTDEMOKRATERNA i Västerbotten","description":"Varje människa ska bemötas med värdighet!","inLanguage":"sv-SE"}]}</script>
<!-- / Yoast SEO plugin. -->

Bjurholm - KRISTDEMOKRATERNA i Västerbotten

Toppkandidater i kommunvalet: Per Lindqvist, Gunilla Forsberg &amp; Örjan Svensson VALPROGRAM &nbsp;

KRISTDEMOKRATERNA i Västerbotten

Varje människa ska bemötas med värdighet!
