{"id":2615,"date":"2022-05-19T14:02:22","date_gmt":"2022-05-19T12:02:22","guid":{"rendered":"https:\/\/wp.kristdemokraterna.se\/vasterbotten\/?page_id=2615"},"modified":"2022-05-19T14:02:22","modified_gmt":"2022-05-19T12:02:22","slug":"storuman","status":"publish","type":"page","link":"https:\/\/wp.kristdemokraterna.se\/vasterbotten\/storuman\/","title":{"rendered":"Storuman"},"content":{"rendered":"<p><img loading=\"lazy\" decoding=\"async\" class=\"alignnone size-large wp-image-2616\" src=\"http:\/\/wp.kristdemokraterna.se\/vasterbotten\/files\/2022\/05\/storuman-ny-1024x576.jpg\" alt=\"\" width=\"1024\" height=\"576\" srcset=\"https:\/\/wp.kristdemokraterna.se\/vasterbotten\/files\/2022\/05\/storuman-ny-1024x576.jpg 1024w, https:\/\/wp.kristdemokraterna.se\/vasterbotten\/files\/2022\/05\/storuman-ny-300x169.jpg 300w, https:\/\/wp.kristdemokraterna.se\/vasterbotten\/files\/2022\/05\/storuman-ny-768x432.jpg 768w, https:\/\/wp.kristdemokraterna.se\/vasterbotten\/files\/2022\/05\/storuman-ny-1536x864.jpg 1536w, https:\/\/wp.kristdemokraterna.se\/vasterbotten\/files\/2022\/05\/storuman-ny-2048x1152.jpg 2048w, https:\/\/wp.kristdemokraterna.se\/vasterbotten\/files\/2022\/05\/storuman-ny-356x200.jpg 356w, https:\/\/wp.kristdemokraterna.se\/vasterbotten\/files\/2022\/05\/storuman-ny-370x208.jpg 370w, https:\/\/wp.kristdemokraterna.se\/vasterbotten\/files\/2022\/05\/storuman-ny-770x433.jpg 770w, https:\/\/wp.kristdemokraterna.se\/vasterbotten\/files\/2022\/05\/storuman-ny-450x253.jpg 450w, https:\/\/wp.kristdemokraterna.se\/vasterbotten\/files\/2022\/05\/storuman-ny-280x158.jpg 280w, https:\/\/wp.kristdemokraterna.se\/vasterbotten\/files\/2022\/05\/storuman-ny-340x191.jpg 340w, https:\/\/wp.kristdemokraterna.se\/vasterbotten\/files\/2022\/05\/storuman-ny-200x113.jpg 200w, https:\/\/wp.kristdemokraterna.se\/vasterbotten\/files\/2022\/05\/storuman-ny-100x56.jpg 100w\" sizes=\"auto, (max-width: 1024px) 100vw, 1024px\" \/><\/p>\n<p>Toppkandidater i kommunvalet: Ther\u00e9se M\u00f6rtzell, Per-Daniel Liljegren, Jenny Kallin Stillman &amp; Roland Gustafsson<\/p>\n<p><strong>VALPROGRAM<\/strong><\/p>\n<p><img loading=\"lazy\" decoding=\"async\" class=\"alignnone size-large wp-image-2617\" src=\"http:\/\/wp.kristdemokraterna.se\/vasterbotten\/files\/2022\/05\/screenshot-2022-05-19-at-14.01.45-694x1024.png\" alt=\"\" width=\"694\" height=\"1024\" srcset=\"https:\/\/wp.kristdemokraterna.se\/vasterbotten\/files\/2022\/05\/screenshot-2022-05-19-at-14.01.45-694x1024.png 694w, https:\/\/wp.kristdemokraterna.se\/vasterbotten\/files\/2022\/05\/screenshot-2022-05-19-at-14.01.45-203x300.png 203w, https:\/\/wp.kristdemokraterna.se\/vasterbotten\/files\/2022\/05\/screenshot-2022-05-19-at-14.01.45-768x1134.png 768w, https:\/\/wp.kristdemokraterna.se\/vasterbotten\/files\/2022\/05\/screenshot-2022-05-19-at-14.01.45-135x200.png 135w, https:\/\/wp.kristdemokraterna.se\/vasterbotten\/files\/2022\/05\/screenshot-2022-05-19-at-14.01.45-370x546.png 370w, https:\/\/wp.kristdemokraterna.se\/vasterbotten\/files\/2022\/05\/screenshot-2022-05-19-at-14.01.45-770x1137.png 770w, https:\/\/wp.kristdemokraterna.se\/vasterbotten\/files\/2022\/05\/screenshot-2022-05-19-at-14.01.45-450x664.png 450w, https:\/\/wp.kristdemokraterna.se\/vasterbotten\/files\/2022\/05\/screenshot-2022-05-19-at-14.01.45-272x402.png 272w, https:\/\/wp.kristdemokraterna.se\/vasterbotten\/files\/2022\/05\/screenshot-2022-05-19-at-14.01.45-340x502.png 340w, https:\/\/wp.kristdemokraterna.se\/vasterbotten\/files\/2022\/05\/screenshot-2022-05-19-at-14.01.45-38x56.png 38w, https:\/\/wp.kristdemokraterna.se\/vasterbotten\/files\/2022\/05\/screenshot-2022-05-19-at-14.01.45.png 928w\" sizes=\"auto, (max-width: 694px) 100vw, 694px\" \/><\/p>\n<p>&nbsp;<\/p>\n","protected":false},"excerpt":{"rendered":"<p>Toppkandidater i kommunvalet: Ther\u00e9se M\u00f6rtzell, Per-Daniel Liljegren, Jenny Kallin Stillman &amp; Roland Gustafsson VALPROGRAM &nbsp;<\/p>\n","protected":false},"author":1024,"featured_media":0,"parent":0,"menu_order":0,"comment_status":"closed","ping_status":"closed","template":"","meta":{"_acf_changed":false,"footnotes":""},"class_list":["post-2615","page","type-page","status-publish","hentry"],"acf":[],"yoast_head":"<!-- This site is optimized with the Yoast SEO plugin v27.4 - https:\/\/yoast.com\/product\/yoast-seo-wordpress\/ -->\n<title>Storuman - KRISTDEMOKRATERNA i V\u00e4sterbotten<\/title>\n<meta name=\"robots\" content=\"index, follow, max-snippet:-1, max-image-preview:large, max-video-preview:-1\" \/>\n<link rel=\"canonical\" href=\"https:\/\/wp.kristdemokraterna.se\/vasterbotten\/storuman\/\" \/>\n<meta property=\"og:locale\" content=\"sv_SE\" \/>\n<meta property=\"og:type\" content=\"article\" \/>\n<meta property=\"og:title\" content=\"Storuman - KRISTDEMOKRATERNA i V\u00e4sterbotten\" \/>\n<meta property=\"og:description\" content=\"Toppkandidater i kommunvalet: Ther\u00e9se M\u00f6rtzell, Per-Daniel Liljegren, Jenny Kallin Stillman &amp; Roland Gustafsson VALPROGRAM &nbsp;\" \/>\n<meta property=\"og:url\" content=\"https:\/\/wp.kristdemokraterna.se\/vasterbotten\/storuman\/\" \/>\n<meta property=\"og:site_name\" content=\"KRISTDEMOKRATERNA i V\u00e4sterbotten\" \/>\n<meta property=\"article:publisher\" content=\"https:\/\/www.facebook.com\/kdvasterbotten\/\" \/>\n<meta property=\"og:image\" content=\"http:\/\/wp.kristdemokraterna.se\/vasterbotten\/files\/2022\/05\/storuman-ny-1024x576.jpg\" \/>\n<meta name=\"twitter:card\" content=\"summary_large_image\" \/>\n<meta name=\"twitter:site\" content=\"@kdvasterbotten\" \/>\n<script type=\"application\/ld+json\" class=\"yoast-schema-graph\">{\"@context\":\"https:\\\/\\\/schema.org\",\"@graph\":[{\"@type\":\"WebPage\",\"@id\":\"https:\\\/\\\/wp.kristdemokraterna.se\\\/vasterbotten\\\/storuman\\\/\",\"url\":\"https:\\\/\\\/wp.kristdemokraterna.se\\\/vasterbotten\\\/storuman\\\/\",\"name\":\"Storuman - KRISTDEMOKRATERNA i V\u00e4sterbotten\",\"isPartOf\":{\"@id\":\"https:\\\/\\\/wp.kristdemokraterna.se\\\/vasterbotten\\\/#website\"},\"primaryImageOfPage\":{\"@id\":\"https:\\\/\\\/wp.kristdemokraterna.se\\\/vasterbotten\\\/storuman\\\/#primaryimage\"},\"image\":{\"@id\":\"https:\\\/\\\/wp.kristdemokraterna.se\\\/vasterbotten\\\/storuman\\\/#primaryimage\"},\"thumbnailUrl\":\"http:\\\/\\\/wp.kristdemokraterna.se\\\/vasterbotten\\\/files\\\/2022\\\/05\\\/storuman-ny-1024x576.jpg\",\"datePublished\":\"2022-05-19T12:02:22+00:00\",\"breadcrumb\":{\"@id\":\"https:\\\/\\\/wp.kristdemokraterna.se\\\/vasterbotten\\\/storuman\\\/#breadcrumb\"},\"inLanguage\":\"sv-SE\",\"potentialAction\":[{\"@type\":\"ReadAction\",\"target\":[\"https:\\\/\\\/wp.kristdemokraterna.se\\\/vasterbotten\\\/storuman\\\/\"]}]},{\"@type\":\"ImageObject\",\"inLanguage\":\"sv-SE\",\"@id\":\"https:\\\/\\\/wp.kristdemokraterna.se\\\/vasterbotten\\\/storuman\\\/#primaryimage\",\"url\":\"http:\\\/\\\/wp.kristdemokraterna.se\\\/vasterbotten\\\/files\\\/2022\\\/05\\\/storuman-ny-1024x576.jpg\",\"contentUrl\":\"http:\\\/\\\/wp.kristdemokraterna.se\\\/vasterbotten\\\/files\\\/2022\\\/05\\\/storuman-ny-1024x576.jpg\"},{\"@type\":\"BreadcrumbList\",\"@id\":\"https:\\\/\\\/wp.kristdemokraterna.se\\\/vasterbotten\\\/storuman\\\/#breadcrumb\",\"itemListElement\":[{\"@type\":\"ListItem\",\"position\":1,\"name\":\"Hem\",\"item\":\"https:\\\/\\\/wp.kristdemokraterna.se\\\/vasterbotten\\\/\"},{\"@type\":\"ListItem\",\"position\":2,\"name\":\"Storuman\"}]},{\"@type\":\"WebSite\",\"@id\":\"https:\\\/\\\/wp.kristdemokraterna.se\\\/vasterbotten\\\/#website\",\"url\":\"https:\\\/\\\/wp.kristdemokraterna.se\\\/vasterbotten\\\/\",\"name\":\"KRISTDEMOKRATERNA i V\u00e4sterbotten\",\"description\":\"Varje m\u00e4nniska ska bem\u00f6tas med v\u00e4rdighet!\",\"inLanguage\":\"sv-SE\"}]}<\/script>\n<!-- \/ Yoast SEO plugin. -->","yoast_head_json":{"title":"Storuman - KRISTDEMOKRATERNA i V\u00e4sterbotten","robots":{"index":"index","follow":"follow","max-snippet":"max-snippet:-1","max-image-preview":"max-image-preview:large","max-video-preview":"max-video-preview:-1"},"canonical":"https:\/\/wp.kristdemokraterna.se\/vasterbotten\/storuman\/","og_locale":"sv_SE","og_type":"article","og_title":"Storuman - KRISTDEMOKRATERNA i V\u00e4sterbotten","og_description":"Toppkandidater i kommunvalet: Ther\u00e9se M\u00f6rtzell, Per-Daniel Liljegren, Jenny Kallin Stillman &amp; Roland Gustafsson VALPROGRAM &nbsp;","og_url":"https:\/\/wp.kristdemokraterna.se\/vasterbotten\/storuman\/","og_site_name":"KRISTDEMOKRATERNA i V\u00e4sterbotten","article_publisher":"https:\/\/www.facebook.com\/kdvasterbotten\/","og_image":[{"url":"http:\/\/wp.kristdemokraterna.se\/vasterbotten\/files\/2022\/05\/storuman-ny-1024x576.jpg","type":"","width":"","height":""}],"twitter_card":"summary_large_image","twitter_site":"@kdvasterbotten","schema":{"@context":"https:\/\/schema.org","@graph":[{"@type":"WebPage","@id":"https:\/\/wp.kristdemokraterna.se\/vasterbotten\/storuman\/","url":"https:\/\/wp.kristdemokraterna.se\/vasterbotten\/storuman\/","name":"Storuman - KRISTDEMOKRATERNA i V\u00e4sterbotten","isPartOf":{"@id":"https:\/\/wp.kristdemokraterna.se\/vasterbotten\/#website"},"primaryImageOfPage":{"@id":"https:\/\/wp.kristdemokraterna.se\/vasterbotten\/storuman\/#primaryimage"},"image":{"@id":"https:\/\/wp.kristdemokraterna.se\/vasterbotten\/storuman\/#primaryimage"},"thumbnailUrl":"http:\/\/wp.kristdemokraterna.se\/vasterbotten\/files\/2022\/05\/storuman-ny-1024x576.jpg","datePublished":"2022-05-19T12:02:22+00:00","breadcrumb":{"@id":"https:\/\/wp.kristdemokraterna.se\/vasterbotten\/storuman\/#breadcrumb"},"inLanguage":"sv-SE","potentialAction":[{"@type":"ReadAction","target":["https:\/\/wp.kristdemokraterna.se\/vasterbotten\/storuman\/"]}]},{"@type":"ImageObject","inLanguage":"sv-SE","@id":"https:\/\/wp.kristdemokraterna.se\/vasterbotten\/storuman\/#primaryimage","url":"http:\/\/wp.kristdemokraterna.se\/vasterbotten\/files\/2022\/05\/storuman-ny-1024x576.jpg","contentUrl":"http:\/\/wp.kristdemokraterna.se\/vasterbotten\/files\/2022\/05\/storuman-ny-1024x576.jpg"},{"@type":"BreadcrumbList","@id":"https:\/\/wp.kristdemokraterna.se\/vasterbotten\/storuman\/#breadcrumb","itemListElement":[{"@type":"ListItem","position":1,"name":"Hem","item":"https:\/\/wp.kristdemokraterna.se\/vasterbotten\/"},{"@type":"ListItem","position":2,"name":"Storuman"}]},{"@type":"WebSite","@id":"https:\/\/wp.kristdemokraterna.se\/vasterbotten\/#website","url":"https:\/\/wp.kristdemokraterna.se\/vasterbotten\/","name":"KRISTDEMOKRATERNA i V\u00e4sterbotten","description":"Varje m\u00e4nniska ska bem\u00f6tas med v\u00e4rdighet!","inLanguage":"sv-SE"}]}},"_links":{"self":[{"href":"https:\/\/wp.kristdemokraterna.se\/vasterbotten\/wp-json\/wp\/v2\/pages\/2615","targetHints":{"allow":["GET"]}}],"collection":[{"href":"https:\/\/wp.kristdemokraterna.se\/vasterbotten\/wp-json\/wp\/v2\/pages"}],"about":[{"href":"https:\/\/wp.kristdemokraterna.se\/vasterbotten\/wp-json\/wp\/v2\/types\/page"}],"author":[{"embeddable":true,"href":"https:\/\/wp.kristdemokraterna.se\/vasterbotten\/wp-json\/wp\/v2\/users\/1024"}],"replies":[{"embeddable":true,"href":"https:\/\/wp.kristdemokraterna.se\/vasterbotten\/wp-json\/wp\/v2\/comments?post=2615"}],"version-history":[{"count":1,"href":"https:\/\/wp.kristdemokraterna.se\/vasterbotten\/wp-json\/wp\/v2\/pages\/2615\/revisions"}],"predecessor-version":[{"id":2618,"href":"https:\/\/wp.kristdemokraterna.se\/vasterbotten\/wp-json\/wp\/v2\/pages\/2615\/revisions\/2618"}],"wp:attachment":[{"href":"https:\/\/wp.kristdemokraterna.se\/vasterbotten\/wp-json\/wp\/v2\/media?parent=2615"}],"curies":[{"name":"wp","href":"https:\/\/api.w.org\/{rel}","templated":true}]}}

<p><img loading="lazy" decoding="async" class="alignnone size-large wp-image-2616" src="http://wp.kristdemokraterna.se/vasterbotten/files/2022/05/storuman-ny-1024x576.jpg" alt="" width="1024" height="576" srcset="https://wp.kristdemokraterna.se/vasterbotten/files/2022/05/storuman-ny-1024x576.jpg 1024w, https://wp.kristdemokraterna.se/vasterbotten/files/2022/05/storuman-ny-300x169.jpg 300w, https://wp.kristdemokraterna.se/vasterbotten/files/2022/05/storuman-ny-768x432.jpg 768w, https://wp.kristdemokraterna.se/vasterbotten/files/2022/05/storuman-ny-1536x864.jpg 1536w, https://wp.kristdemokraterna.se/vasterbotten/files/2022/05/storuman-ny-2048x1152.jpg 2048w, https://wp.kristdemokraterna.se/vasterbotten/files/2022/05/storuman-ny-356x200.jpg 356w, https://wp.kristdemokraterna.se/vasterbotten/files/2022/05/storuman-ny-370x208.jpg 370w, https://wp.kristdemokraterna.se/vasterbotten/files/2022/05/storuman-ny-770x433.jpg 770w, https://wp.kristdemokraterna.se/vasterbotten/files/2022/05/storuman-ny-450x253.jpg 450w, https://wp.kristdemokraterna.se/vasterbotten/files/2022/05/storuman-ny-280x158.jpg 280w, https://wp.kristdemokraterna.se/vasterbotten/files/2022/05/storuman-ny-340x191.jpg 340w, https://wp.kristdemokraterna.se/vasterbotten/files/2022/05/storuman-ny-200x113.jpg 200w, https://wp.kristdemokraterna.se/vasterbotten/files/2022/05/storuman-ny-100x56.jpg 100w" sizes="auto, (max-width: 1024px) 100vw, 1024px" /></p>
<p>Toppkandidater i kommunvalet: Therése Mörtzell, Per-Daniel Liljegren, Jenny Kallin Stillman &amp; Roland Gustafsson</p>
<p><strong>VALPROGRAM</strong></p>
<p><img loading="lazy" decoding="async" class="alignnone size-large wp-image-2617" src="http://wp.kristdemokraterna.se/vasterbotten/files/2022/05/screenshot-2022-05-19-at-14.01.45-694x1024.png" alt="" width="694" height="1024" srcset="https://wp.kristdemokraterna.se/vasterbotten/files/2022/05/screenshot-2022-05-19-at-14.01.45-694x1024.png 694w, https://wp.kristdemokraterna.se/vasterbotten/files/2022/05/screenshot-2022-05-19-at-14.01.45-203x300.png 203w, https://wp.kristdemokraterna.se/vasterbotten/files/2022/05/screenshot-2022-05-19-at-14.01.45-768x1134.png 768w, https://wp.kristdemokraterna.se/vasterbotten/files/2022/05/screenshot-2022-05-19-at-14.01.45-135x200.png 135w, https://wp.kristdemokraterna.se/vasterbotten/files/2022/05/screenshot-2022-05-19-at-14.01.45-370x546.png 370w, https://wp.kristdemokraterna.se/vasterbotten/files/2022/05/screenshot-2022-05-19-at-14.01.45-770x1137.png 770w, https://wp.kristdemokraterna.se/vasterbotten/files/2022/05/screenshot-2022-05-19-at-14.01.45-450x664.png 450w, https://wp.kristdemokraterna.se/vasterbotten/files/2022/05/screenshot-2022-05-19-at-14.01.45-272x402.png 272w, https://wp.kristdemokraterna.se/vasterbotten/files/2022/05/screenshot-2022-05-19-at-14.01.45-340x502.png 340w, https://wp.kristdemokraterna.se/vasterbotten/files/2022/05/screenshot-2022-05-19-at-14.01.45-38x56.png 38w, https://wp.kristdemokraterna.se/vasterbotten/files/2022/05/screenshot-2022-05-19-at-14.01.45.png 928w" sizes="auto, (max-width: 694px) 100vw, 694px" /></p>
<p>&nbsp;</p>

<p>Toppkandidater i kommunvalet: Therése Mörtzell, Per-Daniel Liljegren, Jenny Kallin Stillman &amp; Roland Gustafsson VALPROGRAM &nbsp;</p>

<!-- This site is optimized with the Yoast SEO plugin v27.4 - https://yoast.com/product/yoast-seo-wordpress/ -->
<title>Storuman - KRISTDEMOKRATERNA i Västerbotten</title>
<meta name="robots" content="index, follow, max-snippet:-1, max-image-preview:large, max-video-preview:-1" />
<link rel="canonical" href="https://wp.kristdemokraterna.se/vasterbotten/storuman/" />
<meta property="og:locale" content="sv_SE" />
<meta property="og:type" content="article" />
<meta property="og:title" content="Storuman - KRISTDEMOKRATERNA i Västerbotten" />
<meta property="og:description" content="Toppkandidater i kommunvalet: Therése Mörtzell, Per-Daniel Liljegren, Jenny Kallin Stillman &amp; Roland Gustafsson VALPROGRAM &nbsp;" />
<meta property="og:url" content="https://wp.kristdemokraterna.se/vasterbotten/storuman/" />
<meta property="og:site_name" content="KRISTDEMOKRATERNA i Västerbotten" />
<meta property="article:publisher" content="https://www.facebook.com/kdvasterbotten/" />
<meta property="og:image" content="http://wp.kristdemokraterna.se/vasterbotten/files/2022/05/storuman-ny-1024x576.jpg" />
<meta name="twitter:card" content="summary_large_image" />
<meta name="twitter:site" content="@kdvasterbotten" />
<script type="application/ld+json" class="yoast-schema-graph">{"@context":"https:\/\/schema.org","@graph":[{"@type":"WebPage","@id":"https:\/\/wp.kristdemokraterna.se\/vasterbotten\/storuman\/","url":"https:\/\/wp.kristdemokraterna.se\/vasterbotten\/storuman\/","name":"Storuman - KRISTDEMOKRATERNA i Västerbotten","isPartOf":{"@id":"https:\/\/wp.kristdemokraterna.se\/vasterbotten\/#website"},"primaryImageOfPage":{"@id":"https:\/\/wp.kristdemokraterna.se\/vasterbotten\/storuman\/#primaryimage"},"image":{"@id":"https:\/\/wp.kristdemokraterna.se\/vasterbotten\/storuman\/#primaryimage"},"thumbnailUrl":"http:\/\/wp.kristdemokraterna.se\/vasterbotten\/files\/2022\/05\/storuman-ny-1024x576.jpg","datePublished":"2022-05-19T12:02:22+00:00","breadcrumb":{"@id":"https:\/\/wp.kristdemokraterna.se\/vasterbotten\/storuman\/#breadcrumb"},"inLanguage":"sv-SE","potentialAction":[{"@type":"ReadAction","target":["https:\/\/wp.kristdemokraterna.se\/vasterbotten\/storuman\/"]}]},{"@type":"ImageObject","inLanguage":"sv-SE","@id":"https:\/\/wp.kristdemokraterna.se\/vasterbotten\/storuman\/#primaryimage","url":"http:\/\/wp.kristdemokraterna.se\/vasterbotten\/files\/2022\/05\/storuman-ny-1024x576.jpg","contentUrl":"http:\/\/wp.kristdemokraterna.se\/vasterbotten\/files\/2022\/05\/storuman-ny-1024x576.jpg"},{"@type":"BreadcrumbList","@id":"https:\/\/wp.kristdemokraterna.se\/vasterbotten\/storuman\/#breadcrumb","itemListElement":[{"@type":"ListItem","position":1,"name":"Hem","item":"https:\/\/wp.kristdemokraterna.se\/vasterbotten\/"},{"@type":"ListItem","position":2,"name":"Storuman"}]},{"@type":"WebSite","@id":"https:\/\/wp.kristdemokraterna.se\/vasterbotten\/#website","url":"https:\/\/wp.kristdemokraterna.se\/vasterbotten\/","name":"KRISTDEMOKRATERNA i Västerbotten","description":"Varje människa ska bemötas med värdighet!","inLanguage":"sv-SE"}]}</script>
<!-- / Yoast SEO plugin. -->

Storuman - KRISTDEMOKRATERNA i Västerbotten

Toppkandidater i kommunvalet: Therése Mörtzell, Per-Daniel Liljegren, Jenny Kallin Stillman &amp; Roland Gustafsson VALPROGRAM &nbsp;

KRISTDEMOKRATERNA i Västerbotten

Varje människa ska bemötas med värdighet!
