{"version":"1.0","provider_name":"KD V\u00e4sternorrland","provider_url":"https:\/\/wp.kristdemokraterna.se\/vasternorrland","title":"Tandv\u00e5rd | KD V\u00e4sternorrland","type":"rich","width":600,"height":338,"html":"<blockquote class=\"wp-embedded-content\" data-secret=\"InGRWfBoip\"><a href=\"https:\/\/wp.kristdemokraterna.se\/vasternorrland\/var-politik\/politikomraden\/tandvard\/\">Tandv\u00e5rd<\/a><\/blockquote><iframe sandbox=\"allow-scripts\" security=\"restricted\" src=\"https:\/\/wp.kristdemokraterna.se\/vasternorrland\/var-politik\/politikomraden\/tandvard\/embed\/#?secret=InGRWfBoip\" width=\"600\" height=\"338\" title=\"\u201dTandv\u00e5rd\u201d &ndash; KD V\u00e4sternorrland\" data-secret=\"InGRWfBoip\" frameborder=\"0\" marginwidth=\"0\" marginheight=\"0\" scrolling=\"no\" class=\"wp-embedded-content\"><\/iframe><script type=\"text\/javascript\">\n\/* <![CDATA[ *\/\n\/*! This file is auto-generated *\/\n!function(d,l){\"use strict\";l.querySelector&&d.addEventListener&&\"undefined\"!=typeof URL&&(d.wp=d.wp||{},d.wp.receiveEmbedMessage||(d.wp.receiveEmbedMessage=function(e){var t=e.data;if((t||t.secret||t.message||t.value)&&!\/[^a-zA-Z0-9]\/.test(t.secret)){for(var s,r,n,a=l.querySelectorAll('iframe[data-secret=\"'+t.secret+'\"]'),o=l.querySelectorAll('blockquote[data-secret=\"'+t.secret+'\"]'),c=new RegExp(\"^https?:$\",\"i\"),i=0;i<o.length;i++)o[i].style.display=\"none\";for(i=0;i<a.length;i++)s=a[i],e.source===s.contentWindow&&(s.removeAttribute(\"style\"),\"height\"===t.message?(1e3<(r=parseInt(t.value,10))?r=1e3:~~r<200&&(r=200),s.height=r):\"link\"===t.message&&(r=new URL(s.getAttribute(\"src\")),n=new URL(t.value),c.test(n.protocol))&&n.host===r.host&&l.activeElement===s&&(d.top.location.href=t.value))}},d.addEventListener(\"message\",d.wp.receiveEmbedMessage,!1),l.addEventListener(\"DOMContentLoaded\",function(){for(var e,t,s=l.querySelectorAll(\"iframe.wp-embedded-content\"),r=0;r<s.length;r++)(t=(e=s[r]).getAttribute(\"data-secret\"))||(t=Math.random().toString(36).substring(2,12),e.src+=\"#?secret=\"+t,e.setAttribute(\"data-secret\",t)),e.contentWindow.postMessage({message:\"ready\",secret:t},\"*\")},!1)))}(window,document);\n\/\/# sourceURL=https:\/\/wp.kristdemokraterna.se\/vasternorrland\/wp-includes\/js\/wp-embed.min.js\n\/* ]]> *\/\n<\/script>\n","description":"Det finns ett samband mellan tandh\u00e4lsa och allm\u00e4n h\u00e4lsa. D\u00e4rf\u00f6r \u00e4r det h\u00e4lsofr\u00e4mjande och f\u00f6rebyggande arbetet viktigt f\u00f6r samtliga patientgrupper. F\u00f6r barntandv\u00e5rden har Folktandv\u00e5rden ett s\u00e4rskilt ansvar, likas\u00e5 f\u00f6r bed\u00f6mningstandv\u00e5rd och n\u00f6dv\u00e4ndig tandv\u00e5rd. F\u00f6r att \u00f6ka tillg\u00e4ngligheten i inlandet finns en mobil tandv\u00e5rdsklinik. Den upps\u00f6kande verksamheten f\u00f6r den \u00e4ldre generationen beh\u00f6ver f\u00f6rst\u00e4rkas med satsningar p\u00e5 Read More","thumbnail_url":"http:\/\/wp.kristdemokraterna.se\/vasternorrland\/files\/2019\/06\/tandvard-tandlakare.jpg"}

KD Västernorrland

Tandvård | KD Västernorrland

<blockquote class="wp-embedded-content" data-secret="InGRWfBoip"><a href="https://wp.kristdemokraterna.se/vasternorrland/var-politik/politikomraden/tandvard/">Tandvård</a></blockquote><iframe sandbox="allow-scripts" security="restricted" src="https://wp.kristdemokraterna.se/vasternorrland/var-politik/politikomraden/tandvard/embed/#?secret=InGRWfBoip" width="600" height="338" title="”Tandvård” &ndash; KD Västernorrland" data-secret="InGRWfBoip" frameborder="0" marginwidth="0" marginheight="0" scrolling="no" class="wp-embedded-content"></iframe><script type="text/javascript">
/* <![CDATA[ */
/*! This file is auto-generated */
!function(d,l){"use strict";l.querySelector&&d.addEventListener&&"undefined"!=typeof URL&&(d.wp=d.wp||{},d.wp.receiveEmbedMessage||(d.wp.receiveEmbedMessage=function(e){var t=e.data;if((t||t.secret||t.message||t.value)&&!/[^a-zA-Z0-9]/.test(t.secret)){for(var s,r,n,a=l.querySelectorAll('iframe[data-secret="'+t.secret+'"]'),o=l.querySelectorAll('blockquote[data-secret="'+t.secret+'"]'),c=new RegExp("^https?:$","i"),i=0;i<o.length;i++)o[i].style.display="none";for(i=0;i<a.length;i++)s=a[i],e.source===s.contentWindow&&(s.removeAttribute("style"),"height"===t.message?(1e3<(r=parseInt(t.value,10))?r=1e3:~~r<200&&(r=200),s.height=r):"link"===t.message&&(r=new URL(s.getAttribute("src")),n=new URL(t.value),c.test(n.protocol))&&n.host===r.host&&l.activeElement===s&&(d.top.location.href=t.value))}},d.addEventListener("message",d.wp.receiveEmbedMessage,!1),l.addEventListener("DOMContentLoaded",function(){for(var e,t,s=l.querySelectorAll("iframe.wp-embedded-content"),r=0;r<s.length;r++)(t=(e=s[r]).getAttribute("data-secret"))||(t=Math.random().toString(36).substring(2,12),e.src+="#?secret="+t,e.setAttribute("data-secret",t)),e.contentWindow.postMessage({message:"ready",secret:t},"*")},!1)))}(window,document);
//# sourceURL=https://wp.kristdemokraterna.se/vasternorrland/wp-includes/js/wp-embed.min.js
/* ]]> */
</script>

Det finns ett samband mellan tandhälsa och allmän hälsa. Därför är det hälsofrämjande och förebyggande arbetet viktigt för samtliga patientgrupper. För barntandvården har Folktandvården ett särskilt ansvar, likaså för bedömningstandvård och nödvändig tandvård. För att öka tillgängligheten i inlandet finns en mobil tandvårdsklinik. Den uppsökande verksamheten för den äldre generationen behöver förstärkas med satsningar på Read More
