{"id":120624,"date":"2018-07-15T21:35:53","date_gmt":"2018-07-15T19:35:53","guid":{"rendered":"http:\/\/wp.kristdemokraterna.se\/vasternorrland\/?page_id=120624"},"modified":"2018-10-09T13:19:03","modified_gmt":"2018-10-09T11:19:03","slug":"joachim-jonsson-2-a-pa-regionlistan","status":"publish","type":"page","link":"https:\/\/wp.kristdemokraterna.se\/vasternorrland\/tidigare-val\/valet-2018\/joachim-jonsson-2-a-pa-regionlistan\/","title":{"rendered":"Joachim Jonsson, 2:a p\u00e5 Regionlistan"},"content":{"rendered":"<p><img loading=\"lazy\" decoding=\"async\" class=\"size-full wp-image-120619 alignright\" src=\"http:\/\/wp.kristdemokraterna.se\/vasternorrland\/files\/2018\/08\/joachim-jonsson-224x260.jpg.png\" alt=\"\" width=\"224\" height=\"260\" srcset=\"https:\/\/wp.kristdemokraterna.se\/vasternorrland\/files\/2018\/08\/joachim-jonsson-224x260.jpg.png 224w, https:\/\/wp.kristdemokraterna.se\/vasternorrland\/files\/2018\/08\/joachim-jonsson-224x260.jpg-172x200.png 172w, https:\/\/wp.kristdemokraterna.se\/vasternorrland\/files\/2018\/08\/joachim-jonsson-224x260.jpg-48x56.png 48w\" sizes=\"auto, (max-width: 224px) 100vw, 224px\" \/>Jag vill g\u00f6ra v\u00e5r region till en attraktiv\u00a0arbetsplats s\u00e5 att vi p\u00e5 sikt blir helt oberoende\u00a0av stafettl\u00e4kare.<\/p>\n","protected":false},"excerpt":{"rendered":"<p>Jag vill g\u00f6ra v\u00e5r region till en attraktiv\u00a0arbetsplats s\u00e5 att vi p\u00e5 sikt blir helt oberoende\u00a0av stafettl\u00e4kare.<\/p>\n","protected":false},"author":787,"featured_media":0,"parent":136280,"menu_order":0,"comment_status":"closed","ping_status":"closed","template":"","meta":{"_acf_changed":false,"footnotes":""},"class_list":["post-120624","page","type-page","status-publish","hentry"],"acf":[],"yoast_head":"<!-- This site is optimized with the Yoast SEO plugin v27.4 - https:\/\/yoast.com\/product\/yoast-seo-wordpress\/ -->\n<title>Joachim Jonsson, 2:a p\u00e5 Regionlistan | KD V\u00e4sternorrland<\/title>\n<meta name=\"robots\" content=\"index, follow, max-snippet:-1, max-image-preview:large, max-video-preview:-1\" \/>\n<link rel=\"canonical\" href=\"https:\/\/wp.kristdemokraterna.se\/vasternorrland\/tidigare-val\/valet-2018\/joachim-jonsson-2-a-pa-regionlistan\/\" \/>\n<meta property=\"og:locale\" content=\"sv_SE\" \/>\n<meta property=\"og:type\" content=\"article\" \/>\n<meta property=\"og:title\" content=\"Joachim Jonsson, 2:a p\u00e5 Regionlistan | KD V\u00e4sternorrland\" \/>\n<meta property=\"og:description\" content=\"Jag vill g\u00f6ra v\u00e5r region till en attraktiv\u00a0arbetsplats s\u00e5 att vi p\u00e5 sikt blir helt oberoende\u00a0av stafettl\u00e4kare.\" \/>\n<meta property=\"og:url\" content=\"https:\/\/wp.kristdemokraterna.se\/vasternorrland\/tidigare-val\/valet-2018\/joachim-jonsson-2-a-pa-regionlistan\/\" \/>\n<meta property=\"og:site_name\" content=\"KD V\u00e4sternorrland\" \/>\n<meta property=\"article:publisher\" content=\"https:\/\/www.facebook.com\/kdrvn\/\" \/>\n<meta property=\"article:modified_time\" content=\"2018-10-09T11:19:03+00:00\" \/>\n<meta property=\"og:image\" content=\"http:\/\/wp.kristdemokraterna.se\/vasternorrland\/files\/2018\/08\/joachim-jonsson-224x260.jpg.png\" \/>\n<meta name=\"twitter:card\" content=\"summary_large_image\" \/>\n<script type=\"application\/ld+json\" class=\"yoast-schema-graph\">{\"@context\":\"https:\\\/\\\/schema.org\",\"@graph\":[{\"@type\":\"WebPage\",\"@id\":\"https:\\\/\\\/wp.kristdemokraterna.se\\\/vasternorrland\\\/tidigare-val\\\/valet-2018\\\/joachim-jonsson-2-a-pa-regionlistan\\\/\",\"url\":\"https:\\\/\\\/wp.kristdemokraterna.se\\\/vasternorrland\\\/tidigare-val\\\/valet-2018\\\/joachim-jonsson-2-a-pa-regionlistan\\\/\",\"name\":\"Joachim Jonsson, 2:a p\u00e5 Regionlistan | KD V\u00e4sternorrland\",\"isPartOf\":{\"@id\":\"https:\\\/\\\/wp.kristdemokraterna.se\\\/vasternorrland\\\/#website\"},\"primaryImageOfPage\":{\"@id\":\"https:\\\/\\\/wp.kristdemokraterna.se\\\/vasternorrland\\\/tidigare-val\\\/valet-2018\\\/joachim-jonsson-2-a-pa-regionlistan\\\/#primaryimage\"},\"image\":{\"@id\":\"https:\\\/\\\/wp.kristdemokraterna.se\\\/vasternorrland\\\/tidigare-val\\\/valet-2018\\\/joachim-jonsson-2-a-pa-regionlistan\\\/#primaryimage\"},\"thumbnailUrl\":\"http:\\\/\\\/wp.kristdemokraterna.se\\\/vasternorrland\\\/files\\\/2018\\\/08\\\/joachim-jonsson-224x260.jpg.png\",\"datePublished\":\"2018-07-15T19:35:53+00:00\",\"dateModified\":\"2018-10-09T11:19:03+00:00\",\"breadcrumb\":{\"@id\":\"https:\\\/\\\/wp.kristdemokraterna.se\\\/vasternorrland\\\/tidigare-val\\\/valet-2018\\\/joachim-jonsson-2-a-pa-regionlistan\\\/#breadcrumb\"},\"inLanguage\":\"sv-SE\",\"potentialAction\":[{\"@type\":\"ReadAction\",\"target\":[\"https:\\\/\\\/wp.kristdemokraterna.se\\\/vasternorrland\\\/tidigare-val\\\/valet-2018\\\/joachim-jonsson-2-a-pa-regionlistan\\\/\"]}]},{\"@type\":\"ImageObject\",\"inLanguage\":\"sv-SE\",\"@id\":\"https:\\\/\\\/wp.kristdemokraterna.se\\\/vasternorrland\\\/tidigare-val\\\/valet-2018\\\/joachim-jonsson-2-a-pa-regionlistan\\\/#primaryimage\",\"url\":\"https:\\\/\\\/wp.kristdemokraterna.se\\\/vasternorrland\\\/files\\\/2018\\\/08\\\/joachim-jonsson-224x260.jpg.png\",\"contentUrl\":\"https:\\\/\\\/wp.kristdemokraterna.se\\\/vasternorrland\\\/files\\\/2018\\\/08\\\/joachim-jonsson-224x260.jpg.png\",\"width\":224,\"height\":260},{\"@type\":\"BreadcrumbList\",\"@id\":\"https:\\\/\\\/wp.kristdemokraterna.se\\\/vasternorrland\\\/tidigare-val\\\/valet-2018\\\/joachim-jonsson-2-a-pa-regionlistan\\\/#breadcrumb\",\"itemListElement\":[{\"@type\":\"ListItem\",\"position\":1,\"name\":\"Hem\",\"item\":\"https:\\\/\\\/wp.kristdemokraterna.se\\\/vasternorrland\\\/\"},{\"@type\":\"ListItem\",\"position\":2,\"name\":\"Tidigare val\",\"item\":\"https:\\\/\\\/wp.kristdemokraterna.se\\\/vasternorrland\\\/tidigare-val\\\/\"},{\"@type\":\"ListItem\",\"position\":3,\"name\":\"Valet 2018\",\"item\":\"https:\\\/\\\/wp.kristdemokraterna.se\\\/vasternorrland\\\/tidigare-val\\\/valet-2018\\\/\"},{\"@type\":\"ListItem\",\"position\":4,\"name\":\"Joachim Jonsson, 2:a p\u00e5 Regionlistan\"}]},{\"@type\":\"WebSite\",\"@id\":\"https:\\\/\\\/wp.kristdemokraterna.se\\\/vasternorrland\\\/#website\",\"url\":\"https:\\\/\\\/wp.kristdemokraterna.se\\\/vasternorrland\\\/\",\"name\":\"KD V\u00e4sternorrland\",\"description\":\"V\u00e5rda v\u00e5rden - utveckla prim\u00e4rv\u00e5rden\",\"inLanguage\":\"sv-SE\"}]}<\/script>\n<!-- \/ Yoast SEO plugin. -->","yoast_head_json":{"title":"Joachim Jonsson, 2:a p\u00e5 Regionlistan | KD V\u00e4sternorrland","robots":{"index":"index","follow":"follow","max-snippet":"max-snippet:-1","max-image-preview":"max-image-preview:large","max-video-preview":"max-video-preview:-1"},"canonical":"https:\/\/wp.kristdemokraterna.se\/vasternorrland\/tidigare-val\/valet-2018\/joachim-jonsson-2-a-pa-regionlistan\/","og_locale":"sv_SE","og_type":"article","og_title":"Joachim Jonsson, 2:a p\u00e5 Regionlistan | KD V\u00e4sternorrland","og_description":"Jag vill g\u00f6ra v\u00e5r region till en attraktiv\u00a0arbetsplats s\u00e5 att vi p\u00e5 sikt blir helt oberoende\u00a0av stafettl\u00e4kare.","og_url":"https:\/\/wp.kristdemokraterna.se\/vasternorrland\/tidigare-val\/valet-2018\/joachim-jonsson-2-a-pa-regionlistan\/","og_site_name":"KD V\u00e4sternorrland","article_publisher":"https:\/\/www.facebook.com\/kdrvn\/","article_modified_time":"2018-10-09T11:19:03+00:00","og_image":[{"url":"http:\/\/wp.kristdemokraterna.se\/vasternorrland\/files\/2018\/08\/joachim-jonsson-224x260.jpg.png","type":"","width":"","height":""}],"twitter_card":"summary_large_image","schema":{"@context":"https:\/\/schema.org","@graph":[{"@type":"WebPage","@id":"https:\/\/wp.kristdemokraterna.se\/vasternorrland\/tidigare-val\/valet-2018\/joachim-jonsson-2-a-pa-regionlistan\/","url":"https:\/\/wp.kristdemokraterna.se\/vasternorrland\/tidigare-val\/valet-2018\/joachim-jonsson-2-a-pa-regionlistan\/","name":"Joachim Jonsson, 2:a p\u00e5 Regionlistan | KD V\u00e4sternorrland","isPartOf":{"@id":"https:\/\/wp.kristdemokraterna.se\/vasternorrland\/#website"},"primaryImageOfPage":{"@id":"https:\/\/wp.kristdemokraterna.se\/vasternorrland\/tidigare-val\/valet-2018\/joachim-jonsson-2-a-pa-regionlistan\/#primaryimage"},"image":{"@id":"https:\/\/wp.kristdemokraterna.se\/vasternorrland\/tidigare-val\/valet-2018\/joachim-jonsson-2-a-pa-regionlistan\/#primaryimage"},"thumbnailUrl":"http:\/\/wp.kristdemokraterna.se\/vasternorrland\/files\/2018\/08\/joachim-jonsson-224x260.jpg.png","datePublished":"2018-07-15T19:35:53+00:00","dateModified":"2018-10-09T11:19:03+00:00","breadcrumb":{"@id":"https:\/\/wp.kristdemokraterna.se\/vasternorrland\/tidigare-val\/valet-2018\/joachim-jonsson-2-a-pa-regionlistan\/#breadcrumb"},"inLanguage":"sv-SE","potentialAction":[{"@type":"ReadAction","target":["https:\/\/wp.kristdemokraterna.se\/vasternorrland\/tidigare-val\/valet-2018\/joachim-jonsson-2-a-pa-regionlistan\/"]}]},{"@type":"ImageObject","inLanguage":"sv-SE","@id":"https:\/\/wp.kristdemokraterna.se\/vasternorrland\/tidigare-val\/valet-2018\/joachim-jonsson-2-a-pa-regionlistan\/#primaryimage","url":"https:\/\/wp.kristdemokraterna.se\/vasternorrland\/files\/2018\/08\/joachim-jonsson-224x260.jpg.png","contentUrl":"https:\/\/wp.kristdemokraterna.se\/vasternorrland\/files\/2018\/08\/joachim-jonsson-224x260.jpg.png","width":224,"height":260},{"@type":"BreadcrumbList","@id":"https:\/\/wp.kristdemokraterna.se\/vasternorrland\/tidigare-val\/valet-2018\/joachim-jonsson-2-a-pa-regionlistan\/#breadcrumb","itemListElement":[{"@type":"ListItem","position":1,"name":"Hem","item":"https:\/\/wp.kristdemokraterna.se\/vasternorrland\/"},{"@type":"ListItem","position":2,"name":"Tidigare val","item":"https:\/\/wp.kristdemokraterna.se\/vasternorrland\/tidigare-val\/"},{"@type":"ListItem","position":3,"name":"Valet 2018","item":"https:\/\/wp.kristdemokraterna.se\/vasternorrland\/tidigare-val\/valet-2018\/"},{"@type":"ListItem","position":4,"name":"Joachim Jonsson, 2:a p\u00e5 Regionlistan"}]},{"@type":"WebSite","@id":"https:\/\/wp.kristdemokraterna.se\/vasternorrland\/#website","url":"https:\/\/wp.kristdemokraterna.se\/vasternorrland\/","name":"KD V\u00e4sternorrland","description":"V\u00e5rda v\u00e5rden - utveckla prim\u00e4rv\u00e5rden","inLanguage":"sv-SE"}]}},"_links":{"self":[{"href":"https:\/\/wp.kristdemokraterna.se\/vasternorrland\/wp-json\/wp\/v2\/pages\/120624","targetHints":{"allow":["GET"]}}],"collection":[{"href":"https:\/\/wp.kristdemokraterna.se\/vasternorrland\/wp-json\/wp\/v2\/pages"}],"about":[{"href":"https:\/\/wp.kristdemokraterna.se\/vasternorrland\/wp-json\/wp\/v2\/types\/page"}],"author":[{"embeddable":true,"href":"https:\/\/wp.kristdemokraterna.se\/vasternorrland\/wp-json\/wp\/v2\/users\/787"}],"replies":[{"embeddable":true,"href":"https:\/\/wp.kristdemokraterna.se\/vasternorrland\/wp-json\/wp\/v2\/comments?post=120624"}],"version-history":[{"count":2,"href":"https:\/\/wp.kristdemokraterna.se\/vasternorrland\/wp-json\/wp\/v2\/pages\/120624\/revisions"}],"predecessor-version":[{"id":120884,"href":"https:\/\/wp.kristdemokraterna.se\/vasternorrland\/wp-json\/wp\/v2\/pages\/120624\/revisions\/120884"}],"up":[{"embeddable":true,"href":"https:\/\/wp.kristdemokraterna.se\/vasternorrland\/wp-json\/wp\/v2\/pages\/136280"}],"wp:attachment":[{"href":"https:\/\/wp.kristdemokraterna.se\/vasternorrland\/wp-json\/wp\/v2\/media?parent=120624"}],"curies":[{"name":"wp","href":"https:\/\/api.w.org\/{rel}","templated":true}]}}

Joachim Jonsson, 2:a på Regionlistan

<p><img loading="lazy" decoding="async" class="size-full wp-image-120619 alignright" src="http://wp.kristdemokraterna.se/vasternorrland/files/2018/08/joachim-jonsson-224x260.jpg.png" alt="" width="224" height="260" srcset="https://wp.kristdemokraterna.se/vasternorrland/files/2018/08/joachim-jonsson-224x260.jpg.png 224w, https://wp.kristdemokraterna.se/vasternorrland/files/2018/08/joachim-jonsson-224x260.jpg-172x200.png 172w, https://wp.kristdemokraterna.se/vasternorrland/files/2018/08/joachim-jonsson-224x260.jpg-48x56.png 48w" sizes="auto, (max-width: 224px) 100vw, 224px" />Jag vill göra vår region till en attraktiv arbetsplats så att vi på sikt blir helt oberoende av stafettläkare.</p>

<p>Jag vill göra vår region till en attraktiv arbetsplats så att vi på sikt blir helt oberoende av stafettläkare.</p>

<!-- This site is optimized with the Yoast SEO plugin v27.4 - https://yoast.com/product/yoast-seo-wordpress/ -->
<title>Joachim Jonsson, 2:a på Regionlistan | KD Västernorrland</title>
<meta name="robots" content="index, follow, max-snippet:-1, max-image-preview:large, max-video-preview:-1" />
<link rel="canonical" href="https://wp.kristdemokraterna.se/vasternorrland/tidigare-val/valet-2018/joachim-jonsson-2-a-pa-regionlistan/" />
<meta property="og:locale" content="sv_SE" />
<meta property="og:type" content="article" />
<meta property="og:title" content="Joachim Jonsson, 2:a på Regionlistan | KD Västernorrland" />
<meta property="og:description" content="Jag vill göra vår region till en attraktiv arbetsplats så att vi på sikt blir helt oberoende av stafettläkare." />
<meta property="og:url" content="https://wp.kristdemokraterna.se/vasternorrland/tidigare-val/valet-2018/joachim-jonsson-2-a-pa-regionlistan/" />
<meta property="og:site_name" content="KD Västernorrland" />
<meta property="article:publisher" content="https://www.facebook.com/kdrvn/" />
<meta property="article:modified_time" content="2018-10-09T11:19:03+00:00" />
<meta property="og:image" content="http://wp.kristdemokraterna.se/vasternorrland/files/2018/08/joachim-jonsson-224x260.jpg.png" />
<meta name="twitter:card" content="summary_large_image" />
<script type="application/ld+json" class="yoast-schema-graph">{"@context":"https:\/\/schema.org","@graph":[{"@type":"WebPage","@id":"https:\/\/wp.kristdemokraterna.se\/vasternorrland\/tidigare-val\/valet-2018\/joachim-jonsson-2-a-pa-regionlistan\/","url":"https:\/\/wp.kristdemokraterna.se\/vasternorrland\/tidigare-val\/valet-2018\/joachim-jonsson-2-a-pa-regionlistan\/","name":"Joachim Jonsson, 2:a på Regionlistan | KD Västernorrland","isPartOf":{"@id":"https:\/\/wp.kristdemokraterna.se\/vasternorrland\/#website"},"primaryImageOfPage":{"@id":"https:\/\/wp.kristdemokraterna.se\/vasternorrland\/tidigare-val\/valet-2018\/joachim-jonsson-2-a-pa-regionlistan\/#primaryimage"},"image":{"@id":"https:\/\/wp.kristdemokraterna.se\/vasternorrland\/tidigare-val\/valet-2018\/joachim-jonsson-2-a-pa-regionlistan\/#primaryimage"},"thumbnailUrl":"http:\/\/wp.kristdemokraterna.se\/vasternorrland\/files\/2018\/08\/joachim-jonsson-224x260.jpg.png","datePublished":"2018-07-15T19:35:53+00:00","dateModified":"2018-10-09T11:19:03+00:00","breadcrumb":{"@id":"https:\/\/wp.kristdemokraterna.se\/vasternorrland\/tidigare-val\/valet-2018\/joachim-jonsson-2-a-pa-regionlistan\/#breadcrumb"},"inLanguage":"sv-SE","potentialAction":[{"@type":"ReadAction","target":["https:\/\/wp.kristdemokraterna.se\/vasternorrland\/tidigare-val\/valet-2018\/joachim-jonsson-2-a-pa-regionlistan\/"]}]},{"@type":"ImageObject","inLanguage":"sv-SE","@id":"https:\/\/wp.kristdemokraterna.se\/vasternorrland\/tidigare-val\/valet-2018\/joachim-jonsson-2-a-pa-regionlistan\/#primaryimage","url":"https:\/\/wp.kristdemokraterna.se\/vasternorrland\/files\/2018\/08\/joachim-jonsson-224x260.jpg.png","contentUrl":"https:\/\/wp.kristdemokraterna.se\/vasternorrland\/files\/2018\/08\/joachim-jonsson-224x260.jpg.png","width":224,"height":260},{"@type":"BreadcrumbList","@id":"https:\/\/wp.kristdemokraterna.se\/vasternorrland\/tidigare-val\/valet-2018\/joachim-jonsson-2-a-pa-regionlistan\/#breadcrumb","itemListElement":[{"@type":"ListItem","position":1,"name":"Hem","item":"https:\/\/wp.kristdemokraterna.se\/vasternorrland\/"},{"@type":"ListItem","position":2,"name":"Tidigare val","item":"https:\/\/wp.kristdemokraterna.se\/vasternorrland\/tidigare-val\/"},{"@type":"ListItem","position":3,"name":"Valet 2018","item":"https:\/\/wp.kristdemokraterna.se\/vasternorrland\/tidigare-val\/valet-2018\/"},{"@type":"ListItem","position":4,"name":"Joachim Jonsson, 2:a på Regionlistan"}]},{"@type":"WebSite","@id":"https:\/\/wp.kristdemokraterna.se\/vasternorrland\/#website","url":"https:\/\/wp.kristdemokraterna.se\/vasternorrland\/","name":"KD Västernorrland","description":"Vårda vården - utveckla primärvården","inLanguage":"sv-SE"}]}</script>
<!-- / Yoast SEO plugin. -->

Joachim Jonsson, 2:a på Regionlistan | KD Västernorrland

Jag vill göra vår region till en attraktiv arbetsplats så att vi på sikt blir helt oberoende av stafettläkare.

KD Västernorrland

Vårda vården - utveckla primärvården
