{"id":120736,"date":"2018-07-15T08:27:25","date_gmt":"2018-07-15T06:27:25","guid":{"rendered":"http:\/\/wp.kristdemokraterna.se\/vasternorrland\/?page_id=120736"},"modified":"2018-10-12T09:43:54","modified_gmt":"2018-10-12T07:43:54","slug":"michal-zakolski-3-a-pa-regionlistan","status":"publish","type":"page","link":"https:\/\/wp.kristdemokraterna.se\/vasternorrland\/tidigare-val\/valet-2018\/michal-zakolski-3-a-pa-regionlistan\/","title":{"rendered":"Michal Zakolski, 3:a p\u00e5 Regionlistan"},"content":{"rendered":"<p>Vi beh\u00f6ver satsa mer p\u00e5 barn- och ungdomsh\u00e4lsan f\u00f6r att motverka den psykiska oh\u00e4lsan.<img loading=\"lazy\" decoding=\"async\" class=\"size-medium wp-image-120737 alignright\" src=\"http:\/\/wp.kristdemokraterna.se\/vasternorrland\/files\/2018\/08\/michal-zakolski-278x300.jpg\" alt=\"\" width=\"278\" height=\"300\" srcset=\"https:\/\/wp.kristdemokraterna.se\/vasternorrland\/files\/2018\/08\/michal-zakolski-278x300.jpg 278w, https:\/\/wp.kristdemokraterna.se\/vasternorrland\/files\/2018\/08\/michal-zakolski-768x828.jpg 768w, https:\/\/wp.kristdemokraterna.se\/vasternorrland\/files\/2018\/08\/michal-zakolski-501x540.jpg 501w, https:\/\/wp.kristdemokraterna.se\/vasternorrland\/files\/2018\/08\/michal-zakolski-186x200.jpg 186w, https:\/\/wp.kristdemokraterna.se\/vasternorrland\/files\/2018\/08\/michal-zakolski-370x399.jpg 370w, https:\/\/wp.kristdemokraterna.se\/vasternorrland\/files\/2018\/08\/michal-zakolski-770x830.jpg 770w, https:\/\/wp.kristdemokraterna.se\/vasternorrland\/files\/2018\/08\/michal-zakolski-450x485.jpg 450w, https:\/\/wp.kristdemokraterna.se\/vasternorrland\/files\/2018\/08\/michal-zakolski-280x302.jpg 280w, https:\/\/wp.kristdemokraterna.se\/vasternorrland\/files\/2018\/08\/michal-zakolski-340x366.jpg 340w, https:\/\/wp.kristdemokraterna.se\/vasternorrland\/files\/2018\/08\/michal-zakolski-52x56.jpg 52w, https:\/\/wp.kristdemokraterna.se\/vasternorrland\/files\/2018\/08\/michal-zakolski.jpg 1828w\" sizes=\"auto, (max-width: 278px) 100vw, 278px\" \/><\/p>\n","protected":false},"excerpt":{"rendered":"<p>Vi beh\u00f6ver satsa mer p\u00e5 barn- och ungdomsh\u00e4lsan f\u00f6r att motverka den psykiska oh\u00e4lsan.<\/p>\n","protected":false},"author":787,"featured_media":0,"parent":136280,"menu_order":0,"comment_status":"closed","ping_status":"closed","template":"","meta":{"_acf_changed":false,"footnotes":""},"class_list":["post-120736","page","type-page","status-publish","hentry"],"acf":[],"yoast_head":"<!-- This site is optimized with the Yoast SEO plugin v27.4 - https:\/\/yoast.com\/product\/yoast-seo-wordpress\/ -->\n<title>Michal Zakolski, 3:a p\u00e5 Regionlistan | KD V\u00e4sternorrland<\/title>\n<meta name=\"robots\" content=\"index, follow, max-snippet:-1, max-image-preview:large, max-video-preview:-1\" \/>\n<link rel=\"canonical\" href=\"https:\/\/wp.kristdemokraterna.se\/vasternorrland\/tidigare-val\/valet-2018\/michal-zakolski-3-a-pa-regionlistan\/\" \/>\n<meta property=\"og:locale\" content=\"sv_SE\" \/>\n<meta property=\"og:type\" content=\"article\" \/>\n<meta property=\"og:title\" content=\"Michal Zakolski, 3:a p\u00e5 Regionlistan | KD V\u00e4sternorrland\" \/>\n<meta property=\"og:description\" content=\"Vi beh\u00f6ver satsa mer p\u00e5 barn- och ungdomsh\u00e4lsan f\u00f6r att motverka den psykiska oh\u00e4lsan.\" \/>\n<meta property=\"og:url\" content=\"https:\/\/wp.kristdemokraterna.se\/vasternorrland\/tidigare-val\/valet-2018\/michal-zakolski-3-a-pa-regionlistan\/\" \/>\n<meta property=\"og:site_name\" content=\"KD V\u00e4sternorrland\" \/>\n<meta property=\"article:publisher\" content=\"https:\/\/www.facebook.com\/kdrvn\/\" \/>\n<meta property=\"article:modified_time\" content=\"2018-10-12T07:43:54+00:00\" \/>\n<meta property=\"og:image\" content=\"http:\/\/wp.kristdemokraterna.se\/vasternorrland\/files\/2018\/08\/michal-zakolski-278x300.jpg\" \/>\n<meta name=\"twitter:card\" content=\"summary_large_image\" \/>\n<script type=\"application\/ld+json\" class=\"yoast-schema-graph\">{\"@context\":\"https:\\\/\\\/schema.org\",\"@graph\":[{\"@type\":\"WebPage\",\"@id\":\"https:\\\/\\\/wp.kristdemokraterna.se\\\/vasternorrland\\\/tidigare-val\\\/valet-2018\\\/michal-zakolski-3-a-pa-regionlistan\\\/\",\"url\":\"https:\\\/\\\/wp.kristdemokraterna.se\\\/vasternorrland\\\/tidigare-val\\\/valet-2018\\\/michal-zakolski-3-a-pa-regionlistan\\\/\",\"name\":\"Michal Zakolski, 3:a p\u00e5 Regionlistan | KD V\u00e4sternorrland\",\"isPartOf\":{\"@id\":\"https:\\\/\\\/wp.kristdemokraterna.se\\\/vasternorrland\\\/#website\"},\"primaryImageOfPage\":{\"@id\":\"https:\\\/\\\/wp.kristdemokraterna.se\\\/vasternorrland\\\/tidigare-val\\\/valet-2018\\\/michal-zakolski-3-a-pa-regionlistan\\\/#primaryimage\"},\"image\":{\"@id\":\"https:\\\/\\\/wp.kristdemokraterna.se\\\/vasternorrland\\\/tidigare-val\\\/valet-2018\\\/michal-zakolski-3-a-pa-regionlistan\\\/#primaryimage\"},\"thumbnailUrl\":\"http:\\\/\\\/wp.kristdemokraterna.se\\\/vasternorrland\\\/files\\\/2018\\\/08\\\/michal-zakolski-278x300.jpg\",\"datePublished\":\"2018-07-15T06:27:25+00:00\",\"dateModified\":\"2018-10-12T07:43:54+00:00\",\"breadcrumb\":{\"@id\":\"https:\\\/\\\/wp.kristdemokraterna.se\\\/vasternorrland\\\/tidigare-val\\\/valet-2018\\\/michal-zakolski-3-a-pa-regionlistan\\\/#breadcrumb\"},\"inLanguage\":\"sv-SE\",\"potentialAction\":[{\"@type\":\"ReadAction\",\"target\":[\"https:\\\/\\\/wp.kristdemokraterna.se\\\/vasternorrland\\\/tidigare-val\\\/valet-2018\\\/michal-zakolski-3-a-pa-regionlistan\\\/\"]}]},{\"@type\":\"ImageObject\",\"inLanguage\":\"sv-SE\",\"@id\":\"https:\\\/\\\/wp.kristdemokraterna.se\\\/vasternorrland\\\/tidigare-val\\\/valet-2018\\\/michal-zakolski-3-a-pa-regionlistan\\\/#primaryimage\",\"url\":\"https:\\\/\\\/wp.kristdemokraterna.se\\\/vasternorrland\\\/files\\\/2018\\\/08\\\/michal-zakolski.jpg\",\"contentUrl\":\"https:\\\/\\\/wp.kristdemokraterna.se\\\/vasternorrland\\\/files\\\/2018\\\/08\\\/michal-zakolski.jpg\",\"width\":1828,\"height\":1970},{\"@type\":\"BreadcrumbList\",\"@id\":\"https:\\\/\\\/wp.kristdemokraterna.se\\\/vasternorrland\\\/tidigare-val\\\/valet-2018\\\/michal-zakolski-3-a-pa-regionlistan\\\/#breadcrumb\",\"itemListElement\":[{\"@type\":\"ListItem\",\"position\":1,\"name\":\"Hem\",\"item\":\"https:\\\/\\\/wp.kristdemokraterna.se\\\/vasternorrland\\\/\"},{\"@type\":\"ListItem\",\"position\":2,\"name\":\"Tidigare val\",\"item\":\"https:\\\/\\\/wp.kristdemokraterna.se\\\/vasternorrland\\\/tidigare-val\\\/\"},{\"@type\":\"ListItem\",\"position\":3,\"name\":\"Valet 2018\",\"item\":\"https:\\\/\\\/wp.kristdemokraterna.se\\\/vasternorrland\\\/tidigare-val\\\/valet-2018\\\/\"},{\"@type\":\"ListItem\",\"position\":4,\"name\":\"Michal Zakolski, 3:a p\u00e5 Regionlistan\"}]},{\"@type\":\"WebSite\",\"@id\":\"https:\\\/\\\/wp.kristdemokraterna.se\\\/vasternorrland\\\/#website\",\"url\":\"https:\\\/\\\/wp.kristdemokraterna.se\\\/vasternorrland\\\/\",\"name\":\"KD V\u00e4sternorrland\",\"description\":\"V\u00e5rda v\u00e5rden - utveckla prim\u00e4rv\u00e5rden\",\"inLanguage\":\"sv-SE\"}]}<\/script>\n<!-- \/ Yoast SEO plugin. -->","yoast_head_json":{"title":"Michal Zakolski, 3:a p\u00e5 Regionlistan | KD V\u00e4sternorrland","robots":{"index":"index","follow":"follow","max-snippet":"max-snippet:-1","max-image-preview":"max-image-preview:large","max-video-preview":"max-video-preview:-1"},"canonical":"https:\/\/wp.kristdemokraterna.se\/vasternorrland\/tidigare-val\/valet-2018\/michal-zakolski-3-a-pa-regionlistan\/","og_locale":"sv_SE","og_type":"article","og_title":"Michal Zakolski, 3:a p\u00e5 Regionlistan | KD V\u00e4sternorrland","og_description":"Vi beh\u00f6ver satsa mer p\u00e5 barn- och ungdomsh\u00e4lsan f\u00f6r att motverka den psykiska oh\u00e4lsan.","og_url":"https:\/\/wp.kristdemokraterna.se\/vasternorrland\/tidigare-val\/valet-2018\/michal-zakolski-3-a-pa-regionlistan\/","og_site_name":"KD V\u00e4sternorrland","article_publisher":"https:\/\/www.facebook.com\/kdrvn\/","article_modified_time":"2018-10-12T07:43:54+00:00","og_image":[{"url":"http:\/\/wp.kristdemokraterna.se\/vasternorrland\/files\/2018\/08\/michal-zakolski-278x300.jpg","type":"","width":"","height":""}],"twitter_card":"summary_large_image","schema":{"@context":"https:\/\/schema.org","@graph":[{"@type":"WebPage","@id":"https:\/\/wp.kristdemokraterna.se\/vasternorrland\/tidigare-val\/valet-2018\/michal-zakolski-3-a-pa-regionlistan\/","url":"https:\/\/wp.kristdemokraterna.se\/vasternorrland\/tidigare-val\/valet-2018\/michal-zakolski-3-a-pa-regionlistan\/","name":"Michal Zakolski, 3:a p\u00e5 Regionlistan | KD V\u00e4sternorrland","isPartOf":{"@id":"https:\/\/wp.kristdemokraterna.se\/vasternorrland\/#website"},"primaryImageOfPage":{"@id":"https:\/\/wp.kristdemokraterna.se\/vasternorrland\/tidigare-val\/valet-2018\/michal-zakolski-3-a-pa-regionlistan\/#primaryimage"},"image":{"@id":"https:\/\/wp.kristdemokraterna.se\/vasternorrland\/tidigare-val\/valet-2018\/michal-zakolski-3-a-pa-regionlistan\/#primaryimage"},"thumbnailUrl":"http:\/\/wp.kristdemokraterna.se\/vasternorrland\/files\/2018\/08\/michal-zakolski-278x300.jpg","datePublished":"2018-07-15T06:27:25+00:00","dateModified":"2018-10-12T07:43:54+00:00","breadcrumb":{"@id":"https:\/\/wp.kristdemokraterna.se\/vasternorrland\/tidigare-val\/valet-2018\/michal-zakolski-3-a-pa-regionlistan\/#breadcrumb"},"inLanguage":"sv-SE","potentialAction":[{"@type":"ReadAction","target":["https:\/\/wp.kristdemokraterna.se\/vasternorrland\/tidigare-val\/valet-2018\/michal-zakolski-3-a-pa-regionlistan\/"]}]},{"@type":"ImageObject","inLanguage":"sv-SE","@id":"https:\/\/wp.kristdemokraterna.se\/vasternorrland\/tidigare-val\/valet-2018\/michal-zakolski-3-a-pa-regionlistan\/#primaryimage","url":"https:\/\/wp.kristdemokraterna.se\/vasternorrland\/files\/2018\/08\/michal-zakolski.jpg","contentUrl":"https:\/\/wp.kristdemokraterna.se\/vasternorrland\/files\/2018\/08\/michal-zakolski.jpg","width":1828,"height":1970},{"@type":"BreadcrumbList","@id":"https:\/\/wp.kristdemokraterna.se\/vasternorrland\/tidigare-val\/valet-2018\/michal-zakolski-3-a-pa-regionlistan\/#breadcrumb","itemListElement":[{"@type":"ListItem","position":1,"name":"Hem","item":"https:\/\/wp.kristdemokraterna.se\/vasternorrland\/"},{"@type":"ListItem","position":2,"name":"Tidigare val","item":"https:\/\/wp.kristdemokraterna.se\/vasternorrland\/tidigare-val\/"},{"@type":"ListItem","position":3,"name":"Valet 2018","item":"https:\/\/wp.kristdemokraterna.se\/vasternorrland\/tidigare-val\/valet-2018\/"},{"@type":"ListItem","position":4,"name":"Michal Zakolski, 3:a p\u00e5 Regionlistan"}]},{"@type":"WebSite","@id":"https:\/\/wp.kristdemokraterna.se\/vasternorrland\/#website","url":"https:\/\/wp.kristdemokraterna.se\/vasternorrland\/","name":"KD V\u00e4sternorrland","description":"V\u00e5rda v\u00e5rden - utveckla prim\u00e4rv\u00e5rden","inLanguage":"sv-SE"}]}},"_links":{"self":[{"href":"https:\/\/wp.kristdemokraterna.se\/vasternorrland\/wp-json\/wp\/v2\/pages\/120736","targetHints":{"allow":["GET"]}}],"collection":[{"href":"https:\/\/wp.kristdemokraterna.se\/vasternorrland\/wp-json\/wp\/v2\/pages"}],"about":[{"href":"https:\/\/wp.kristdemokraterna.se\/vasternorrland\/wp-json\/wp\/v2\/types\/page"}],"author":[{"embeddable":true,"href":"https:\/\/wp.kristdemokraterna.se\/vasternorrland\/wp-json\/wp\/v2\/users\/787"}],"replies":[{"embeddable":true,"href":"https:\/\/wp.kristdemokraterna.se\/vasternorrland\/wp-json\/wp\/v2\/comments?post=120736"}],"version-history":[{"count":1,"href":"https:\/\/wp.kristdemokraterna.se\/vasternorrland\/wp-json\/wp\/v2\/pages\/120736\/revisions"}],"predecessor-version":[{"id":120738,"href":"https:\/\/wp.kristdemokraterna.se\/vasternorrland\/wp-json\/wp\/v2\/pages\/120736\/revisions\/120738"}],"up":[{"embeddable":true,"href":"https:\/\/wp.kristdemokraterna.se\/vasternorrland\/wp-json\/wp\/v2\/pages\/136280"}],"wp:attachment":[{"href":"https:\/\/wp.kristdemokraterna.se\/vasternorrland\/wp-json\/wp\/v2\/media?parent=120736"}],"curies":[{"name":"wp","href":"https:\/\/api.w.org\/{rel}","templated":true}]}}

Michal Zakolski, 3:a på Regionlistan

<p>Vi behöver satsa mer på barn- och ungdomshälsan för att motverka den psykiska ohälsan.<img loading="lazy" decoding="async" class="size-medium wp-image-120737 alignright" src="http://wp.kristdemokraterna.se/vasternorrland/files/2018/08/michal-zakolski-278x300.jpg" alt="" width="278" height="300" srcset="https://wp.kristdemokraterna.se/vasternorrland/files/2018/08/michal-zakolski-278x300.jpg 278w, https://wp.kristdemokraterna.se/vasternorrland/files/2018/08/michal-zakolski-768x828.jpg 768w, https://wp.kristdemokraterna.se/vasternorrland/files/2018/08/michal-zakolski-501x540.jpg 501w, https://wp.kristdemokraterna.se/vasternorrland/files/2018/08/michal-zakolski-186x200.jpg 186w, https://wp.kristdemokraterna.se/vasternorrland/files/2018/08/michal-zakolski-370x399.jpg 370w, https://wp.kristdemokraterna.se/vasternorrland/files/2018/08/michal-zakolski-770x830.jpg 770w, https://wp.kristdemokraterna.se/vasternorrland/files/2018/08/michal-zakolski-450x485.jpg 450w, https://wp.kristdemokraterna.se/vasternorrland/files/2018/08/michal-zakolski-280x302.jpg 280w, https://wp.kristdemokraterna.se/vasternorrland/files/2018/08/michal-zakolski-340x366.jpg 340w, https://wp.kristdemokraterna.se/vasternorrland/files/2018/08/michal-zakolski-52x56.jpg 52w, https://wp.kristdemokraterna.se/vasternorrland/files/2018/08/michal-zakolski.jpg 1828w" sizes="auto, (max-width: 278px) 100vw, 278px" /></p>

<p>Vi behöver satsa mer på barn- och ungdomshälsan för att motverka den psykiska ohälsan.</p>

<!-- This site is optimized with the Yoast SEO plugin v27.4 - https://yoast.com/product/yoast-seo-wordpress/ -->
<title>Michal Zakolski, 3:a på Regionlistan | KD Västernorrland</title>
<meta name="robots" content="index, follow, max-snippet:-1, max-image-preview:large, max-video-preview:-1" />
<link rel="canonical" href="https://wp.kristdemokraterna.se/vasternorrland/tidigare-val/valet-2018/michal-zakolski-3-a-pa-regionlistan/" />
<meta property="og:locale" content="sv_SE" />
<meta property="og:type" content="article" />
<meta property="og:title" content="Michal Zakolski, 3:a på Regionlistan | KD Västernorrland" />
<meta property="og:description" content="Vi behöver satsa mer på barn- och ungdomshälsan för att motverka den psykiska ohälsan." />
<meta property="og:url" content="https://wp.kristdemokraterna.se/vasternorrland/tidigare-val/valet-2018/michal-zakolski-3-a-pa-regionlistan/" />
<meta property="og:site_name" content="KD Västernorrland" />
<meta property="article:publisher" content="https://www.facebook.com/kdrvn/" />
<meta property="article:modified_time" content="2018-10-12T07:43:54+00:00" />
<meta property="og:image" content="http://wp.kristdemokraterna.se/vasternorrland/files/2018/08/michal-zakolski-278x300.jpg" />
<meta name="twitter:card" content="summary_large_image" />
<script type="application/ld+json" class="yoast-schema-graph">{"@context":"https:\/\/schema.org","@graph":[{"@type":"WebPage","@id":"https:\/\/wp.kristdemokraterna.se\/vasternorrland\/tidigare-val\/valet-2018\/michal-zakolski-3-a-pa-regionlistan\/","url":"https:\/\/wp.kristdemokraterna.se\/vasternorrland\/tidigare-val\/valet-2018\/michal-zakolski-3-a-pa-regionlistan\/","name":"Michal Zakolski, 3:a på Regionlistan | KD Västernorrland","isPartOf":{"@id":"https:\/\/wp.kristdemokraterna.se\/vasternorrland\/#website"},"primaryImageOfPage":{"@id":"https:\/\/wp.kristdemokraterna.se\/vasternorrland\/tidigare-val\/valet-2018\/michal-zakolski-3-a-pa-regionlistan\/#primaryimage"},"image":{"@id":"https:\/\/wp.kristdemokraterna.se\/vasternorrland\/tidigare-val\/valet-2018\/michal-zakolski-3-a-pa-regionlistan\/#primaryimage"},"thumbnailUrl":"http:\/\/wp.kristdemokraterna.se\/vasternorrland\/files\/2018\/08\/michal-zakolski-278x300.jpg","datePublished":"2018-07-15T06:27:25+00:00","dateModified":"2018-10-12T07:43:54+00:00","breadcrumb":{"@id":"https:\/\/wp.kristdemokraterna.se\/vasternorrland\/tidigare-val\/valet-2018\/michal-zakolski-3-a-pa-regionlistan\/#breadcrumb"},"inLanguage":"sv-SE","potentialAction":[{"@type":"ReadAction","target":["https:\/\/wp.kristdemokraterna.se\/vasternorrland\/tidigare-val\/valet-2018\/michal-zakolski-3-a-pa-regionlistan\/"]}]},{"@type":"ImageObject","inLanguage":"sv-SE","@id":"https:\/\/wp.kristdemokraterna.se\/vasternorrland\/tidigare-val\/valet-2018\/michal-zakolski-3-a-pa-regionlistan\/#primaryimage","url":"https:\/\/wp.kristdemokraterna.se\/vasternorrland\/files\/2018\/08\/michal-zakolski.jpg","contentUrl":"https:\/\/wp.kristdemokraterna.se\/vasternorrland\/files\/2018\/08\/michal-zakolski.jpg","width":1828,"height":1970},{"@type":"BreadcrumbList","@id":"https:\/\/wp.kristdemokraterna.se\/vasternorrland\/tidigare-val\/valet-2018\/michal-zakolski-3-a-pa-regionlistan\/#breadcrumb","itemListElement":[{"@type":"ListItem","position":1,"name":"Hem","item":"https:\/\/wp.kristdemokraterna.se\/vasternorrland\/"},{"@type":"ListItem","position":2,"name":"Tidigare val","item":"https:\/\/wp.kristdemokraterna.se\/vasternorrland\/tidigare-val\/"},{"@type":"ListItem","position":3,"name":"Valet 2018","item":"https:\/\/wp.kristdemokraterna.se\/vasternorrland\/tidigare-val\/valet-2018\/"},{"@type":"ListItem","position":4,"name":"Michal Zakolski, 3:a på Regionlistan"}]},{"@type":"WebSite","@id":"https:\/\/wp.kristdemokraterna.se\/vasternorrland\/#website","url":"https:\/\/wp.kristdemokraterna.se\/vasternorrland\/","name":"KD Västernorrland","description":"Vårda vården - utveckla primärvården","inLanguage":"sv-SE"}]}</script>
<!-- / Yoast SEO plugin. -->

Michal Zakolski, 3:a på Regionlistan | KD Västernorrland

Vi behöver satsa mer på barn- och ungdomshälsan för att motverka den psykiska ohälsan.

KD Västernorrland

Vårda vården - utveckla primärvården
