{"id":128873,"date":"2018-09-09T10:31:01","date_gmt":"2018-09-09T08:31:01","guid":{"rendered":"http:\/\/wp.kristdemokraterna.se\/vasternorrland\/?page_id=128873"},"modified":"2019-11-20T16:03:36","modified_gmt":"2019-11-20T15:03:36","slug":"valresultat-2010-landstingsfullmaktige","status":"publish","type":"page","link":"https:\/\/wp.kristdemokraterna.se\/vasternorrland\/tidigare-val\/valet-2010\/valresultat-2010-landstingsfullmaktige\/","title":{"rendered":"Valresultat 2010 Landstingsfullm\u00e4ktige"},"content":{"rendered":"<p>Slutgiltiga valresultatet f\u00f6r valet till landstingsfullm\u00e4ktige i V\u00e4sternorrlands l\u00e4n 2014.<\/p>\n<table width=\"800\">\n<tbody>\n<tr style=\"background-color: #e9e9e9\">\n<th style=\"border: 1px #aaa solid;padding: 0.3em\" colspan=\"2\" rowspan=\"2\">Parti<\/th>\n<th style=\"border: 1px #aaa solid;padding: 0.3em\" colspan=\"3\">R\u00f6ster<\/th>\n<th style=\"border: 1px #aaa solid;padding: 0.3em\" colspan=\"2\">Mandatf\u00f6rdelning<\/th>\n<\/tr>\n<tr style=\"background-color: #e9e9e9;border: 1px #aaa solid;padding: 0.3em\">\n<th style=\"border: 1px #aaa solid;padding: 0.3em\">Antal<\/th>\n<th style=\"border: 1px #aaa solid;padding: 0.3em\">%<\/th>\n<th style=\"text-align: center;border: 1px #aaa solid;padding: 0.3em\">+- %<\/th>\n<th style=\"text-align: center;border: 1px #aaa solid;padding: 0.3em\">Antal<\/th>\n<th style=\"text-align: center;border: 1px #aaa solid;padding: 0.3em\">+-<\/th>\n<\/tr>\n<tr>\n<td style=\"background-color: #ed1b34;border: 1px solid #aaaaaa;padding: 0.3em;text-align: center\" width=\"10\"><strong><span style=\"color: #ffffff\">S<\/span><\/strong><\/td>\n<td style=\"border: 1px #aaa solid;padding: 0.3em\">Socialdemokraterna<\/td>\n<td style=\"text-align: right;border: 1px #aaa solid;padding: 0.3em\">62 931<\/td>\n<td style=\"text-align: right;border: 1px #aaa solid;padding: 0.3em\">40,38<\/td>\n<td style=\"text-align: right;border: 1px #aaa solid;padding: 0.3em\">-3,46<\/td>\n<td style=\"text-align: center\">32<\/td>\n<td style=\"text-align: center;border: 1px #aaa solid;padding: 0.3em\">-2<\/td>\n<\/tr>\n<tr>\n<td style=\"background-color: #0d9ddb;border: 1px solid #aaaaaa;padding: 0.3em;text-align: center\" width=\"10\"><span style=\"color: #ffffff\">M<\/span><\/td>\n<td style=\"border: 1px #aaa solid;padding: 0.3em\">Moderaterna<\/td>\n<td style=\"text-align: right;border: 1px #aaa solid;padding: 0.3em\">33 721<\/td>\n<td style=\"text-align: right;border: 1px #aaa solid;padding: 0.3em\">21,64<\/td>\n<td style=\"text-align: right;border: 1px #aaa solid;padding: 0.3em\">+4,83<\/td>\n<td style=\"text-align: center;border: 1px #aaa solid;padding: 0.3em\">18<\/td>\n<td style=\"text-align: center;border: 1px #aaa solid;padding: 0.3em\">+5<\/td>\n<\/tr>\n<tr>\n<td style=\"background-color: #f26522;border: 1px solid #aaaaaa;padding: 0.3em;text-align: center\" width=\"10\"><span style=\"color: #ffffff\">SJVP<\/span><\/td>\n<td style=\"border: 1px #aaa solid;padding: 0.3em\">Sjukv\u00e5rdspartiet &#8211; V\u00e4sternorrland<\/td>\n<td style=\"text-align: right;border: 1px #aaa solid;padding: 0.3em\">11 662<\/td>\n<td style=\"text-align: right;border: 1px #aaa solid;padding: 0.3em\">7,48<\/td>\n<td style=\"text-align: right;border: 1px #aaa solid;padding: 0.3em\">+0,26<\/td>\n<td style=\"text-align: center;border: 1px #aaa solid;padding: 0.3em\">6<\/td>\n<td style=\"text-align: center;border: 1px #aaa solid;padding: 0.3em\">+6<\/td>\n<\/tr>\n<tr>\n<td style=\"background-color: #016a3a;border: 1px solid #aaaaaa;padding: 0.3em;text-align: center\" width=\"10\"><span style=\"color: #ffffff\">C<\/span><\/td>\n<td style=\"border: 1px #aaa solid;padding: 0.3em\">Centerpartiet<\/td>\n<td style=\"text-align: right;border: 1px #aaa solid;padding: 0.3em\">11 150<\/td>\n<td style=\"text-align: right;border: 1px #aaa solid;padding: 0.3em\">7,15<\/td>\n<td style=\"text-align: right;border: 1px #aaa solid;padding: 0.3em\">-2,95<\/td>\n<td style=\"text-align: center;border: 1px #aaa solid;padding: 0.3em\">6<\/td>\n<td style=\"text-align: center;border: 1px #aaa solid;padding: 0.3em\">-2<\/td>\n<\/tr>\n<tr>\n<td style=\"background-color: #ed1c24;border: 1px #aaa solid;padding: 0.3em\" width=\"10\"><\/td>\n<td style=\"border: 1px #aaa solid;padding: 0.3em\">V\u00e4nsterpartiet<\/td>\n<td style=\"text-align: right;border: 1px #aaa solid;padding: 0.3em\">8 793<\/td>\n<td style=\"text-align: right;border: 1px #aaa solid;padding: 0.3em\">5,64<\/td>\n<td style=\"text-align: right;border: 1px #aaa solid;padding: 0.3em\">-0,40<\/td>\n<td style=\"text-align: center;border: 1px #aaa solid;padding: 0.3em\">5<\/td>\n<td style=\"text-align: center;border: 1px #aaa solid;padding: 0.3em\">0<\/td>\n<\/tr>\n<tr>\n<td style=\"background-color: #006ab3;border: 1px solid #aaaaaa;padding: 0.3em;text-align: center\" width=\"10\">FP<\/td>\n<td style=\"border: 1px #aaa solid;padding: 0.3em\">Folkpartiet Liberalerna<\/td>\n<td style=\"text-align: right;border: 1px #aaa solid;padding: 0.3em\">8 505<\/td>\n<td style=\"text-align: right;border: 1px #aaa solid;padding: 0.3em\">5,46<\/td>\n<td style=\"text-align: right;border: 1px #aaa solid;padding: 0.3em\">+0,39<\/td>\n<td style=\"text-align: center;border: 1px #aaa solid;padding: 0.3em\">4<\/td>\n<td style=\"text-align: center;border: 1px #aaa solid;padding: 0.3em\">0<\/td>\n<\/tr>\n<tr>\n<td style=\"background-color: #53a045;border: 1px solid #aaaaaa;padding: 0.3em;text-align: center\" width=\"10\"><span style=\"color: #ffff00\">MP<\/span><\/td>\n<td style=\"border: 1px #aaa solid;padding: 0.3em\">Milj\u00f6partiet de Gr\u00f6na<\/td>\n<td style=\"text-align: right;border: 1px #aaa solid;padding: 0.3em\">6 830<\/td>\n<td style=\"text-align: right;border: 1px #aaa solid;padding: 0.3em\">4,38<\/td>\n<td style=\"text-align: right;border: 1px #aaa solid;padding: 0.3em\">+1,17<\/td>\n<td style=\"text-align: center;border: 1px #aaa solid;padding: 0.3em\">3<\/td>\n<td style=\"text-align: center;border: 1px #aaa solid;padding: 0.3em\">+1<\/td>\n<\/tr>\n<tr>\n<td style=\"background-color: #005ea1;border: 1px #aaa solid;padding: 0.3em\" width=\"10\"><\/td>\n<td style=\"border: 1px #aaa solid;padding: 0.3em\">Kristdemokraterna<\/td>\n<td style=\"text-align: right;border: 1px #aaa solid;padding: 0.3em\">5 773<\/td>\n<td style=\"text-align: right;border: 1px #aaa solid;padding: 0.3em\">3,70<\/td>\n<td style=\"text-align: right;border: 1px #aaa solid;padding: 0.3em\">-1,39<\/td>\n<td style=\"text-align: center;border: 1px #aaa solid;padding: 0.3em\">3<\/td>\n<td style=\"text-align: center;border: 1px #aaa solid;padding: 0.3em\">-2<\/td>\n<\/tr>\n<tr>\n<td style=\"background-color: #f8da2e;border: 1px #aaa solid;padding: 0.3em\" width=\"10\"><\/td>\n<td style=\"border: 1px #aaa solid;padding: 0.3em\">Sverigedemokraterna<\/td>\n<td style=\"text-align: right;border: 1px #aaa solid;padding: 0.3em\">4 610<\/td>\n<td style=\"text-align: right;border: 1px #aaa solid;padding: 0.3em\">2,96<\/td>\n<td style=\"text-align: right;border: 1px #aaa solid;padding: 0.3em\">+1,00<\/td>\n<td style=\"text-align: center;border: 1px #aaa solid;padding: 0.3em\">0<\/td>\n<td style=\"text-align: center;border: 1px #aaa solid;padding: 0.3em\">0<\/td>\n<\/tr>\n<tr>\n<td style=\"background-color: #f3d823\" width=\"10\"><\/td>\n<td style=\"border: 1px #aaa solid;padding: 0.3em\">SPI &#8211; Sveriges Pension\u00e4rers Intresseparti<\/td>\n<td style=\"text-align: right;border: 1px #aaa solid;padding: 0.3em\">1 343<\/td>\n<td style=\"text-align: right;border: 1px #aaa solid;padding: 0.3em\">0,86<\/td>\n<td style=\"text-align: right;border: 1px #aaa solid;padding: 0.3em\">+0,34<\/td>\n<td style=\"text-align: center;border: 1px #aaa solid;padding: 0.3em\">0<\/td>\n<td style=\"text-align: center;border: 1px #aaa solid;padding: 0.3em\">0<\/td>\n<\/tr>\n<tr>\n<td style=\"background-color: #e2021b;border: 1px #aaa solid;padding: 0.3em\" width=\"10\"><\/td>\n<td style=\"border: 1px #aaa solid;padding: 0.3em\">R\u00e4ttvisepartiet Socialisterna<\/td>\n<td style=\"text-align: right;border: 1px #aaa solid;padding: 0.3em\">186<\/td>\n<td style=\"text-align: right;border: 1px #aaa solid;padding: 0.3em\">0,12<\/td>\n<td style=\"text-align: right;border: 1px #aaa solid;padding: 0.3em\">+0,04<\/td>\n<td style=\"text-align: center;border: 1px #aaa solid;padding: 0.3em\">0<\/td>\n<td style=\"text-align: center;border: 1px #aaa solid;padding: 0.3em\">0<\/td>\n<\/tr>\n<tr>\n<td style=\"background-color: #7e4290;border: 1px #aaa solid;padding: 0.3em\" width=\"10\"><\/td>\n<td style=\"border: 1px #aaa solid;padding: 0.3em\">Sundsvalls framtid<\/td>\n<td style=\"text-align: right;border: 1px #aaa solid;padding: 0.3em\">169<\/td>\n<td style=\"text-align: right;border: 1px #aaa solid;padding: 0.3em\">0,11<\/td>\n<td style=\"text-align: right;border: 1px #aaa solid;padding: 0.3em\">+0,11<\/td>\n<td style=\"text-align: center;border: 1px #aaa solid;padding: 0.3em\">0<\/td>\n<td style=\"text-align: center;border: 1px #aaa solid;padding: 0.3em\">0<\/td>\n<\/tr>\n<tr>\n<td style=\"border: 1px #aaa solid;padding: 0.3em\" colspan=\"2\">R\u00f6ster p\u00e5 partier som inte best\u00e4llde valsedlar<\/td>\n<td style=\"text-align: right;border: 1px #aaa solid;padding: 0.3em\">187<\/td>\n<td style=\"text-align: right;border: 1px #aaa solid;padding: 0.3em\">0,12<\/td>\n<td style=\"text-align: right;border: 1px #aaa solid;padding: 0.3em\">+0,06<\/td>\n<td style=\"text-align: center;border: 1px #aaa solid;padding: 0.3em\">0<\/td>\n<td style=\"text-align: center;border: 1px #aaa solid;padding: 0.3em\">0<\/td>\n<\/tr>\n<tr>\n<th style=\"background-color: #e9e9e9;text-align: left;border: 1px #aaa solid;padding: 0.3em\" colspan=\"2\">Antal giltiga r\u00f6ster<\/th>\n<td style=\"background-color: #e9e9e9;text-align: right;border: 1px #aaa solid;padding: 0.3em\"><\/td>\n<td style=\"background-color: #e9e9e9;text-align: right;border: 1px #aaa solid;padding: 0.3em\">100,00<\/td>\n<td style=\"background-color: #e9e9e9;text-align: right;border: 1px #aaa solid;padding: 0.3em\">\u2014<\/td>\n<td style=\"background-color: #e9e9e9;text-align: center;border: 1px #aaa solid;padding: 0.3em\">77<\/td>\n<td style=\"background-color: #e9e9e9;text-align: center;border: 1px #aaa solid;padding: 0.3em\">\u2014<\/td>\n<\/tr>\n<tr>\n<td style=\"border: 1px #aaa solid;padding: 0.3em\" colspan=\"2\">Blanka ogiltiga r\u00f6ster<\/td>\n<td style=\"text-align: right;border: 1px #aaa solid;padding: 0.3em\">2 916<\/td>\n<td style=\"text-align: right;border: 1px #aaa solid;padding: 0.3em\">1,84<\/td>\n<td style=\"text-align: right;border: 1px #aaa solid;padding: 0.3em\">-0,34<\/td>\n<\/tr>\n<tr>\n<td style=\"border: 1px #aaa solid;padding: 0.3em\" colspan=\"2\">\u00d6vriga ogiltiga r\u00f6ster<\/td>\n<td style=\"text-align: right;border: 1px #aaa solid;padding: 0.3em\">90<\/td>\n<td style=\"text-align: right;border: 1px #aaa solid;padding: 0.3em\">0,06<\/td>\n<td style=\"text-align: right;border: 1px #aaa solid;padding: 0.3em\">+0,01<\/td>\n<\/tr>\n<tr>\n<th style=\"background-color: #e9e9e9;text-align: left;border: 1px #aaa solid;padding: 0.3em\" colspan=\"2\">Totalt antal som r\u00f6stade<\/th>\n<td style=\"background-color: #e9e9e9;text-align: right;border: 1px #aaa solid;padding: 0.3em\">158 866<\/td>\n<td style=\"background-color: #e9e9e9;text-align: right;border: 1px #aaa solid;padding: 0.3em\">81,80<\/td>\n<td style=\"background-color: #e9e9e9;text-align: right;border: 1px #aaa solid;padding: 0.3em\">+3,00<\/td>\n<\/tr>\n<tr>\n<th style=\"background-color: #e9e9e9;text-align: left;border: 1px #aaa solid;padding: 0.3em\" colspan=\"2\">Totalt antal r\u00f6stber\u00e4ttigade<\/th>\n<td style=\"background-color: #e9e9e9;text-align: right;border: 1px #aaa solid;padding: 0.3em\">194 206<\/td>\n<\/tr>\n<\/tbody>\n<\/table>\n","protected":false},"excerpt":{"rendered":"<p>Slutgiltiga valresultatet f\u00f6r valet till landstingsfullm\u00e4ktige i V\u00e4sternorrlands l\u00e4n 2014. Parti R\u00f6ster Mandatf\u00f6rdelning Antal % +- % Antal +- S Socialdemokraterna 62 931 40,38 -3,46 32 -2 M Moderaterna 33 721 21,64 +4,83 18 +5 SJVP Sjukv\u00e5rdspartiet &#8211; V\u00e4sternorrland 11 662 7,48 +0,26 6 +6 C Centerpartiet 11 150 7,15 -2,95 6 -2 V\u00e4nsterpartiet 8 <a class=\"read-more-link\" href=\"https:\/\/wp.kristdemokraterna.se\/vasternorrland\/tidigare-val\/valet-2010\/valresultat-2010-landstingsfullmaktige\/\">Read More<\/a><\/p>\n","protected":false},"author":787,"featured_media":0,"parent":136273,"menu_order":2010,"comment_status":"closed","ping_status":"closed","template":"","meta":{"_acf_changed":false,"footnotes":""},"class_list":["post-128873","page","type-page","status-publish","hentry"],"acf":[],"yoast_head":"<!-- This site is optimized with the Yoast SEO plugin v27.3 - https:\/\/yoast.com\/product\/yoast-seo-wordpress\/ -->\n<title>Valresultat 2010 Landstingsfullm\u00e4ktige | KD V\u00e4sternorrland<\/title>\n<meta name=\"robots\" content=\"index, follow, max-snippet:-1, max-image-preview:large, max-video-preview:-1\" \/>\n<link rel=\"canonical\" href=\"https:\/\/wp.kristdemokraterna.se\/vasternorrland\/tidigare-val\/valet-2010\/valresultat-2010-landstingsfullmaktige\/\" \/>\n<meta property=\"og:locale\" content=\"sv_SE\" \/>\n<meta property=\"og:type\" content=\"article\" \/>\n<meta property=\"og:title\" content=\"Valresultat 2010 Landstingsfullm\u00e4ktige | KD V\u00e4sternorrland\" \/>\n<meta property=\"og:description\" content=\"Slutgiltiga valresultatet f\u00f6r valet till landstingsfullm\u00e4ktige i V\u00e4sternorrlands l\u00e4n 2014. Parti R\u00f6ster Mandatf\u00f6rdelning Antal % +- % Antal +- S Socialdemokraterna 62 931 40,38 -3,46 32 -2 M Moderaterna 33 721 21,64 +4,83 18 +5 SJVP Sjukv\u00e5rdspartiet &#8211; V\u00e4sternorrland 11 662 7,48 +0,26 6 +6 C Centerpartiet 11 150 7,15 -2,95 6 -2 V\u00e4nsterpartiet 8 Read More\" \/>\n<meta property=\"og:url\" content=\"https:\/\/wp.kristdemokraterna.se\/vasternorrland\/tidigare-val\/valet-2010\/valresultat-2010-landstingsfullmaktige\/\" \/>\n<meta property=\"og:site_name\" content=\"KD V\u00e4sternorrland\" \/>\n<meta property=\"article:publisher\" content=\"https:\/\/www.facebook.com\/kdrvn\/\" \/>\n<meta property=\"article:modified_time\" content=\"2019-11-20T15:03:36+00:00\" \/>\n<meta name=\"twitter:card\" content=\"summary_large_image\" \/>\n<script type=\"application\/ld+json\" class=\"yoast-schema-graph\">{\"@context\":\"https:\\\/\\\/schema.org\",\"@graph\":[{\"@type\":\"WebPage\",\"@id\":\"https:\\\/\\\/wp.kristdemokraterna.se\\\/vasternorrland\\\/tidigare-val\\\/valet-2010\\\/valresultat-2010-landstingsfullmaktige\\\/\",\"url\":\"https:\\\/\\\/wp.kristdemokraterna.se\\\/vasternorrland\\\/tidigare-val\\\/valet-2010\\\/valresultat-2010-landstingsfullmaktige\\\/\",\"name\":\"Valresultat 2010 Landstingsfullm\u00e4ktige | KD V\u00e4sternorrland\",\"isPartOf\":{\"@id\":\"https:\\\/\\\/wp.kristdemokraterna.se\\\/vasternorrland\\\/#website\"},\"datePublished\":\"2018-09-09T08:31:01+00:00\",\"dateModified\":\"2019-11-20T15:03:36+00:00\",\"breadcrumb\":{\"@id\":\"https:\\\/\\\/wp.kristdemokraterna.se\\\/vasternorrland\\\/tidigare-val\\\/valet-2010\\\/valresultat-2010-landstingsfullmaktige\\\/#breadcrumb\"},\"inLanguage\":\"sv-SE\",\"potentialAction\":[{\"@type\":\"ReadAction\",\"target\":[\"https:\\\/\\\/wp.kristdemokraterna.se\\\/vasternorrland\\\/tidigare-val\\\/valet-2010\\\/valresultat-2010-landstingsfullmaktige\\\/\"]}]},{\"@type\":\"BreadcrumbList\",\"@id\":\"https:\\\/\\\/wp.kristdemokraterna.se\\\/vasternorrland\\\/tidigare-val\\\/valet-2010\\\/valresultat-2010-landstingsfullmaktige\\\/#breadcrumb\",\"itemListElement\":[{\"@type\":\"ListItem\",\"position\":1,\"name\":\"Hem\",\"item\":\"https:\\\/\\\/wp.kristdemokraterna.se\\\/vasternorrland\\\/\"},{\"@type\":\"ListItem\",\"position\":2,\"name\":\"Tidigare val\",\"item\":\"https:\\\/\\\/wp.kristdemokraterna.se\\\/vasternorrland\\\/tidigare-val\\\/\"},{\"@type\":\"ListItem\",\"position\":3,\"name\":\"Valet 2010\",\"item\":\"https:\\\/\\\/wp.kristdemokraterna.se\\\/vasternorrland\\\/tidigare-val\\\/valet-2010\\\/\"},{\"@type\":\"ListItem\",\"position\":4,\"name\":\"Valresultat 2010 Landstingsfullm\u00e4ktige\"}]},{\"@type\":\"WebSite\",\"@id\":\"https:\\\/\\\/wp.kristdemokraterna.se\\\/vasternorrland\\\/#website\",\"url\":\"https:\\\/\\\/wp.kristdemokraterna.se\\\/vasternorrland\\\/\",\"name\":\"KD V\u00e4sternorrland\",\"description\":\"V\u00e5rda v\u00e5rden - utveckla prim\u00e4rv\u00e5rden\",\"inLanguage\":\"sv-SE\"}]}<\/script>\n<!-- \/ Yoast SEO plugin. -->","yoast_head_json":{"title":"Valresultat 2010 Landstingsfullm\u00e4ktige | KD V\u00e4sternorrland","robots":{"index":"index","follow":"follow","max-snippet":"max-snippet:-1","max-image-preview":"max-image-preview:large","max-video-preview":"max-video-preview:-1"},"canonical":"https:\/\/wp.kristdemokraterna.se\/vasternorrland\/tidigare-val\/valet-2010\/valresultat-2010-landstingsfullmaktige\/","og_locale":"sv_SE","og_type":"article","og_title":"Valresultat 2010 Landstingsfullm\u00e4ktige | KD V\u00e4sternorrland","og_description":"Slutgiltiga valresultatet f\u00f6r valet till landstingsfullm\u00e4ktige i V\u00e4sternorrlands l\u00e4n 2014. Parti R\u00f6ster Mandatf\u00f6rdelning Antal % +- % Antal +- S Socialdemokraterna 62 931 40,38 -3,46 32 -2 M Moderaterna 33 721 21,64 +4,83 18 +5 SJVP Sjukv\u00e5rdspartiet &#8211; V\u00e4sternorrland 11 662 7,48 +0,26 6 +6 C Centerpartiet 11 150 7,15 -2,95 6 -2 V\u00e4nsterpartiet 8 Read More","og_url":"https:\/\/wp.kristdemokraterna.se\/vasternorrland\/tidigare-val\/valet-2010\/valresultat-2010-landstingsfullmaktige\/","og_site_name":"KD V\u00e4sternorrland","article_publisher":"https:\/\/www.facebook.com\/kdrvn\/","article_modified_time":"2019-11-20T15:03:36+00:00","twitter_card":"summary_large_image","schema":{"@context":"https:\/\/schema.org","@graph":[{"@type":"WebPage","@id":"https:\/\/wp.kristdemokraterna.se\/vasternorrland\/tidigare-val\/valet-2010\/valresultat-2010-landstingsfullmaktige\/","url":"https:\/\/wp.kristdemokraterna.se\/vasternorrland\/tidigare-val\/valet-2010\/valresultat-2010-landstingsfullmaktige\/","name":"Valresultat 2010 Landstingsfullm\u00e4ktige | KD V\u00e4sternorrland","isPartOf":{"@id":"https:\/\/wp.kristdemokraterna.se\/vasternorrland\/#website"},"datePublished":"2018-09-09T08:31:01+00:00","dateModified":"2019-11-20T15:03:36+00:00","breadcrumb":{"@id":"https:\/\/wp.kristdemokraterna.se\/vasternorrland\/tidigare-val\/valet-2010\/valresultat-2010-landstingsfullmaktige\/#breadcrumb"},"inLanguage":"sv-SE","potentialAction":[{"@type":"ReadAction","target":["https:\/\/wp.kristdemokraterna.se\/vasternorrland\/tidigare-val\/valet-2010\/valresultat-2010-landstingsfullmaktige\/"]}]},{"@type":"BreadcrumbList","@id":"https:\/\/wp.kristdemokraterna.se\/vasternorrland\/tidigare-val\/valet-2010\/valresultat-2010-landstingsfullmaktige\/#breadcrumb","itemListElement":[{"@type":"ListItem","position":1,"name":"Hem","item":"https:\/\/wp.kristdemokraterna.se\/vasternorrland\/"},{"@type":"ListItem","position":2,"name":"Tidigare val","item":"https:\/\/wp.kristdemokraterna.se\/vasternorrland\/tidigare-val\/"},{"@type":"ListItem","position":3,"name":"Valet 2010","item":"https:\/\/wp.kristdemokraterna.se\/vasternorrland\/tidigare-val\/valet-2010\/"},{"@type":"ListItem","position":4,"name":"Valresultat 2010 Landstingsfullm\u00e4ktige"}]},{"@type":"WebSite","@id":"https:\/\/wp.kristdemokraterna.se\/vasternorrland\/#website","url":"https:\/\/wp.kristdemokraterna.se\/vasternorrland\/","name":"KD V\u00e4sternorrland","description":"V\u00e5rda v\u00e5rden - utveckla prim\u00e4rv\u00e5rden","inLanguage":"sv-SE"}]}},"_links":{"self":[{"href":"https:\/\/wp.kristdemokraterna.se\/vasternorrland\/wp-json\/wp\/v2\/pages\/128873","targetHints":{"allow":["GET"]}}],"collection":[{"href":"https:\/\/wp.kristdemokraterna.se\/vasternorrland\/wp-json\/wp\/v2\/pages"}],"about":[{"href":"https:\/\/wp.kristdemokraterna.se\/vasternorrland\/wp-json\/wp\/v2\/types\/page"}],"author":[{"embeddable":true,"href":"https:\/\/wp.kristdemokraterna.se\/vasternorrland\/wp-json\/wp\/v2\/users\/787"}],"replies":[{"embeddable":true,"href":"https:\/\/wp.kristdemokraterna.se\/vasternorrland\/wp-json\/wp\/v2\/comments?post=128873"}],"version-history":[{"count":6,"href":"https:\/\/wp.kristdemokraterna.se\/vasternorrland\/wp-json\/wp\/v2\/pages\/128873\/revisions"}],"predecessor-version":[{"id":136275,"href":"https:\/\/wp.kristdemokraterna.se\/vasternorrland\/wp-json\/wp\/v2\/pages\/128873\/revisions\/136275"}],"up":[{"embeddable":true,"href":"https:\/\/wp.kristdemokraterna.se\/vasternorrland\/wp-json\/wp\/v2\/pages\/136273"}],"wp:attachment":[{"href":"https:\/\/wp.kristdemokraterna.se\/vasternorrland\/wp-json\/wp\/v2\/media?parent=128873"}],"curies":[{"name":"wp","href":"https:\/\/api.w.org\/{rel}","templated":true}]}}