{"id":128958,"date":"2018-09-09T16:18:42","date_gmt":"2018-09-09T14:18:42","guid":{"rendered":"http:\/\/wp.kristdemokraterna.se\/vasternorrland\/?page_id=128958"},"modified":"2023-11-28T15:00:06","modified_gmt":"2023-11-28T14:00:06","slug":"partidistriktsstyrelse","status":"publish","type":"page","link":"https:\/\/wp.kristdemokraterna.se\/vasternorrland\/foretradare\/partidistriktsstyrelse\/","title":{"rendered":"I partidistriktsstyrelsen"},"content":{"rendered":"<table>\n<tbody>\n<tr>\n<td><img loading=\"lazy\" decoding=\"async\" class=\"alignnone size-full wp-image-351720\" src=\"http:\/\/wp.kristdemokraterna.se\/vasternorrland\/files\/2018\/09\/placeholder-kd-276x300.jpg\" alt=\"\" width=\"276\" height=\"300\" \/><\/td>\n<td>\n<div class=\"u-soft\">\n<ul class=\"o-bare-list o-bare-list--spaced\/2\">\n<li style=\"list-style-type: none\">\n<ul class=\"o-bare-list\">\n<li class=\"u-brand-font u-txt-bold\">Polina J Larsson<\/li>\n<li class=\"u-txt-xs u-txt-zeta\">Partidistriktsordf\u00f6rande<\/li>\n<\/ul>\n<ul class=\"o-bare-list o-bare-list--spaced\/2\">\n<li style=\"list-style-type: none\">\n<ul class=\"o-bare-list\">\n<li class=\"u-brand-font u-txt-xs\"><strong>E-post:<\/strong><\/li>\n<li class=\"u-txt-brand u-txt-xs\"><a class=\"app-hjemvt\" href=\"mailto:polina.j.larsson@kdsundsvall.se\">polina.j.larsson@kdsundsvall.se<\/a><\/li>\n<\/ul>\n<ul class=\"o-bare-list\">\n<li class=\"u-brand-font u-txt-xs\"><strong>Telefon:<\/strong><\/li>\n<li><a href=\"tel:073-022 37 71\">072-205 75 90<\/a><\/li>\n<\/ul>\n<\/li>\n<\/ul>\n<\/li>\n<\/ul>\n<\/div>\n<\/td>\n<\/tr>\n<tr>\n<td><img decoding=\"async\" class=\"alignnone size-medium wp-image-128674\" src=\"http:\/\/wp.kristdemokraterna.se\/vasternorrland\/files\/2018\/09\/placeholder-kd-276x300.jpg\" alt=\"\" width=\"276\" srcset=\"https:\/\/wp.kristdemokraterna.se\/vasternorrland\/files\/2018\/09\/placeholder-kd-276x300.jpg 276w, https:\/\/wp.kristdemokraterna.se\/vasternorrland\/files\/2018\/09\/placeholder-kd-496x540.jpg 496w, https:\/\/wp.kristdemokraterna.se\/vasternorrland\/files\/2018\/09\/placeholder-kd-184x200.jpg 184w, https:\/\/wp.kristdemokraterna.se\/vasternorrland\/files\/2018\/09\/placeholder-kd-370x403.jpg 370w, https:\/\/wp.kristdemokraterna.se\/vasternorrland\/files\/2018\/09\/placeholder-kd-450x490.jpg 450w, https:\/\/wp.kristdemokraterna.se\/vasternorrland\/files\/2018\/09\/placeholder-kd-280x305.jpg 280w, https:\/\/wp.kristdemokraterna.se\/vasternorrland\/files\/2018\/09\/placeholder-kd-340x370.jpg 340w, https:\/\/wp.kristdemokraterna.se\/vasternorrland\/files\/2018\/09\/placeholder-kd-239x260.jpg 239w, https:\/\/wp.kristdemokraterna.se\/vasternorrland\/files\/2018\/09\/placeholder-kd-51x56.jpg 51w, https:\/\/wp.kristdemokraterna.se\/vasternorrland\/files\/2018\/09\/placeholder-kd.jpg 680w\" sizes=\"(max-width: 276px) 100vw, 276px\" \/><\/td>\n<td>\n<div class=\"u-soft\">\n<ul class=\"o-bare-list o-bare-list--spaced\/2\">\n<li style=\"list-style-type: none\">\n<ul class=\"o-bare-list\">\n<li>Gunl\u00f6g Jacobsson<\/li>\n<li class=\"u-txt-xs u-txt-zeta\">1:e vice partidistriktsordf\u00f6rande<\/li>\n<\/ul>\n<ul class=\"o-bare-list o-bare-list--spaced\/2\">\n<li style=\"list-style-type: none\">\n<ul class=\"o-bare-list\">\n<li class=\"u-brand-font u-txt-xs\"><strong>E-post:<\/strong><\/li>\n<li><a href=\"mailto:gunlog.jacobsson@kristdemokraterna.se\">gunlog.jacobsson@kristdemokraterna.se<\/a><\/li>\n<li class=\"u-txt-brand u-txt-xs\"><strong>Telefon:<\/strong><\/li>\n<\/ul>\n<ul class=\"o-bare-list\">\n<li class=\"u-txt-brand u-txt-xs\"><a href=\"tel:+0620-512 63\">0620-512 63<\/a><\/li>\n<\/ul>\n<\/li>\n<\/ul>\n<\/li>\n<\/ul>\n<\/div>\n<\/td>\n<\/tr>\n<tr>\n<td><img decoding=\"async\" class=\"alignnone size-medium wp-image-128674\" src=\"http:\/\/wp.kristdemokraterna.se\/vasternorrland\/files\/2018\/09\/placeholder-kd-276x300.jpg\" alt=\"\" width=\"276\" srcset=\"https:\/\/wp.kristdemokraterna.se\/vasternorrland\/files\/2018\/09\/placeholder-kd-276x300.jpg 276w, https:\/\/wp.kristdemokraterna.se\/vasternorrland\/files\/2018\/09\/placeholder-kd-496x540.jpg 496w, https:\/\/wp.kristdemokraterna.se\/vasternorrland\/files\/2018\/09\/placeholder-kd-184x200.jpg 184w, https:\/\/wp.kristdemokraterna.se\/vasternorrland\/files\/2018\/09\/placeholder-kd-370x403.jpg 370w, https:\/\/wp.kristdemokraterna.se\/vasternorrland\/files\/2018\/09\/placeholder-kd-450x490.jpg 450w, https:\/\/wp.kristdemokraterna.se\/vasternorrland\/files\/2018\/09\/placeholder-kd-280x305.jpg 280w, https:\/\/wp.kristdemokraterna.se\/vasternorrland\/files\/2018\/09\/placeholder-kd-340x370.jpg 340w, https:\/\/wp.kristdemokraterna.se\/vasternorrland\/files\/2018\/09\/placeholder-kd-239x260.jpg 239w, https:\/\/wp.kristdemokraterna.se\/vasternorrland\/files\/2018\/09\/placeholder-kd-51x56.jpg 51w, https:\/\/wp.kristdemokraterna.se\/vasternorrland\/files\/2018\/09\/placeholder-kd.jpg 680w\" sizes=\"(max-width: 276px) 100vw, 276px\" \/><\/td>\n<td>\n<div class=\"u-soft\">\n<ul class=\"o-bare-list o-bare-list--spaced\/2\">\n<li style=\"list-style-type: none\">\n<ul class=\"o-bare-list\">\n<li class=\"u-brand-font u-txt-bold\">Joseph Daibess<\/li>\n<li class=\"u-txt-xs u-txt-zeta\">2:e vice partidistriktsordf\u00f6rande<\/li>\n<\/ul>\n<ul class=\"o-bare-list o-bare-list--spaced\/2\">\n<li style=\"list-style-type: none\">\n<ul class=\"o-bare-list\">\n<li class=\"u-brand-font u-txt-xs\"><strong>E-post:<\/strong><\/li>\n<li class=\"u-txt-brand u-txt-xs\"><\/li>\n<\/ul>\n<ul class=\"o-bare-list\">\n<li class=\"u-brand-font u-txt-xs\"><strong>Telefon:<\/strong><\/li>\n<li class=\"u-txt-brand u-txt-xs\"><\/li>\n<\/ul>\n<\/li>\n<\/ul>\n<\/li>\n<\/ul>\n<\/div>\n<\/td>\n<\/tr>\n<\/tbody>\n<\/table>\n","protected":false},"excerpt":{"rendered":"<p>Polina J Larsson Partidistriktsordf\u00f6rande E-post: polina.j.larsson@kdsundsvall.se Telefon: 072-205 75 90 Gunl\u00f6g Jacobsson 1:e vice partidistriktsordf\u00f6rande E-post: gunlog.jacobsson@kristdemokraterna.se Telefon: 0620-512 63 Joseph Daibess 2:e vice partidistriktsordf\u00f6rande E-post: Telefon:<\/p>\n","protected":false},"author":787,"featured_media":0,"parent":128961,"menu_order":2018,"comment_status":"closed","ping_status":"closed","template":"","meta":{"_acf_changed":false,"footnotes":""},"class_list":["post-128958","page","type-page","status-publish","hentry"],"acf":[],"yoast_head":"<!-- This site is optimized with the Yoast SEO plugin v27.3 - https:\/\/yoast.com\/product\/yoast-seo-wordpress\/ -->\n<title>I partidistriktsstyrelsen | KD V\u00e4sternorrland<\/title>\n<meta name=\"robots\" content=\"index, follow, max-snippet:-1, max-image-preview:large, max-video-preview:-1\" \/>\n<link rel=\"canonical\" href=\"https:\/\/wp.kristdemokraterna.se\/vasternorrland\/foretradare\/partidistriktsstyrelse\/\" \/>\n<meta property=\"og:locale\" content=\"sv_SE\" \/>\n<meta property=\"og:type\" content=\"article\" \/>\n<meta property=\"og:title\" content=\"I partidistriktsstyrelsen | KD V\u00e4sternorrland\" \/>\n<meta property=\"og:description\" content=\"Polina J Larsson Partidistriktsordf\u00f6rande E-post: polina.j.larsson@kdsundsvall.se Telefon: 072-205 75 90 Gunl\u00f6g Jacobsson 1:e vice partidistriktsordf\u00f6rande E-post: gunlog.jacobsson@kristdemokraterna.se Telefon: 0620-512 63 Joseph Daibess 2:e vice partidistriktsordf\u00f6rande E-post: Telefon:\" \/>\n<meta property=\"og:url\" content=\"https:\/\/wp.kristdemokraterna.se\/vasternorrland\/foretradare\/partidistriktsstyrelse\/\" \/>\n<meta property=\"og:site_name\" content=\"KD V\u00e4sternorrland\" \/>\n<meta property=\"article:publisher\" content=\"https:\/\/www.facebook.com\/kdrvn\/\" \/>\n<meta property=\"article:modified_time\" content=\"2023-11-28T14:00:06+00:00\" \/>\n<meta property=\"og:image\" content=\"http:\/\/wp.kristdemokraterna.se\/vasternorrland\/files\/2018\/09\/placeholder-kd-276x300.jpg\" \/>\n<meta name=\"twitter:card\" content=\"summary_large_image\" \/>\n<meta name=\"twitter:label1\" content=\"Ber\u00e4knad l\u00e4stid\" \/>\n\t<meta name=\"twitter:data1\" content=\"1 minut\" \/>\n<script type=\"application\/ld+json\" class=\"yoast-schema-graph\">{\"@context\":\"https:\\\/\\\/schema.org\",\"@graph\":[{\"@type\":\"WebPage\",\"@id\":\"https:\\\/\\\/wp.kristdemokraterna.se\\\/vasternorrland\\\/foretradare\\\/partidistriktsstyrelse\\\/\",\"url\":\"https:\\\/\\\/wp.kristdemokraterna.se\\\/vasternorrland\\\/foretradare\\\/partidistriktsstyrelse\\\/\",\"name\":\"I partidistriktsstyrelsen | KD V\u00e4sternorrland\",\"isPartOf\":{\"@id\":\"https:\\\/\\\/wp.kristdemokraterna.se\\\/vasternorrland\\\/#website\"},\"primaryImageOfPage\":{\"@id\":\"https:\\\/\\\/wp.kristdemokraterna.se\\\/vasternorrland\\\/foretradare\\\/partidistriktsstyrelse\\\/#primaryimage\"},\"image\":{\"@id\":\"https:\\\/\\\/wp.kristdemokraterna.se\\\/vasternorrland\\\/foretradare\\\/partidistriktsstyrelse\\\/#primaryimage\"},\"thumbnailUrl\":\"http:\\\/\\\/wp.kristdemokraterna.se\\\/vasternorrland\\\/files\\\/2018\\\/09\\\/placeholder-kd-276x300.jpg\",\"datePublished\":\"2018-09-09T14:18:42+00:00\",\"dateModified\":\"2023-11-28T14:00:06+00:00\",\"breadcrumb\":{\"@id\":\"https:\\\/\\\/wp.kristdemokraterna.se\\\/vasternorrland\\\/foretradare\\\/partidistriktsstyrelse\\\/#breadcrumb\"},\"inLanguage\":\"sv-SE\",\"potentialAction\":[{\"@type\":\"ReadAction\",\"target\":[\"https:\\\/\\\/wp.kristdemokraterna.se\\\/vasternorrland\\\/foretradare\\\/partidistriktsstyrelse\\\/\"]}]},{\"@type\":\"ImageObject\",\"inLanguage\":\"sv-SE\",\"@id\":\"https:\\\/\\\/wp.kristdemokraterna.se\\\/vasternorrland\\\/foretradare\\\/partidistriktsstyrelse\\\/#primaryimage\",\"url\":\"https:\\\/\\\/wp.kristdemokraterna.se\\\/vasternorrland\\\/files\\\/2018\\\/09\\\/placeholder-kd.jpg\",\"contentUrl\":\"https:\\\/\\\/wp.kristdemokraterna.se\\\/vasternorrland\\\/files\\\/2018\\\/09\\\/placeholder-kd.jpg\",\"width\":680,\"height\":740},{\"@type\":\"BreadcrumbList\",\"@id\":\"https:\\\/\\\/wp.kristdemokraterna.se\\\/vasternorrland\\\/foretradare\\\/partidistriktsstyrelse\\\/#breadcrumb\",\"itemListElement\":[{\"@type\":\"ListItem\",\"position\":1,\"name\":\"Hem\",\"item\":\"https:\\\/\\\/wp.kristdemokraterna.se\\\/vasternorrland\\\/\"},{\"@type\":\"ListItem\",\"position\":2,\"name\":\"F\u00f6retr\u00e4dare\",\"item\":\"https:\\\/\\\/wp.kristdemokraterna.se\\\/vasternorrland\\\/foretradare\\\/\"},{\"@type\":\"ListItem\",\"position\":3,\"name\":\"I partidistriktsstyrelsen\"}]},{\"@type\":\"WebSite\",\"@id\":\"https:\\\/\\\/wp.kristdemokraterna.se\\\/vasternorrland\\\/#website\",\"url\":\"https:\\\/\\\/wp.kristdemokraterna.se\\\/vasternorrland\\\/\",\"name\":\"KD V\u00e4sternorrland\",\"description\":\"V\u00e5rda v\u00e5rden - utveckla prim\u00e4rv\u00e5rden\",\"inLanguage\":\"sv-SE\"}]}<\/script>\n<!-- \/ Yoast SEO plugin. -->","yoast_head_json":{"title":"I partidistriktsstyrelsen | KD V\u00e4sternorrland","robots":{"index":"index","follow":"follow","max-snippet":"max-snippet:-1","max-image-preview":"max-image-preview:large","max-video-preview":"max-video-preview:-1"},"canonical":"https:\/\/wp.kristdemokraterna.se\/vasternorrland\/foretradare\/partidistriktsstyrelse\/","og_locale":"sv_SE","og_type":"article","og_title":"I partidistriktsstyrelsen | KD V\u00e4sternorrland","og_description":"Polina J Larsson Partidistriktsordf\u00f6rande E-post: polina.j.larsson@kdsundsvall.se Telefon: 072-205 75 90 Gunl\u00f6g Jacobsson 1:e vice partidistriktsordf\u00f6rande E-post: gunlog.jacobsson@kristdemokraterna.se Telefon: 0620-512 63 Joseph Daibess 2:e vice partidistriktsordf\u00f6rande E-post: Telefon:","og_url":"https:\/\/wp.kristdemokraterna.se\/vasternorrland\/foretradare\/partidistriktsstyrelse\/","og_site_name":"KD V\u00e4sternorrland","article_publisher":"https:\/\/www.facebook.com\/kdrvn\/","article_modified_time":"2023-11-28T14:00:06+00:00","og_image":[{"url":"http:\/\/wp.kristdemokraterna.se\/vasternorrland\/files\/2018\/09\/placeholder-kd-276x300.jpg","type":"","width":"","height":""}],"twitter_card":"summary_large_image","twitter_misc":{"Ber\u00e4knad l\u00e4stid":"1 minut"},"schema":{"@context":"https:\/\/schema.org","@graph":[{"@type":"WebPage","@id":"https:\/\/wp.kristdemokraterna.se\/vasternorrland\/foretradare\/partidistriktsstyrelse\/","url":"https:\/\/wp.kristdemokraterna.se\/vasternorrland\/foretradare\/partidistriktsstyrelse\/","name":"I partidistriktsstyrelsen | KD V\u00e4sternorrland","isPartOf":{"@id":"https:\/\/wp.kristdemokraterna.se\/vasternorrland\/#website"},"primaryImageOfPage":{"@id":"https:\/\/wp.kristdemokraterna.se\/vasternorrland\/foretradare\/partidistriktsstyrelse\/#primaryimage"},"image":{"@id":"https:\/\/wp.kristdemokraterna.se\/vasternorrland\/foretradare\/partidistriktsstyrelse\/#primaryimage"},"thumbnailUrl":"http:\/\/wp.kristdemokraterna.se\/vasternorrland\/files\/2018\/09\/placeholder-kd-276x300.jpg","datePublished":"2018-09-09T14:18:42+00:00","dateModified":"2023-11-28T14:00:06+00:00","breadcrumb":{"@id":"https:\/\/wp.kristdemokraterna.se\/vasternorrland\/foretradare\/partidistriktsstyrelse\/#breadcrumb"},"inLanguage":"sv-SE","potentialAction":[{"@type":"ReadAction","target":["https:\/\/wp.kristdemokraterna.se\/vasternorrland\/foretradare\/partidistriktsstyrelse\/"]}]},{"@type":"ImageObject","inLanguage":"sv-SE","@id":"https:\/\/wp.kristdemokraterna.se\/vasternorrland\/foretradare\/partidistriktsstyrelse\/#primaryimage","url":"https:\/\/wp.kristdemokraterna.se\/vasternorrland\/files\/2018\/09\/placeholder-kd.jpg","contentUrl":"https:\/\/wp.kristdemokraterna.se\/vasternorrland\/files\/2018\/09\/placeholder-kd.jpg","width":680,"height":740},{"@type":"BreadcrumbList","@id":"https:\/\/wp.kristdemokraterna.se\/vasternorrland\/foretradare\/partidistriktsstyrelse\/#breadcrumb","itemListElement":[{"@type":"ListItem","position":1,"name":"Hem","item":"https:\/\/wp.kristdemokraterna.se\/vasternorrland\/"},{"@type":"ListItem","position":2,"name":"F\u00f6retr\u00e4dare","item":"https:\/\/wp.kristdemokraterna.se\/vasternorrland\/foretradare\/"},{"@type":"ListItem","position":3,"name":"I partidistriktsstyrelsen"}]},{"@type":"WebSite","@id":"https:\/\/wp.kristdemokraterna.se\/vasternorrland\/#website","url":"https:\/\/wp.kristdemokraterna.se\/vasternorrland\/","name":"KD V\u00e4sternorrland","description":"V\u00e5rda v\u00e5rden - utveckla prim\u00e4rv\u00e5rden","inLanguage":"sv-SE"}]}},"_links":{"self":[{"href":"https:\/\/wp.kristdemokraterna.se\/vasternorrland\/wp-json\/wp\/v2\/pages\/128958","targetHints":{"allow":["GET"]}}],"collection":[{"href":"https:\/\/wp.kristdemokraterna.se\/vasternorrland\/wp-json\/wp\/v2\/pages"}],"about":[{"href":"https:\/\/wp.kristdemokraterna.se\/vasternorrland\/wp-json\/wp\/v2\/types\/page"}],"author":[{"embeddable":true,"href":"https:\/\/wp.kristdemokraterna.se\/vasternorrland\/wp-json\/wp\/v2\/users\/787"}],"replies":[{"embeddable":true,"href":"https:\/\/wp.kristdemokraterna.se\/vasternorrland\/wp-json\/wp\/v2\/comments?post=128958"}],"version-history":[{"count":12,"href":"https:\/\/wp.kristdemokraterna.se\/vasternorrland\/wp-json\/wp\/v2\/pages\/128958\/revisions"}],"predecessor-version":[{"id":352484,"href":"https:\/\/wp.kristdemokraterna.se\/vasternorrland\/wp-json\/wp\/v2\/pages\/128958\/revisions\/352484"}],"up":[{"embeddable":true,"href":"https:\/\/wp.kristdemokraterna.se\/vasternorrland\/wp-json\/wp\/v2\/pages\/128961"}],"wp:attachment":[{"href":"https:\/\/wp.kristdemokraterna.se\/vasternorrland\/wp-json\/wp\/v2\/media?parent=128958"}],"curies":[{"name":"wp","href":"https:\/\/api.w.org\/{rel}","templated":true}]}}