{"id":129167,"date":"2018-09-10T11:29:06","date_gmt":"2018-09-10T09:29:06","guid":{"rendered":"http:\/\/wp.kristdemokraterna.se\/vasternorrland\/?page_id=129167"},"modified":"2019-07-10T20:47:17","modified_gmt":"2019-07-10T18:47:17","slug":"valresultat-2018-regionfullmaktige","status":"publish","type":"page","link":"https:\/\/wp.kristdemokraterna.se\/vasternorrland\/tidigare-val\/valet-2018\/valresultat-2018-regionfullmaktige\/","title":{"rendered":"Valresultat 2018 Regionfullm\u00e4ktige"},"content":{"rendered":"<p>Slutgiltigt valresultat f\u00f6r valet till landstingsfullm\u00e4ktige (regionfullm\u00e4ktige) i V\u00e4sternorrlands l\u00e4n 2018.<\/p>\n<table width=\"800px\">\n<tbody>\n<tr style=\"background-color: #e9e9e9\">\n<th style=\"border: 1px #aaa solid;padding: 0.3em\" colspan=\"2\" rowspan=\"2\">Parti<\/th>\n<th style=\"border: 1px #aaa solid;padding: 0.3em\" colspan=\"3\">R\u00f6ster<\/th>\n<th style=\"border: 1px #aaa solid;padding: 0.3em\" colspan=\"2\">Mandatf\u00f6rdelning<\/th>\n<\/tr>\n<tr style=\"background-color: #e9e9e9;border: 1px #aaa solid;padding: 0.3em\">\n<th style=\"border: 1px #aaa solid;padding: 0.3em\">Antal<\/th>\n<th style=\"border: 1px #aaa solid;padding: 0.3em\">%<\/th>\n<th style=\"text-align: center;border: 1px #aaa solid;padding: 0.3em\">+- %<\/th>\n<th style=\"text-align: center;border: 1px #aaa solid;padding: 0.3em\">Antal<\/th>\n<th style=\"text-align: center;border: 1px #aaa solid;padding: 0.3em\">+-<\/th>\n<\/tr>\n<tr>\n<td style=\"background-color: #ed1b34;border: 1px #aaa solid;padding: 0.3em\" width=\"10\"><\/td>\n<td style=\"border: 1px #aaa solid;padding: 0.3em\">Socialdemokraterna<\/td>\n<td style=\"text-align: right;border: 1px #aaa solid;padding: 0.3em\">57 355<\/td>\n<td style=\"text-align: right;border: 1px #aaa solid;padding: 0.3em\">35,44<\/td>\n<td style=\"text-align: right;border: 1px #aaa solid;padding: 0.3em\">-12,51<\/td>\n<td style=\"text-align: center\">28<\/td>\n<td style=\"text-align: center;border: 1px #aaa solid;padding: 0.3em\">-10<\/td>\n<\/tr>\n<tr>\n<td style=\"background-color: #0d9ddb;border: 1px #aaa solid;padding: 0.3em\" width=\"10\"><\/td>\n<td style=\"border: 1px #aaa solid;padding: 0.3em\">Moderaterna<\/td>\n<td style=\"text-align: right;border: 1px #aaa solid;padding: 0.3em\">20 415<\/td>\n<td style=\"text-align: right;border: 1px #aaa solid;padding: 0.3em\">12,62<\/td>\n<td style=\"text-align: right;border: 1px #aaa solid;padding: 0.3em\">-1,70<\/td>\n<td style=\"text-align: center;border: 1px #aaa solid;padding: 0.3em\">10<\/td>\n<td style=\"text-align: center;border: 1px #aaa solid;padding: 0.3em\">-1<\/td>\n<\/tr>\n<tr>\n<td style=\"background-color: #ed1c24;border: 1px #aaa solid;padding: 0.3em\" width=\"10\"><\/td>\n<td style=\"border: 1px #aaa solid;padding: 0.3em\">V\u00e4nsterpartiet<\/td>\n<td style=\"text-align: right;border: 1px #aaa solid;padding: 0.3em\">17 213<\/td>\n<td style=\"text-align: right;border: 1px #aaa solid;padding: 0.3em\">10,64<\/td>\n<td style=\"text-align: right;border: 1px #aaa solid;padding: 0.3em\">+3,73<\/td>\n<td style=\"text-align: center;border: 1px #aaa solid;padding: 0.3em\">8<\/td>\n<td style=\"text-align: center;border: 1px #aaa solid;padding: 0.3em\">+2<\/td>\n<\/tr>\n<tr>\n<td style=\"background-color: #f8da2e;border: 1px #aaa solid;padding: 0.3em\" width=\"10\"><\/td>\n<td style=\"border: 1px #aaa solid;padding: 0.3em\">Sverigedemokraterna<\/td>\n<td style=\"text-align: right;border: 1px #aaa solid;padding: 0.3em\">16 921<\/td>\n<td style=\"text-align: right;border: 1px #aaa solid;padding: 0.3em\">10,46<\/td>\n<td style=\"text-align: right;border: 1px #aaa solid;padding: 0.3em\">+2,97<\/td>\n<td style=\"text-align: center;border: 1px #aaa solid;padding: 0.3em\">8<\/td>\n<td style=\"text-align: center;border: 1px #aaa solid;padding: 0.3em\">+2<\/td>\n<\/tr>\n<tr>\n<td style=\"background-color: #016a3a;border: 1px #aaa solid;padding: 0.3em\" width=\"10\"><\/td>\n<td style=\"border: 1px #aaa solid;padding: 0.3em\">Centerpartiet<\/td>\n<td style=\"text-align: right;border: 1px #aaa solid;padding: 0.3em\">15 677<\/td>\n<td style=\"text-align: right;border: 1px #aaa solid;padding: 0.3em\">9,69<\/td>\n<td style=\"text-align: right;border: 1px #aaa solid;padding: 0.3em\">+2,07<\/td>\n<td style=\"text-align: center;border: 1px #aaa solid;padding: 0.3em\">8<\/td>\n<td style=\"text-align: center;border: 1px #aaa solid;padding: 0.3em\">+2<\/td>\n<\/tr>\n<tr>\n<td style=\"background-color: #f26522;border: 1px #aaa solid;padding: 0.3em\" width=\"10\"><\/td>\n<td style=\"border: 1px #aaa solid;padding: 0.3em\">Sjukv\u00e5rdspartiet &#8211; V\u00e4sternorrland<\/td>\n<td style=\"text-align: right;border: 1px #aaa solid;padding: 0.3em\">14 098<\/td>\n<td style=\"text-align: right;border: 1px #aaa solid;padding: 0.3em\">8,71<\/td>\n<td style=\"text-align: right;border: 1px #aaa solid;padding: 0.3em\">+8,71<\/td>\n<td style=\"text-align: center;border: 1px #aaa solid;padding: 0.3em\">7<\/td>\n<td style=\"text-align: center;border: 1px #aaa solid;padding: 0.3em\">+7<\/td>\n<\/tr>\n<tr>\n<td style=\"background-color: #005ea1;border: 1px #aaa solid;padding: 0.3em\" width=\"10\"><\/td>\n<td style=\"border: 1px #aaa solid;padding: 0.3em\">Kristdemokraterna<\/td>\n<td style=\"text-align: right;border: 1px #aaa solid;padding: 0.3em\">9 413<\/td>\n<td style=\"text-align: right;border: 1px #aaa solid;padding: 0.3em\">5,82<\/td>\n<td style=\"text-align: right;border: 1px #aaa solid;padding: 0.3em\">+1,49<\/td>\n<td style=\"text-align: center;border: 1px #aaa solid;padding: 0.3em\">5<\/td>\n<td style=\"text-align: center;border: 1px #aaa solid;padding: 0.3em\">+2<\/td>\n<\/tr>\n<tr>\n<td style=\"background-color: #006ab3;border: 1px #aaa solid;padding: 0.3em\" width=\"10\"><\/td>\n<td style=\"border: 1px #aaa solid;padding: 0.3em\">Liberalerna<\/td>\n<td style=\"text-align: right;border: 1px #aaa solid;padding: 0.3em\">6 015<\/td>\n<td style=\"text-align: right;border: 1px #aaa solid;padding: 0.3em\">3,72<\/td>\n<td style=\"text-align: right;border: 1px #aaa solid;padding: 0.3em\">-0,71<\/td>\n<td style=\"text-align: center;border: 1px #aaa solid;padding: 0.3em\">3<\/td>\n<td style=\"text-align: center;border: 1px #aaa solid;padding: 0.3em\">-1<\/td>\n<\/tr>\n<tr>\n<td style=\"background-color: #53a045;border: 1px #aaa solid;padding: 0.3em\" width=\"10\"><\/td>\n<td style=\"border: 1px #aaa solid;padding: 0.3em\">Milj\u00f6partiet de Gr\u00f6na<\/td>\n<td style=\"text-align: right;border: 1px #aaa solid;padding: 0.3em\">3 784<\/td>\n<td style=\"text-align: right;border: 1px #aaa solid;padding: 0.3em\">2,34<\/td>\n<td style=\"text-align: right;border: 1px #aaa solid;padding: 0.3em\">-2,02<\/td>\n<td style=\"text-align: center;border: 1px #aaa solid;padding: 0.3em\">0<\/td>\n<td style=\"text-align: center;border: 1px #aaa solid;padding: 0.3em\">-3<\/td>\n<\/tr>\n<tr>\n<td style=\"background-color: #cd1b68;border: 1px #aaa solid;padding: 0.3em\" width=\"10\"><\/td>\n<td style=\"border: 1px #aaa solid;padding: 0.3em\">Feministiskt initiativ<\/td>\n<td style=\"text-align: right;border: 1px #aaa solid;padding: 0.3em\">504<\/td>\n<td style=\"text-align: right;border: 1px #aaa solid;padding: 0.3em\">0,31<\/td>\n<td style=\"text-align: right;border: 1px #aaa solid;padding: 0.3em\">+0,16<\/td>\n<td style=\"text-align: center;border: 1px #aaa solid;padding: 0.3em\">0<\/td>\n<td style=\"text-align: center;border: 1px #aaa solid;padding: 0.3em\">0<\/td>\n<\/tr>\n<tr>\n<td style=\"border: 1px #aaa solid;padding: 0.3em\" colspan=\"2\">\u00d6vriga anm\u00e4lda partier<\/td>\n<td style=\"text-align: right;border: 1px #aaa solid;padding: 0.3em\">430<\/td>\n<td style=\"text-align: right;border: 1px #aaa solid;padding: 0.3em\">0,27<\/td>\n<td style=\"text-align: right;border: 1px #aaa solid;padding: 0.3em\">-2,19<\/td>\n<td style=\"text-align: center;border: 1px #aaa solid;padding: 0.3em\">0<\/td>\n<td style=\"text-align: center;border: 1px #aaa solid;padding: 0.3em\">0<\/td>\n<\/tr>\n<tr>\n<th style=\"background-color: #e9e9e9;text-align: left;border: 1px #aaa solid;padding: 0.3em\" colspan=\"2\">Antal giltiga r\u00f6ster<\/th>\n<td style=\"background-color: #e9e9e9;text-align: right;border: 1px #aaa solid;padding: 0.3em\">161 825<\/td>\n<td style=\"background-color: #e9e9e9;text-align: right;border: 1px #aaa solid;padding: 0.3em\">100,0<\/td>\n<td style=\"background-color: #e9e9e9;text-align: right;border: 1px #aaa solid;padding: 0.3em\">\u2014<\/td>\n<td style=\"background-color: #e9e9e9;text-align: center;border: 1px #aaa solid;padding: 0.3em\">77<\/td>\n<td style=\"background-color: #e9e9e9;text-align: center;border: 1px #aaa solid;padding: 0.3em\">\u2014<\/td>\n<\/tr>\n<tr>\n<td style=\"border: 1px #aaa solid;padding: 0.3em\" colspan=\"2\">Ogiltiga r\u00f6ster &#8211; inte anm\u00e4lda partier<\/td>\n<td style=\"text-align: right;border: 1px #aaa solid;padding: 0.3em\">107<\/td>\n<td style=\"text-align: right;border: 1px #aaa solid;padding: 0.3em\">0,07<\/td>\n<td style=\"text-align: right;border: 1px #aaa solid;padding: 0.3em\">+0,07<\/td>\n<\/tr>\n<tr>\n<td style=\"border: 1px #aaa solid;padding: 0.3em\" colspan=\"2\">Blanka ogiltiga r\u00f6ster<\/td>\n<td style=\"text-align: right;border: 1px #aaa solid;padding: 0.3em\">2 560<\/td>\n<td style=\"text-align: right;border: 1px #aaa solid;padding: 0.3em\">1,56<\/td>\n<td style=\"text-align: right;border: 1px #aaa solid;padding: 0.3em\">-0,21<\/td>\n<\/tr>\n<tr>\n<td style=\"border: 1px #aaa solid;padding: 0.3em\" colspan=\"2\">\u00d6vriga ogiltiga r\u00f6ster<\/td>\n<td style=\"text-align: right;border: 1px #aaa solid;padding: 0.3em\">112<\/td>\n<td style=\"text-align: right;border: 1px #aaa solid;padding: 0.3em\">0,07<\/td>\n<td style=\"text-align: right;border: 1px #aaa solid;padding: 0.3em\">+0,02<\/td>\n<\/tr>\n<tr>\n<th style=\"background-color: #e9e9e9;text-align: left;border: 1px #aaa solid;padding: 0.3em\" colspan=\"2\">Totalt antal som r\u00f6stade<\/th>\n<td style=\"background-color: #e9e9e9;text-align: right;border: 1px #aaa solid;padding: 0.3em\">164 604<\/td>\n<td style=\"background-color: #e9e9e9;text-align: right;border: 1px #aaa solid;padding: 0.3em\">85,14<\/td>\n<td style=\"background-color: #e9e9e9;text-align: right;border: 1px #aaa solid;padding: 0.3em\">+1,87<\/td>\n<\/tr>\n<tr>\n<th style=\"background-color: #e9e9e9;text-align: left;border: 1px #aaa solid;padding: 0.3em\" colspan=\"2\">Totalt antal r\u00f6stber\u00e4ttigade<\/th>\n<td style=\"background-color: #e9e9e9;text-align: right;border: 1px #aaa solid;padding: 0.3em\">193 337<\/td>\n<\/tr>\n<\/tbody>\n<\/table>\n","protected":false},"excerpt":{"rendered":"<p>Slutgiltigt valresultat f\u00f6r valet till landstingsfullm\u00e4ktige (regionfullm\u00e4ktige) i V\u00e4sternorrlands l\u00e4n 2018. Parti R\u00f6ster Mandatf\u00f6rdelning Antal % +- % Antal +- Socialdemokraterna 57 355 35,44 -12,51 28 -10 Moderaterna 20 415 12,62 -1,70 10 -1 V\u00e4nsterpartiet 17 213 10,64 +3,73 8 +2 Sverigedemokraterna 16 921 10,46 +2,97 8 +2 Centerpartiet 15 677 9,69 +2,07 8 +2 <a class=\"read-more-link\" href=\"https:\/\/wp.kristdemokraterna.se\/vasternorrland\/tidigare-val\/valet-2018\/valresultat-2018-regionfullmaktige\/\">Read More<\/a><\/p>\n","protected":false},"author":787,"featured_media":0,"parent":136280,"menu_order":2018,"comment_status":"closed","ping_status":"closed","template":"","meta":{"_acf_changed":false,"footnotes":""},"class_list":["post-129167","page","type-page","status-publish","hentry"],"acf":[],"yoast_head":"<!-- This site is optimized with the Yoast SEO plugin v27.4 - https:\/\/yoast.com\/product\/yoast-seo-wordpress\/ -->\n<title>Valresultat 2018 Regionfullm\u00e4ktige | KD V\u00e4sternorrland<\/title>\n<meta name=\"robots\" content=\"index, follow, max-snippet:-1, max-image-preview:large, max-video-preview:-1\" \/>\n<link rel=\"canonical\" href=\"https:\/\/wp.kristdemokraterna.se\/vasternorrland\/tidigare-val\/valet-2018\/valresultat-2018-regionfullmaktige\/\" \/>\n<meta property=\"og:locale\" content=\"sv_SE\" \/>\n<meta property=\"og:type\" content=\"article\" \/>\n<meta property=\"og:title\" content=\"Valresultat 2018 Regionfullm\u00e4ktige | KD V\u00e4sternorrland\" \/>\n<meta property=\"og:description\" content=\"Slutgiltigt valresultat f\u00f6r valet till landstingsfullm\u00e4ktige (regionfullm\u00e4ktige) i V\u00e4sternorrlands l\u00e4n 2018. Parti R\u00f6ster Mandatf\u00f6rdelning Antal % +- % Antal +- Socialdemokraterna 57 355 35,44 -12,51 28 -10 Moderaterna 20 415 12,62 -1,70 10 -1 V\u00e4nsterpartiet 17 213 10,64 +3,73 8 +2 Sverigedemokraterna 16 921 10,46 +2,97 8 +2 Centerpartiet 15 677 9,69 +2,07 8 +2 Read More\" \/>\n<meta property=\"og:url\" content=\"https:\/\/wp.kristdemokraterna.se\/vasternorrland\/tidigare-val\/valet-2018\/valresultat-2018-regionfullmaktige\/\" \/>\n<meta property=\"og:site_name\" content=\"KD V\u00e4sternorrland\" \/>\n<meta property=\"article:publisher\" content=\"https:\/\/www.facebook.com\/kdrvn\/\" \/>\n<meta property=\"article:modified_time\" content=\"2019-07-10T18:47:17+00:00\" \/>\n<meta name=\"twitter:card\" content=\"summary_large_image\" \/>\n<script type=\"application\/ld+json\" class=\"yoast-schema-graph\">{\"@context\":\"https:\\\/\\\/schema.org\",\"@graph\":[{\"@type\":\"WebPage\",\"@id\":\"https:\\\/\\\/wp.kristdemokraterna.se\\\/vasternorrland\\\/tidigare-val\\\/valet-2018\\\/valresultat-2018-regionfullmaktige\\\/\",\"url\":\"https:\\\/\\\/wp.kristdemokraterna.se\\\/vasternorrland\\\/tidigare-val\\\/valet-2018\\\/valresultat-2018-regionfullmaktige\\\/\",\"name\":\"Valresultat 2018 Regionfullm\u00e4ktige | KD V\u00e4sternorrland\",\"isPartOf\":{\"@id\":\"https:\\\/\\\/wp.kristdemokraterna.se\\\/vasternorrland\\\/#website\"},\"datePublished\":\"2018-09-10T09:29:06+00:00\",\"dateModified\":\"2019-07-10T18:47:17+00:00\",\"breadcrumb\":{\"@id\":\"https:\\\/\\\/wp.kristdemokraterna.se\\\/vasternorrland\\\/tidigare-val\\\/valet-2018\\\/valresultat-2018-regionfullmaktige\\\/#breadcrumb\"},\"inLanguage\":\"sv-SE\",\"potentialAction\":[{\"@type\":\"ReadAction\",\"target\":[\"https:\\\/\\\/wp.kristdemokraterna.se\\\/vasternorrland\\\/tidigare-val\\\/valet-2018\\\/valresultat-2018-regionfullmaktige\\\/\"]}]},{\"@type\":\"BreadcrumbList\",\"@id\":\"https:\\\/\\\/wp.kristdemokraterna.se\\\/vasternorrland\\\/tidigare-val\\\/valet-2018\\\/valresultat-2018-regionfullmaktige\\\/#breadcrumb\",\"itemListElement\":[{\"@type\":\"ListItem\",\"position\":1,\"name\":\"Hem\",\"item\":\"https:\\\/\\\/wp.kristdemokraterna.se\\\/vasternorrland\\\/\"},{\"@type\":\"ListItem\",\"position\":2,\"name\":\"Tidigare val\",\"item\":\"https:\\\/\\\/wp.kristdemokraterna.se\\\/vasternorrland\\\/tidigare-val\\\/\"},{\"@type\":\"ListItem\",\"position\":3,\"name\":\"Valet 2018\",\"item\":\"https:\\\/\\\/wp.kristdemokraterna.se\\\/vasternorrland\\\/tidigare-val\\\/valet-2018\\\/\"},{\"@type\":\"ListItem\",\"position\":4,\"name\":\"Valresultat 2018 Regionfullm\u00e4ktige\"}]},{\"@type\":\"WebSite\",\"@id\":\"https:\\\/\\\/wp.kristdemokraterna.se\\\/vasternorrland\\\/#website\",\"url\":\"https:\\\/\\\/wp.kristdemokraterna.se\\\/vasternorrland\\\/\",\"name\":\"KD V\u00e4sternorrland\",\"description\":\"V\u00e5rda v\u00e5rden - utveckla prim\u00e4rv\u00e5rden\",\"inLanguage\":\"sv-SE\"}]}<\/script>\n<!-- \/ Yoast SEO plugin. -->","yoast_head_json":{"title":"Valresultat 2018 Regionfullm\u00e4ktige | KD V\u00e4sternorrland","robots":{"index":"index","follow":"follow","max-snippet":"max-snippet:-1","max-image-preview":"max-image-preview:large","max-video-preview":"max-video-preview:-1"},"canonical":"https:\/\/wp.kristdemokraterna.se\/vasternorrland\/tidigare-val\/valet-2018\/valresultat-2018-regionfullmaktige\/","og_locale":"sv_SE","og_type":"article","og_title":"Valresultat 2018 Regionfullm\u00e4ktige | KD V\u00e4sternorrland","og_description":"Slutgiltigt valresultat f\u00f6r valet till landstingsfullm\u00e4ktige (regionfullm\u00e4ktige) i V\u00e4sternorrlands l\u00e4n 2018. Parti R\u00f6ster Mandatf\u00f6rdelning Antal % +- % Antal +- Socialdemokraterna 57 355 35,44 -12,51 28 -10 Moderaterna 20 415 12,62 -1,70 10 -1 V\u00e4nsterpartiet 17 213 10,64 +3,73 8 +2 Sverigedemokraterna 16 921 10,46 +2,97 8 +2 Centerpartiet 15 677 9,69 +2,07 8 +2 Read More","og_url":"https:\/\/wp.kristdemokraterna.se\/vasternorrland\/tidigare-val\/valet-2018\/valresultat-2018-regionfullmaktige\/","og_site_name":"KD V\u00e4sternorrland","article_publisher":"https:\/\/www.facebook.com\/kdrvn\/","article_modified_time":"2019-07-10T18:47:17+00:00","twitter_card":"summary_large_image","schema":{"@context":"https:\/\/schema.org","@graph":[{"@type":"WebPage","@id":"https:\/\/wp.kristdemokraterna.se\/vasternorrland\/tidigare-val\/valet-2018\/valresultat-2018-regionfullmaktige\/","url":"https:\/\/wp.kristdemokraterna.se\/vasternorrland\/tidigare-val\/valet-2018\/valresultat-2018-regionfullmaktige\/","name":"Valresultat 2018 Regionfullm\u00e4ktige | KD V\u00e4sternorrland","isPartOf":{"@id":"https:\/\/wp.kristdemokraterna.se\/vasternorrland\/#website"},"datePublished":"2018-09-10T09:29:06+00:00","dateModified":"2019-07-10T18:47:17+00:00","breadcrumb":{"@id":"https:\/\/wp.kristdemokraterna.se\/vasternorrland\/tidigare-val\/valet-2018\/valresultat-2018-regionfullmaktige\/#breadcrumb"},"inLanguage":"sv-SE","potentialAction":[{"@type":"ReadAction","target":["https:\/\/wp.kristdemokraterna.se\/vasternorrland\/tidigare-val\/valet-2018\/valresultat-2018-regionfullmaktige\/"]}]},{"@type":"BreadcrumbList","@id":"https:\/\/wp.kristdemokraterna.se\/vasternorrland\/tidigare-val\/valet-2018\/valresultat-2018-regionfullmaktige\/#breadcrumb","itemListElement":[{"@type":"ListItem","position":1,"name":"Hem","item":"https:\/\/wp.kristdemokraterna.se\/vasternorrland\/"},{"@type":"ListItem","position":2,"name":"Tidigare val","item":"https:\/\/wp.kristdemokraterna.se\/vasternorrland\/tidigare-val\/"},{"@type":"ListItem","position":3,"name":"Valet 2018","item":"https:\/\/wp.kristdemokraterna.se\/vasternorrland\/tidigare-val\/valet-2018\/"},{"@type":"ListItem","position":4,"name":"Valresultat 2018 Regionfullm\u00e4ktige"}]},{"@type":"WebSite","@id":"https:\/\/wp.kristdemokraterna.se\/vasternorrland\/#website","url":"https:\/\/wp.kristdemokraterna.se\/vasternorrland\/","name":"KD V\u00e4sternorrland","description":"V\u00e5rda v\u00e5rden - utveckla prim\u00e4rv\u00e5rden","inLanguage":"sv-SE"}]}},"_links":{"self":[{"href":"https:\/\/wp.kristdemokraterna.se\/vasternorrland\/wp-json\/wp\/v2\/pages\/129167","targetHints":{"allow":["GET"]}}],"collection":[{"href":"https:\/\/wp.kristdemokraterna.se\/vasternorrland\/wp-json\/wp\/v2\/pages"}],"about":[{"href":"https:\/\/wp.kristdemokraterna.se\/vasternorrland\/wp-json\/wp\/v2\/types\/page"}],"author":[{"embeddable":true,"href":"https:\/\/wp.kristdemokraterna.se\/vasternorrland\/wp-json\/wp\/v2\/users\/787"}],"replies":[{"embeddable":true,"href":"https:\/\/wp.kristdemokraterna.se\/vasternorrland\/wp-json\/wp\/v2\/comments?post=129167"}],"version-history":[{"count":6,"href":"https:\/\/wp.kristdemokraterna.se\/vasternorrland\/wp-json\/wp\/v2\/pages\/129167\/revisions"}],"predecessor-version":[{"id":136279,"href":"https:\/\/wp.kristdemokraterna.se\/vasternorrland\/wp-json\/wp\/v2\/pages\/129167\/revisions\/136279"}],"up":[{"embeddable":true,"href":"https:\/\/wp.kristdemokraterna.se\/vasternorrland\/wp-json\/wp\/v2\/pages\/136280"}],"wp:attachment":[{"href":"https:\/\/wp.kristdemokraterna.se\/vasternorrland\/wp-json\/wp\/v2\/media?parent=129167"}],"curies":[{"name":"wp","href":"https:\/\/api.w.org\/{rel}","templated":true}]}}